185.244.36.210 - - [15/Apr/2026:23:21:58 +0000] "POST /wp-cron.php?doing_wp_cron=1776295318.6719069480895996093750 HTTP/1.1" 200 0 "-" "WordPress/6.9.4; https://bn55downoad.com.pk"
67.222.38.94 - - [15/Apr/2026:23:28:23 +0000] "GET /wp-login.php HTTP/2" 200 1939 "-" "Mozilla/5.0 (X11; CrOS x86_64 10323.62.0) AppleWebKit/537.36 (KHTML, like Gecko) Chrome/65.0.3325.184 Safari/537.36"
67.222.38.94 - - [15/Apr/2026:23:28:25 +0000] "POST /wp-login.php HTTP/2" 200 2081 "https://www.bn55downoad.com.pk/wp-login.php" "Mozilla/5.0 (X11; CrOS x86_64 10323.62.0) AppleWebKit/537.36 (KHTML, like Gecko) Chrome/65.0.3325.184 Safari/537.36"
23.98.142.184 - - [15/Apr/2026:23:29:14 +0000] "GET /products/982717476 HTTP/2" 404 16498 "-" "Mozilla/5.0 AppleWebKit/537.36 (KHTML, like Gecko); compatible; ChatGPT-User/1.0; +https://openai.com/bot"
139.59.217.211 - - [15/Apr/2026:23:33:32 +0000] "GET /wp-login.php HTTP/2" 200 1939 "-" "Mozilla/5.0 (Windows NT 6.1) AppleWebKit/537.36 (KHTML, like Gecko) Chrome/66.0.3359.117 Safari/537.36"
52.167.144.177 - - [15/Apr/2026:23:33:33 +0000] "GET /shop/storeSearch/CriteriaInput.aspx HTTP/2" 404 16497 "-" "Mozilla/5.0 AppleWebKit/537.36 (KHTML, like Gecko; compatible; bingbot/2.0; +http://www.bing.com/bingbot.htm) Chrome/116.0.1938.76 Safari/537.36"
139.59.217.211 - - [15/Apr/2026:23:33:33 +0000] "POST /wp-login.php HTTP/2" 200 2081 "https://www.bn55downoad.com.pk/wp-login.php" "Mozilla/5.0 (Windows NT 6.1) AppleWebKit/537.36 (KHTML, like Gecko) Chrome/66.0.3359.117 Safari/537.36"
66.249.72.228 - - [15/Apr/2026:23:33:58 +0000] "GET /listing/151654478/ HTTP/1.1" 404 16498 "-" "Mozilla/5.0 (Linux; Android 6.0.1; Nexus 5X Build/MMB29P) AppleWebKit/537.36 (KHTML, like Gecko) Chrome/146.0.7680.177 Mobile Safari/537.36 (compatible; Googlebot/2.1; +http://www.google.com/bot.html)"
52.167.144.177 - - [15/Apr/2026:23:36:12 +0000] "GET /listing/85627559/ HTTP/2" 404 16476 "-" "Mozilla/5.0 AppleWebKit/537.36 (KHTML, like Gecko; compatible; bingbot/2.0; +http://www.bing.com/bingbot.htm) Chrome/116.0.1938.76 Safari/537.36"
207.46.13.92 - - [15/Apr/2026:23:36:17 +0000] "GET /products/44302110918 HTTP/2" 404 16476 "-" "Mozilla/5.0 AppleWebKit/537.36 (KHTML, like Gecko; compatible; bingbot/2.0; +http://www.bing.com/bingbot.htm) Chrome/116.0.1938.76 Safari/537.36"
66.249.72.229 - - [15/Apr/2026:23:37:01 +0000] "GET /products/31421182721 HTTP/1.1" 404 16497 "-" "Mozilla/5.0 (Linux; Android 6.0.1; Nexus 5X Build/MMB29P) AppleWebKit/537.36 (KHTML, like Gecko) Chrome/146.0.7680.177 Mobile Safari/537.36 (compatible; Googlebot/2.1; +http://www.google.com/bot.html)"
136.144.35.181 - - [15/Apr/2026:23:37:40 +0000] "POST /wp-login.php HTTP/1.1" 200 6668 "-" "Mozilla/5.0"
161.97.77.0 - - [15/Apr/2026:23:43:19 +0000] "GET /wp-login.php HTTP/2" 200 1939 "-" "Mozilla/5.0 (Macintosh; Intel Mac OS X 10_10_5) AppleWebKit/602.1.50 (KHTML, like Gecko) Version/10.0 Safari/602.1.50"
161.97.77.0 - - [15/Apr/2026:23:43:20 +0000] "POST /wp-login.php HTTP/2" 200 2081 "https://www.bn55downoad.com.pk.millwin.org/wp-login.php" "Mozilla/5.0 (Macintosh; Intel Mac OS X 10_10_5) AppleWebKit/602.1.50 (KHTML, like Gecko) Version/10.0 Safari/602.1.50"
69.5.20.170 - - [15/Apr/2026:23:47:58 +0000] "GET /wp-login.php HTTP/2" 200 1939 "-" "Mozilla/5.0 (Windows NT 6.3; WOW64; Trident/7.0; TAJB; rv:11.0) like Gecko"
172.236.60.243 - - [15/Apr/2026:23:21:58 +0000] "GET /wp-login.php HTTP/2" 200 1939 "-" "Mozilla/5.0 (Windows NT 6.1; Win64; x64) AppleWebKit/537.36 (KHTML, like Gecko) Chrome/64.0.3282.186 Safari/537.36 OPR/51.0.2830.55"
172.236.60.243 - - [15/Apr/2026:23:22:01 +0000] "POST /wp-login.php HTTP/2" 200 2071 "https://www.bn55downoad.com.pk/wp-login.php" "Mozilla/5.0 (Windows NT 6.1; Win64; x64) AppleWebKit/537.36 (KHTML, like Gecko) Chrome/64.0.3282.186 Safari/537.36 OPR/51.0.2830.55"
66.249.72.229 - - [15/Apr/2026:23:31:09 +0000] "GET /products/982711815 HTTP/1.1" 404 16498 "-" "Mozilla/5.0 (Linux; Android 6.0.1; Nexus 5X Build/MMB29P) AppleWebKit/537.36 (KHTML, like Gecko) Chrome/146.0.7680.177 Mobile Safari/537.36 (compatible; Googlebot/2.1; +http://www.google.com/bot.html)"
66.116.198.179 - - [15/Apr/2026:23:50:55 +0000] "GET /wp-login.php HTTP/2" 200 1939 "-" "Mozilla/5.0 (Macintosh; Intel Mac OS X 10_12_5) AppleWebKit/537.36 (KHTML, like Gecko) Chrome/65.0.3325.181 Safari/537.36"
66.116.198.179 - - [15/Apr/2026:23:50:57 +0000] "POST /wp-login.php HTTP/2" 200 2071 "https://www.bn55downoad.com.pk.millwin.org/wp-login.php" "Mozilla/5.0 (Macintosh; Intel Mac OS X 10_12_5) AppleWebKit/537.36 (KHTML, like Gecko) Chrome/65.0.3325.181 Safari/537.36"
185.244.36.210 - - [15/Apr/2026:23:52:53 +0000] "POST /wp-cron.php?doing_wp_cron=1776297173.1608650684356689453125 HTTP/1.1" 200 0 "-" "WordPress/6.9.4; https://bn55downoad.com.pk"
74.125.216.230 - - [15/Apr/2026:23:55:16 +0000] "GET /products/96714234626 HTTP/1.1" 404 16498 "-" "Mozilla/5.0 (X11; Linux x86_64) AppleWebKit/537.36 (KHTML, like Gecko) Chrome/146.0.7680.164 Safari/537.36"
66.249.72.228 - - [15/Apr/2026:23:55:31 +0000] "GET /listing/152172983/ HTTP/1.1" 404 16498 "-" "Mozilla/5.0 (Linux; Android 6.0.1; Nexus 5X Build/MMB29P) AppleWebKit/537.36 (KHTML, like Gecko) Chrome/146.0.7680.177 Mobile Safari/537.36 (compatible; Googlebot/2.1; +http://www.google.com/bot.html)"
152.42.181.146 - - [15/Apr/2026:23:56:28 +0000] "GET /wp-login.php HTTP/2" 200 1939 "-" "Mozilla/5.0 (Windows NT 10.0; Win64; x64) AppleWebKit/537.36 (KHTML, like Gecko) Chrome/63.0.3239.132 Safari/537.36 OPR/50.0.2762.58"
152.42.181.146 - - [15/Apr/2026:23:56:30 +0000] "POST /wp-login.php HTTP/2" 200 2071 "https://www.bn55downoad.com.pk.millwin.org/wp-login.php" "Mozilla/5.0 (Windows NT 10.0; Win64; x64) AppleWebKit/537.36 (KHTML, like Gecko) Chrome/63.0.3239.132 Safari/537.36 OPR/50.0.2762.58"
103.174.152.203 - - [15/Apr/2026:23:56:36 +0000] "GET /wp-login.php HTTP/2" 200 1939 "-" "Mozilla/5.0 (Windows NT 10.0; WOW64) AppleWebKit/537.36 (KHTML, like Gecko) Chrome/65.0.3325.162 Safari/537.36"
103.174.152.203 - - [15/Apr/2026:23:56:38 +0000] "POST /wp-login.php HTTP/2" 200 2071 "https://www.bn55downoad.com.pk/wp-login.php" "Mozilla/5.0 (Windows NT 10.0; WOW64) AppleWebKit/537.36 (KHTML, like Gecko) Chrome/65.0.3325.162 Safari/537.36"
66.249.72.228 - - [15/Apr/2026:23:59:06 +0000] "GET /products/8389289205 HTTP/1.1" 404 16498 "-" "Mozilla/5.0 (Linux; Android 6.0.1; Nexus 5X Build/MMB29P) AppleWebKit/537.36 (KHTML, like Gecko) Chrome/146.0.7680.177 Mobile Safari/537.36 (compatible; Googlebot/2.1; +http://www.google.com/bot.html)"
69.5.20.170 - - [15/Apr/2026:23:47:59 +0000] "POST /wp-login.php HTTP/2" 200 2071 "https://www.bn55downoad.com.pk.millwin.org/wp-login.php" "Mozilla/5.0 (Windows NT 6.3; WOW64; Trident/7.0; TAJB; rv:11.0) like Gecko"
43.162.97.225 - - [15/Apr/2026:23:50:47 +0000] "GET /index.php?rest_route=/wp/v2/pages&_fields=content HTTP/1.1" 200 18789 "-" "Mozilla/5.0 (iPhone; CPU iPhone OS 18_3_2 like Mac OS X) AppleWebKit/605.1.15 (KHTML, like Gecko) Version/18.3.1 Mobile/15E148 Safari/604.1"
66.249.72.229 - - [15/Apr/2026:23:52:52 +0000] "GET /products/44302116007 HTTP/1.1" 404 16498 "-" "Mozilla/5.0 (Linux; Android 6.0.1; Nexus 5X Build/MMB29P) AppleWebKit/537.36 (KHTML, like Gecko) Chrome/146.0.7680.177 Mobile Safari/537.36 (compatible; Googlebot/2.1; +http://www.google.com/bot.html)"
74.125.216.229 - - [15/Apr/2026:23:55:26 +0000] "GET /wp-content/themes/generatepress/assets/css/main.min.css?ver=3.6.1 HTTP/1.1" 200 4410 "https://bn55downoad.com.pk/products/96714234626" "Mozilla/5.0 (X11; Linux x86_64) AppleWebKit/537.36 (KHTML, like Gecko) Chrome/146.0.7680.164 Safari/537.36"
74.125.216.228 - - [15/Apr/2026:23:55:26 +0000] "GET /wp-content/themes/generatepress/assets/js/menu.min.js?ver=3.6.1 HTTP/1.1" 200 1678 "https://bn55downoad.com.pk/products/96714234626" "Mozilla/5.0 (X11; Linux x86_64) AppleWebKit/537.36 (KHTML, like Gecko) Chrome/146.0.7680.164 Safari/537.36"
74.125.216.228 - - [15/Apr/2026:23:55:27 +0000] "GET /wp-content/plugins/ultimate-blocks/src/extensions/style.css?ver=6.9.4 HTTP/1.1" 200 93 "https://bn55downoad.com.pk/products/96714234626" "Mozilla/5.0 (X11; Linux x86_64) AppleWebKit/537.36 (KHTML, like Gecko) Chrome/146.0.7680.164 Safari/537.36"
74.125.216.228 - - [15/Apr/2026:23:55:27 +0000] "GET /wp-content/uploads/2026/01/cropped-BN55DOWNLOAD.COM_.PK-1.png HTTP/1.1" 200 9794 "https://bn55downoad.com.pk/products/96714234626" "Mozilla/5.0 (X11; Linux x86_64) AppleWebKit/537.36 (KHTML, like Gecko) Chrome/146.0.7680.164 Safari/537.36"
66.249.72.228 - - [15/Apr/2026:23:58:09 +0000] "GET /products/8389256244 HTTP/1.1" 404 16498 "-" "Mozilla/5.0 (Linux; Android 6.0.1; Nexus 5X Build/MMB29P) AppleWebKit/537.36 (KHTML, like Gecko) Chrome/146.0.7680.177 Mobile Safari/537.36 (compatible; Googlebot/2.1; +http://www.google.com/bot.html)"
66.249.72.228 - - [15/Apr/2026:23:58:42 +0000] "GET /products/83892247046 HTTP/1.1" 404 16498 "-" "Mozilla/5.0 (Linux; Android 6.0.1; Nexus 5X Build/MMB29P) AppleWebKit/537.36 (KHTML, like Gecko) Chrome/146.0.7680.177 Mobile Safari/537.36 (compatible; Googlebot/2.1; +http://www.google.com/bot.html)"
152.42.181.146 - - [16/Apr/2026:00:03:27 +0000] "GET /wp-login.php HTTP/2" 200 1939 "-" "Mozilla/5.0 (Windows NT 6.0; Win64; x64) AppleWebKit/537.36 (KHTML, like Gecko) Chrome/52.0.2743.116 Safari/537.36 Edge/15.15063"
152.42.181.146 - - [16/Apr/2026:00:03:29 +0000] "POST /wp-login.php HTTP/2" 200 2071 "https://mail.bn55downoad.com.pk/wp-login.php" "Mozilla/5.0 (Windows NT 6.0; Win64; x64) AppleWebKit/537.36 (KHTML, like Gecko) Chrome/52.0.2743.116 Safari/537.36 Edge/15.15063"
136.144.35.175 - - [16/Apr/2026:00:05:27 +0000] "POST /wp-login.php HTTP/1.1" 200 6668 "-" "Mozilla/5.0"
66.249.72.228 - - [16/Apr/2026:00:07:51 +0000] "GET /listing/136800761/ HTTP/1.1" 404 16498 "-" "Mozilla/5.0 (Linux; Android 6.0.1; Nexus 5X Build/MMB29P) AppleWebKit/537.36 (KHTML, like Gecko) Chrome/146.0.7680.177 Mobile Safari/537.36 (compatible; Googlebot/2.1; +http://www.google.com/bot.html)"
185.244.36.210 - - [16/Apr/2026:00:11:55 +0000] "POST /wp-cron.php?doing_wp_cron=1776298315.0128710269927978515625 HTTP/1.1" 200 0 "-" "WordPress/6.9.4; https://bn55downoad.com.pk"
66.249.72.228 - - [16/Apr/2026:00:12:50 +0000] "GET /listing/167956064/ HTTP/1.1" 404 16498 "-" "Mozilla/5.0 (Linux; Android 6.0.1; Nexus 5X Build/MMB29P) AppleWebKit/537.36 (KHTML, like Gecko) Chrome/146.0.7680.177 Mobile Safari/537.36 (compatible; Googlebot/2.1; +http://www.google.com/bot.html)"
185.244.36.210 - - [16/Apr/2026:00:17:58 +0000] "POST /wp-cron.php?doing_wp_cron=1776298677.9648749828338623046875 HTTP/1.1" 200 0 "-" "WordPress/6.9.4; https://bn55downoad.com.pk"
66.249.72.228 - - [16/Apr/2026:00:17:56 +0000] "GET /products/87490103898 HTTP/1.1" 404 16476 "-" "Mozilla/5.0 (Linux; Android 6.0.1; Nexus 5X Build/MMB29P) AppleWebKit/537.36 (KHTML, like Gecko) Chrome/146.0.7680.177 Mobile Safari/537.36 (compatible; Googlebot/2.1; +http://www.google.com/bot.html)"
66.249.72.229 - - [16/Apr/2026:00:18:43 +0000] "GET /products/9827114093 HTTP/1.1" 404 16498 "-" "Mozilla/5.0 (Linux; Android 6.0.1; Nexus 5X Build/MMB29P) AppleWebKit/537.36 (KHTML, like Gecko) Chrome/146.0.7680.177 Mobile Safari/537.36 (compatible; Googlebot/2.1; +http://www.google.com/bot.html)"
66.249.72.230 - - [16/Apr/2026:00:19:49 +0000] "GET /products/20730239282 HTTP/1.1" 404 16476 "-" "Mozilla/5.0 (Linux; Android 6.0.1; Nexus 5X Build/MMB29P) AppleWebKit/537.36 (KHTML, like Gecko) Chrome/146.0.7680.177 Mobile Safari/537.36 (compatible; Googlebot/2.1; +http://www.google.com/bot.html)"
208.109.188.137 - - [16/Apr/2026:00:21:32 +0000] "GET /wp-login.php HTTP/2" 200 1939 "-" "Mozilla/5.0 (Windows NT 10.0; Win64; x64) AppleWebKit/537.36 (KHTML, like Gecko) Chrome/58.0.3029.110 Safari/537.36 Edge/16.16299"
208.109.188.137 - - [16/Apr/2026:00:21:34 +0000] "POST /wp-login.php HTTP/2" 200 2081 "https://mail.bn55downoad.com.pk/wp-login.php" "Mozilla/5.0 (Windows NT 10.0; Win64; x64) AppleWebKit/537.36 (KHTML, like Gecko) Chrome/58.0.3029.110 Safari/537.36 Edge/16.16299"
109.123.255.195 - - [16/Apr/2026:00:22:37 +0000] "GET /wp-login.php HTTP/2" 200 1939 "-" "Mozilla/5.0 (Windows NT 10.0; WOW64; Trident/7.0; MAARJS; rv:11.0) like Gecko"
109.123.255.195 - - [16/Apr/2026:00:22:39 +0000] "POST /wp-login.php HTTP/2" 200 2071 "https://www.bn55downoad.com.pk/wp-login.php" "Mozilla/5.0 (Windows NT 10.0; WOW64; Trident/7.0; MAARJS; rv:11.0) like Gecko"
66.249.72.230 - - [16/Apr/2026:00:25:52 +0000] "GET /products/44302191510 HTTP/1.1" 404 16498 "-" "Mozilla/5.0 (Linux; Android 6.0.1; Nexus 5X Build/MMB29P) AppleWebKit/537.36 (KHTML, like Gecko) Chrome/146.0.7680.177 Mobile Safari/537.36 (compatible; Googlebot/2.1; +http://www.google.com/bot.html)"
66.249.72.228 - - [16/Apr/2026:00:28:44 +0000] "GET /listing/142255771/ HTTP/1.1" 404 16498 "-" "Mozilla/5.0 (Linux; Android 6.0.1; Nexus 5X Build/MMB29P) AppleWebKit/537.36 (KHTML, like Gecko) Chrome/146.0.7680.177 Mobile Safari/537.36 (compatible; Googlebot/2.1; +http://www.google.com/bot.html)"
108.167.161.22 - - [16/Apr/2026:00:01:16 +0000] "GET /wp-login.php HTTP/2" 200 1939 "-" "Mozilla/5.0 (Windows NT 6.1; WOW64; Trident/7.0; MATP; MATP; MATPJS; rv:11.0) like Gecko"
108.167.161.22 - - [16/Apr/2026:00:01:20 +0000] "POST /wp-login.php HTTP/2" 200 2081 "https://www.bn55downoad.com.pk/wp-login.php" "Mozilla/5.0 (Windows NT 6.1; WOW64; Trident/7.0; MATP; MATP; MATPJS; rv:11.0) like Gecko"
185.244.36.210 - - [16/Apr/2026:00:04:52 +0000] "POST /wp-cron.php?doing_wp_cron=1776297892.0755751132965087890625 HTTP/1.1" 200 0 "-" "WordPress/6.9.4; https://bn55downoad.com.pk"
152.42.181.146 - - [16/Apr/2026:00:04:51 +0000] "GET /wp-login.php HTTP/2" 200 1939 "-" "Mozilla/5.0 (Windows NT 10.0; WOW64; Trident/7.0; ASU2JS; rv:11.0) like Gecko"
152.42.181.146 - - [16/Apr/2026:00:04:58 +0000] "POST /wp-login.php HTTP/2" 200 2081 "https://www.bn55downoad.com.pk/wp-login.php" "Mozilla/5.0 (Windows NT 10.0; WOW64; Trident/7.0; ASU2JS; rv:11.0) like Gecko"
82.194.91.137 - - [16/Apr/2026:00:13:23 +0000] "GET /wp-login.php HTTP/2" 200 1939 "-" "Mozilla/4.0 (compatible; MSIE 7.0; Windows NT 6.1; WOW64; Trident/7.0; SLCC2; .NET CLR 2.0.50727; .NET4.0C; .NET4.0E; FBViewer-6.0.4.0)"
82.194.91.137 - - [16/Apr/2026:00:13:32 +0000] "POST /wp-login.php HTTP/2" 200 2081 "https://www.bn55downoad.com.pk.millwin.org/wp-login.php" "Mozilla/4.0 (compatible; MSIE 7.0; Windows NT 6.1; WOW64; Trident/7.0; SLCC2; .NET CLR 2.0.50727; .NET4.0C; .NET4.0E; FBViewer-6.0.4.0)"
66.249.72.229 - - [16/Apr/2026:00:13:50 +0000] "GET /products/20730236802 HTTP/1.1" 404 16498 "-" "Mozilla/5.0 (Linux; Android 6.0.1; Nexus 5X Build/MMB29P) AppleWebKit/537.36 (KHTML, like Gecko) Chrome/146.0.7680.177 Mobile Safari/537.36 (compatible; Googlebot/2.1; +http://www.google.com/bot.html)"
66.249.72.228 - - [16/Apr/2026:00:17:26 +0000] "GET /products/83892114372 HTTP/1.1" 404 16498 "-" "Mozilla/5.0 (Linux; Android 6.0.1; Nexus 5X Build/MMB29P) AppleWebKit/537.36 (KHTML, like Gecko) Chrome/146.0.7680.177 Mobile Safari/537.36 (compatible; Googlebot/2.1; +http://www.google.com/bot.html)"
66.249.72.229 - - [16/Apr/2026:00:22:23 +0000] "GET /products/87490264655 HTTP/1.1" 404 16498 "-" "Mozilla/5.0 (Linux; Android 6.0.1; Nexus 5X Build/MMB29P) AppleWebKit/537.36 (KHTML, like Gecko) Chrome/146.0.7680.177 Mobile Safari/537.36 (compatible; Googlebot/2.1; +http://www.google.com/bot.html)"
66.249.72.228 - - [16/Apr/2026:00:23:35 +0000] "GET /products/136103948 HTTP/1.1" 404 16498 "-" "Mozilla/5.0 (Linux; Android 6.0.1; Nexus 5X Build/MMB29P) AppleWebKit/537.36 (KHTML, like Gecko) Chrome/146.0.7680.177 Mobile Safari/537.36 (compatible; Googlebot/2.1; +http://www.google.com/bot.html)"
66.249.72.228 - - [16/Apr/2026:00:23:49 +0000] "GET /products/87490128459 HTTP/1.1" 404 16498 "-" "Mozilla/5.0 (Linux; Android 6.0.1; Nexus 5X Build/MMB29P) AppleWebKit/537.36 (KHTML, like Gecko) Chrome/146.0.7680.177 Mobile Safari/537.36 (compatible; Googlebot/2.1; +http://www.google.com/bot.html)"
185.244.36.210 - - [16/Apr/2026:00:25:54 +0000] "POST /wp-cron.php?doing_wp_cron=1776299153.9789459705352783203125 HTTP/1.1" 200 0 "-" "WordPress/6.9.4; https://bn55downoad.com.pk"
66.249.72.228 - - [16/Apr/2026:00:27:24 +0000] "GET /listing/152776004/ HTTP/1.1" 404 16498 "-" "Mozilla/5.0 (Linux; Android 6.0.1; Nexus 5X Build/MMB29P) AppleWebKit/537.36 (KHTML, like Gecko) Chrome/146.0.7680.177 Mobile Safari/537.36 (compatible; Googlebot/2.1; +http://www.google.com/bot.html)"
66.249.72.228 - - [16/Apr/2026:00:28:08 +0000] "GET /listing/171637064/ HTTP/1.1" 404 16498 "-" "Mozilla/5.0 (Linux; Android 6.0.1; Nexus 5X Build/MMB29P) AppleWebKit/537.36 (KHTML, like Gecko) Chrome/146.0.7680.177 Mobile Safari/537.36 (compatible; Googlebot/2.1; +http://www.google.com/bot.html)"
136.144.35.160 - - [16/Apr/2026:00:33:43 +0000] "POST /wp-login.php HTTP/1.1" 200 6668 "-" "Mozilla/5.0"
74.125.216.230 - - [16/Apr/2026:00:40:20 +0000] "GET /products/6304058691 HTTP/1.1" 404 16498 "-" "Mozilla/5.0 (X11; Linux x86_64) AppleWebKit/537.36 (KHTML, like Gecko) Chrome/146.0.7680.177 Safari/537.36"
66.249.72.228 - - [16/Apr/2026:00:30:20 +0000] "GET /products/1361074314 HTTP/1.1" 404 16498 "-" "Mozilla/5.0 (Linux; Android 6.0.1; Nexus 5X Build/MMB29P) AppleWebKit/537.36 (KHTML, like Gecko) Chrome/146.0.7680.177 Mobile Safari/537.36 (compatible; Googlebot/2.1; +http://www.google.com/bot.html)"
66.249.72.229 - - [16/Apr/2026:00:31:13 +0000] "GET /products/31421271608 HTTP/1.1" 404 16498 "-" "Mozilla/5.0 (Linux; Android 6.0.1; Nexus 5X Build/MMB29P) AppleWebKit/537.36 (KHTML, like Gecko) Chrome/146.0.7680.177 Mobile Safari/537.36 (compatible; Googlebot/2.1; +http://www.google.com/bot.html)"
93.158.90.12 - - [16/Apr/2026:00:31:19 +0000] "GET / HTTP/1.1" 200 27405 "http://bn55downoad.com.pk/" "Mozilla/5.0 (X11; CrOS x86_64 14541.0.0) AppleWebKit/537.36 (KHTML, like Gecko) Chrome/121.0.0.0 Safari/537.3"
103.91.245.241 - - [16/Apr/2026:00:36:28 +0000] "GET /wp-login.php HTTP/2" 200 1939 "-" "Mozilla/5.0 (Windows NT 6.1; WOW64; Trident/7.0; FunWebProducts; rv:11.0) like Gecko"
103.91.245.241 - - [16/Apr/2026:00:36:31 +0000] "POST /wp-login.php HTTP/2" 200 2081 "https://www.bn55downoad.com.pk/wp-login.php" "Mozilla/5.0 (Windows NT 6.1; WOW64; Trident/7.0; FunWebProducts; rv:11.0) like Gecko"
66.249.72.228 - - [16/Apr/2026:00:36:37 +0000] "GET /products/9671427160 HTTP/1.1" 404 16498 "-" "Mozilla/5.0 (Linux; Android 6.0.1; Nexus 5X Build/MMB29P) AppleWebKit/537.36 (KHTML, like Gecko) Chrome/146.0.7680.177 Mobile Safari/537.36 (compatible; Googlebot/2.1; +http://www.google.com/bot.html)"
66.249.72.229 - - [16/Apr/2026:00:38:49 +0000] "GET /products/31421148079 HTTP/1.1" 404 16498 "-" "Mozilla/5.0 (Linux; Android 6.0.1; Nexus 5X Build/MMB29P) AppleWebKit/537.36 (KHTML, like Gecko) Chrome/146.0.7680.177 Mobile Safari/537.36 (compatible; Googlebot/2.1; +http://www.google.com/bot.html)"
66.249.72.230 - - [16/Apr/2026:00:40:20 +0000] "GET /products/31421174773 HTTP/1.1" 404 16476 "-" "Mozilla/5.0 (Linux; Android 6.0.1; Nexus 5X Build/MMB29P) AppleWebKit/537.36 (KHTML, like Gecko) Chrome/146.0.7680.177 Mobile Safari/537.36 (compatible; Googlebot/2.1; +http://www.google.com/bot.html)"
66.249.72.230 - - [16/Apr/2026:00:53:27 +0000] "GET /products/83892186230 HTTP/1.1" 404 16498 "-" "Mozilla/5.0 (Linux; Android 6.0.1; Nexus 5X Build/MMB29P) AppleWebKit/537.36 (KHTML, like Gecko) Chrome/146.0.7680.177 Mobile Safari/537.36 (compatible; Googlebot/2.1; +http://www.google.com/bot.html)"
69.49.112.62 - - [16/Apr/2026:00:58:56 +0000] "GET /wp-login.php HTTP/2" 200 1939 "-" "Mozilla/5.0 (Windows NT 6.3; WOW64; Trident/7.0; MAPBJS; rv:11.0) like Gecko"
69.49.112.62 - - [16/Apr/2026:00:58:58 +0000] "POST /wp-login.php HTTP/2" 200 2071 "https://mail.bn55downoad.com.pk/wp-login.php" "Mozilla/5.0 (Windows NT 6.3; WOW64; Trident/7.0; MAPBJS; rv:11.0) like Gecko"
136.144.35.174 - - [16/Apr/2026:01:01:53 +0000] "POST /wp-login.php HTTP/1.1" 200 6668 "-" "Mozilla/5.0"
66.249.72.230 - - [16/Apr/2026:01:02:05 +0000] "GET /products/83892177490 HTTP/1.1" 404 16476 "-" "Mozilla/5.0 (Linux; Android 6.0.1; Nexus 5X Build/MMB29P) AppleWebKit/537.36 (KHTML, like Gecko) Chrome/146.0.7680.177 Mobile Safari/537.36 (compatible; Googlebot/2.1; +http://www.google.com/bot.html)"
165.22.116.110 - - [16/Apr/2026:01:06:35 +0000] "GET /wp-login.php HTTP/2" 200 1939 "-" "Mozilla/5.0 (Windows NT 10.0; Win64; x64) AppleWebKit/537.36 (KHTML, like Gecko) Chrome/65.0.3325.181 Safari/537.36 OPR/52.0.2871.64"
165.22.116.110 - - [16/Apr/2026:01:06:36 +0000] "POST /wp-login.php HTTP/2" 200 2071 "https://www.bn55downoad.com.pk.millwin.org/wp-login.php" "Mozilla/5.0 (Windows NT 10.0; Win64; x64) AppleWebKit/537.36 (KHTML, like Gecko) Chrome/65.0.3325.181 Safari/537.36 OPR/52.0.2871.64"
103.91.245.241 - - [16/Apr/2026:01:12:08 +0000] "GET /wp-login.php HTTP/2" 200 1939 "-" "Mozilla/5.0 (Windows NT 6.1; rv:61.0) Gecko/20100101 Firefox/61.0"
103.91.245.241 - - [16/Apr/2026:01:12:10 +0000] "POST /wp-login.php HTTP/2" 200 2081 "https://www.bn55downoad.com.pk/wp-login.php" "Mozilla/5.0 (Windows NT 6.1; rv:61.0) Gecko/20100101 Firefox/61.0"
217.148.136.104 - - [16/Apr/2026:00:55:24 +0000] "GET /wp-login.php HTTP/2" 200 1939 "-" "Mozilla/5.0 (Windows NT 10.0; Win64; x64; WebView/3.0) AppleWebKit/537.36 (KHTML, like Gecko) Chrome/52.0.2743.116 Safari/537.36 Edge/15.15063"
217.148.136.104 - - [16/Apr/2026:00:55:27 +0000] "POST /wp-login.php HTTP/2" 200 2071 "https://www.bn55downoad.com.pk.millwin.org/wp-login.php" "Mozilla/5.0 (Windows NT 10.0; Win64; x64; WebView/3.0) AppleWebKit/537.36 (KHTML, like Gecko) Chrome/52.0.2743.116 Safari/537.36 Edge/15.15063"
185.244.36.210 - - [16/Apr/2026:01:01:54 +0000] "POST /wp-cron.php?doing_wp_cron=1776301314.7576920986175537109375 HTTP/1.1" 200 0 "-" "WordPress/6.9.4; https://bn55downoad.com.pk"
66.249.72.229 - - [16/Apr/2026:01:02:15 +0000] "GET /products/63040274870 HTTP/1.1" 404 16498 "-" "Mozilla/5.0 (Linux; Android 6.0.1; Nexus 5X Build/MMB29P) AppleWebKit/537.36 (KHTML, like Gecko) Chrome/146.0.7680.177 Mobile Safari/537.36 (compatible; Googlebot/2.1; +http://www.google.com/bot.html)"
185.244.36.210 - - [16/Apr/2026:01:10:52 +0000] "POST /wp-cron.php?doing_wp_cron=1776301852.4720070362091064453125 HTTP/1.1" 200 0 "-" "WordPress/6.9.4; https://bn55downoad.com.pk"
66.249.72.230 - - [16/Apr/2026:01:10:51 +0000] "GET /class/2756-3142100058.html HTTP/1.1" 404 16498 "-" "Mozilla/5.0 (Linux; Android 6.0.1; Nexus 5X Build/MMB29P) AppleWebKit/537.36 (KHTML, like Gecko) Chrome/146.0.7680.177 Mobile Safari/537.36 (compatible; Googlebot/2.1; +http://www.google.com/bot.html)"
43.165.65.180 - - [16/Apr/2026:01:26:33 +0000] "GET / HTTP/1.1" 200 27721 "http://www.bn55downoad.com.pk" "Mozilla/5.0 (iPhone; CPU iPhone OS 13_2_3 like Mac OS X) AppleWebKit/605.1.15 (KHTML, like Gecko) Version/13.0.3 Mobile/15E148 Safari/604.1"
136.144.35.161 - - [16/Apr/2026:01:29:42 +0000] "POST /wp-login.php HTTP/1.1" 200 6668 "-" "Mozilla/5.0"
185.244.36.210 - - [16/Apr/2026:01:40:00 +0000] "POST /wp-cron.php?doing_wp_cron=1776303600.6044669151306152343750 HTTP/1.1" 200 0 "-" "WordPress/6.9.4; https://bn55downoad.com.pk"
65.254.225.214 - - [16/Apr/2026:01:39:59 +0000] "GET /wp-login.php HTTP/2" 200 1939 "-" "Mozilla/5.0 (Windows NT 10.0; Win64; x64; rv:62.0) Gecko/20100101 Firefox/62.0"
65.254.225.214 - - [16/Apr/2026:01:40:00 +0000] "POST /wp-login.php HTTP/2" 200 2081 "https://www.bn55downoad.com.pk/wp-login.php" "Mozilla/5.0 (Windows NT 10.0; Win64; x64; rv:62.0) Gecko/20100101 Firefox/62.0"
47.82.11.63 - - [16/Apr/2026:01:51:39 +0000] "GET /privacy-policy/ HTTP/1.1" 200 18796 "https://bn55downoad.com.pk/" "Mozilla/5.0 (Macintosh; Intel Mac OS X 10_15_7) AppleWebKit/537.36 (KHTML, like Gecko) Chrome/134.0.0.0 Safari/537.36"
165.232.124.247 - - [16/Apr/2026:01:54:11 +0000] "GET /wp-login.php HTTP/2" 200 1939 "-" "Mozilla/5.0 (Windows NT 6.1; WOW64; Trident/7.0; MDDSJS; rv:11.0) like Gecko"
165.232.124.247 - - [16/Apr/2026:01:54:12 +0000] "POST /wp-login.php HTTP/2" 200 2081 "https://www.bn55downoad.com.pk/wp-login.php" "Mozilla/5.0 (Windows NT 6.1; WOW64; Trident/7.0; MDDSJS; rv:11.0) like Gecko"
74.125.216.228 - - [16/Apr/2026:01:57:35 +0000] "GET /products/98271142645 HTTP/1.1" 404 16498 "-" "Mozilla/5.0 (Linux; Android 6.0.1; Nexus 5X Build/MMB29P) AppleWebKit/537.36 (KHTML, like Gecko) Chrome/146.0.7680.177 Mobile Safari/537.36 (compatible; AdsBot-Google-Mobile; +http://www.google.com/mobile/adsbot.html)"
66.249.72.229 - - [16/Apr/2026:02:04:59 +0000] "GET /products/9671428116 HTTP/1.1" 404 16497 "-" "Mozilla/5.0 (Linux; Android 6.0.1; Nexus 5X Build/MMB29P) AppleWebKit/537.36 (KHTML, like Gecko) Chrome/146.0.7680.177 Mobile Safari/537.36 (compatible; Googlebot/2.1; +http://www.google.com/bot.html)"
165.255.240.138 - - [16/Apr/2026:02:09:38 +0000] "GET /wp-login.php HTTP/2" 200 1939 "-" "Mozilla/5.0 (compatible; MSIE 10.0; Windows NT 6.1; WOW64; Trident/7.0)"
165.255.240.138 - - [16/Apr/2026:02:09:39 +0000] "POST /wp-login.php HTTP/2" 200 2081 "https://mail.bn55downoad.com.pk/wp-login.php" "Mozilla/5.0 (compatible; MSIE 10.0; Windows NT 6.1; WOW64; Trident/7.0)"
103.91.245.241 - - [16/Apr/2026:01:12:30 +0000] "GET /wp-login.php HTTP/2" 200 1939 "-" "Mozilla/5.0 (Windows NT 10.0; WOW64; Trident/7.0; Touch; MASAJS; rv:11.0) like Gecko"
103.91.245.241 - - [16/Apr/2026:01:12:32 +0000] "POST /wp-login.php HTTP/2" 200 2071 "https://www.bn55downoad.com.pk.millwin.org/wp-login.php" "Mozilla/5.0 (Windows NT 10.0; WOW64; Trident/7.0; Touch; MASAJS; rv:11.0) like Gecko"
119.152.232.220 - - [16/Apr/2026:01:14:13 +0000] "GET /wp-login.php HTTP/2" 200 1939 "-" "Mozilla/5.0 (Windows NT 6.1; Trident/7.0; BOIE9;ENUS; rv:11.0) like Gecko"
119.152.232.220 - - [16/Apr/2026:01:14:15 +0000] "POST /wp-login.php HTTP/2" 200 2071 "https://www.bn55downoad.com.pk/wp-login.php" "Mozilla/5.0 (Windows NT 6.1; Trident/7.0; BOIE9;ENUS; rv:11.0) like Gecko"
43.134.73.5 - - [16/Apr/2026:01:25:25 +0000] "GET / HTTP/1.1" 200 27721 "http://bn55downoad.com.pk" "Mozilla/5.0 (iPhone; CPU iPhone OS 13_2_3 like Mac OS X) AppleWebKit/605.1.15 (KHTML, like Gecko) Version/13.0.3 Mobile/15E148 Safari/604.1"
185.244.36.210 - - [16/Apr/2026:01:27:58 +0000] "POST /wp-cron.php?doing_wp_cron=1776302878.1808829307556152343750 HTTP/1.1" 200 0 "-" "WordPress/6.9.4; https://bn55downoad.com.pk"
103.91.245.241 - - [16/Apr/2026:01:27:57 +0000] "GET /wp-login.php HTTP/2" 200 1939 "-" "Mozilla/5.0 (Windows NT 6.1; WOW64) AppleWebKit/537.36 (KHTML, like Gecko) Chrome/67.0.3396.87 Safari/537.36"
103.91.245.241 - - [16/Apr/2026:01:28:05 +0000] "POST /wp-login.php HTTP/2" 200 2071 "https://www.bn55downoad.com.pk/wp-login.php" "Mozilla/5.0 (Windows NT 6.1; WOW64) AppleWebKit/537.36 (KHTML, like Gecko) Chrome/67.0.3396.87 Safari/537.36"
162.241.244.10 - - [16/Apr/2026:01:32:26 +0000] "GET /wp-login.php HTTP/2" 200 1939 "-" "Mozilla/5.0 (Windows NT 10.0; Win64; x64) AppleWebKit/537.36 (KHTML, like Gecko) Chrome/65.0.3325.181 Safari/537.36 OPR/52.0.2871.99"
162.241.244.10 - - [16/Apr/2026:01:32:28 +0000] "POST /wp-login.php HTTP/2" 200 2071 "https://mail.bn55downoad.com.pk/wp-login.php" "Mozilla/5.0 (Windows NT 10.0; Win64; x64) AppleWebKit/537.36 (KHTML, like Gecko) Chrome/65.0.3325.181 Safari/537.36 OPR/52.0.2871.99"
185.244.36.210 - - [16/Apr/2026:01:51:02 +0000] "POST /wp-cron.php?doing_wp_cron=1776304262.7785429954528808593750 HTTP/1.1" 200 0 "-" "WordPress/6.9.4; https://bn55downoad.com.pk"
162.144.22.106 - - [16/Apr/2026:01:51:01 +0000] "GET /wp-login.php HTTP/2" 200 1939 "-" "Mozilla/5.0 (Windows NT 6.1; Trident/7.0; rv:11.0) like Gecko"
162.144.22.106 - - [16/Apr/2026:01:51:04 +0000] "POST /wp-login.php HTTP/2" 200 2071 "https://mail.bn55downoad.com.pk/wp-login.php" "Mozilla/5.0 (Windows NT 6.1; Trident/7.0; rv:11.0) like Gecko"
50.87.140.189 - - [16/Apr/2026:01:55:10 +0000] "GET /wp-login.php HTTP/2" 200 1939 "-" "Mozilla/5.0 (Windows NT 6.3; Win64; x64) AppleWebKit/537.36 (KHTML, like Gecko) Chrome/67.0.3396.87 Safari/537.36"
50.87.140.189 - - [16/Apr/2026:01:55:13 +0000] "POST /wp-login.php HTTP/2" 200 2081 "https://www.bn55downoad.com.pk.millwin.org/wp-login.php" "Mozilla/5.0 (Windows NT 6.3; Win64; x64) AppleWebKit/537.36 (KHTML, like Gecko) Chrome/67.0.3396.87 Safari/537.36"
185.244.36.210 - - [16/Apr/2026:01:57:55 +0000] "POST /wp-cron.php?doing_wp_cron=1776304675.5608749389648437500000 HTTP/1.1" 200 0 "-" "WordPress/6.9.4; https://bn55downoad.com.pk"
136.144.35.183 - - [16/Apr/2026:01:57:52 +0000] "POST /wp-login.php HTTP/1.1" 200 6668 "-" "Mozilla/5.0"
66.249.72.228 - - [16/Apr/2026:02:15:15 +0000] "GET /products/44302131107 HTTP/1.1" 404 16497 "-" "Mozilla/5.0 (Linux; Android 6.0.1; Nexus 5X Build/MMB29P) AppleWebKit/537.36 (KHTML, like Gecko) Chrome/146.0.7680.177 Mobile Safari/537.36 (compatible; Googlebot/2.1; +http://www.google.com/bot.html)"
103.91.245.241 - - [16/Apr/2026:02:24:10 +0000] "GET /wp-login.php HTTP/2" 200 1939 "-" "Mozilla/4.0 (compatible; MSIE 7.0; Windows NT 6.1; Trident/7.0; SLCC2; .NET CLR 2.0.50727; .NET CLR 3.5.30729; .NET CLR 3.0.30729; Media Center PC 6.0; .NET4.0C; .NET4.0E; InfoPath.3; Tablet PC 2.0)"
18.235.110.182 - - [16/Apr/2026:02:15:26 +0000] "GET / HTTP/1.1" 200 12524 "-" "RecordedFuture Global Inventory Crawler"
75.119.221.118 - - [16/Apr/2026:02:18:20 +0000] "GET /wp-login.php HTTP/2" 200 1939 "-" "Mozilla/5.0 (Windows NT 6.1; WOW64; Trident/7.0; EIE10;ENUSWOL; rv:11.0) like Gecko"
75.119.221.118 - - [16/Apr/2026:02:18:25 +0000] "POST /wp-login.php HTTP/2" 200 2071 "https://www.bn55downoad.com.pk/wp-login.php" "Mozilla/5.0 (Windows NT 6.1; WOW64; Trident/7.0; EIE10;ENUSWOL; rv:11.0) like Gecko"
136.144.35.166 - - [16/Apr/2026:02:25:38 +0000] "POST /wp-login.php HTTP/1.1" 200 6668 "-" "Mozilla/5.0"
101.99.88.90 - - [16/Apr/2026:02:36:46 +0000] "GET / HTTP/1.1" 200 94765 "-" "Mozilla/5.0 (compatible; Googlebot/2.1; +http://www.google.com/bot.html)"
101.99.88.90 - - [16/Apr/2026:02:37:24 +0000] "GET / HTTP/1.1" 200 94765 "-" "Mozilla/5.0 (compatible; Googlebot/2.1; +http://www.google.com/bot.html)"
66.249.72.230 - - [16/Apr/2026:02:42:10 +0000] "GET /products/9827137642 HTTP/1.1" 404 16498 "-" "Mozilla/5.0 (Linux; Android 6.0.1; Nexus 5X Build/MMB29P) AppleWebKit/537.36 (KHTML, like Gecko) Chrome/146.0.7680.177 Mobile Safari/537.36 (compatible; Googlebot/2.1; +http://www.google.com/bot.html)"
66.249.72.228 - - [16/Apr/2026:02:42:29 +0000] "GET /products/207302065 HTTP/1.1" 404 16498 "-" "Mozilla/5.0 (Linux; Android 6.0.1; Nexus 5X Build/MMB29P) AppleWebKit/537.36 (KHTML, like Gecko) Chrome/146.0.7680.177 Mobile Safari/537.36 (compatible; Googlebot/2.1; +http://www.google.com/bot.html)"
66.249.72.230 - - [16/Apr/2026:02:43:04 +0000] "GET /products/83892160281 HTTP/1.1" 404 16498 "-" "Mozilla/5.0 (Linux; Android 6.0.1; Nexus 5X Build/MMB29P) AppleWebKit/537.36 (KHTML, like Gecko) Chrome/146.0.7680.177 Mobile Safari/537.36 (compatible; Googlebot/2.1; +http://www.google.com/bot.html)"
66.249.72.229 - - [16/Apr/2026:02:43:24 +0000] "GET /products/8389211011 HTTP/1.1" 404 16498 "-" "Mozilla/5.0 (Linux; Android 6.0.1; Nexus 5X Build/MMB29P) AppleWebKit/537.36 (KHTML, like Gecko) Chrome/146.0.7680.177 Mobile Safari/537.36 (compatible; Googlebot/2.1; +http://www.google.com/bot.html)"
66.249.72.230 - - [16/Apr/2026:02:47:10 +0000] "GET /products/6304040417 HTTP/1.1" 404 16497 "-" "Mozilla/5.0 (Linux; Android 6.0.1; Nexus 5X Build/MMB29P) AppleWebKit/537.36 (KHTML, like Gecko) Chrome/146.0.7680.177 Mobile Safari/537.36 (compatible; Googlebot/2.1; +http://www.google.com/bot.html)"
185.244.36.210 - - [16/Apr/2026:02:52:58 +0000] "POST /wp-cron.php?doing_wp_cron=1776307978.4567699432373046875000 HTTP/1.1" 200 0 "-" "WordPress/6.9.4; https://bn55downoad.com.pk"
136.144.35.164 - - [16/Apr/2026:02:52:56 +0000] "POST /wp-login.php HTTP/1.1" 200 6668 "-" "Mozilla/5.0"
139.59.217.211 - - [16/Apr/2026:02:56:59 +0000] "GET /wp-login.php HTTP/2" 200 1939 "-" "Mozilla/5.0 (Windows NT 10.0; WOW64) AppleWebKit/537.36 (KHTML, like Gecko) Chrome/67.0.3396.87 Safari/537.36"
139.59.217.211 - - [16/Apr/2026:02:56:59 +0000] "POST /wp-login.php HTTP/2" 200 2071 "https://mail.bn55downoad.com.pk/wp-login.php" "Mozilla/5.0 (Windows NT 10.0; WOW64) AppleWebKit/537.36 (KHTML, like Gecko) Chrome/67.0.3396.87 Safari/537.36"
45.79.82.226 - - [16/Apr/2026:02:59:51 +0000] "GET /wp-login.php HTTP/2" 200 1939 "-" "Mozilla/5.0 (Windows NT 6.3; WOW64; Trident/7.0; AS; rv:11.0) like Gecko"
45.79.82.226 - - [16/Apr/2026:02:59:52 +0000] "POST /wp-login.php HTTP/2" 200 2071 "https://www.bn55downoad.com.pk/wp-login.php" "Mozilla/5.0 (Windows NT 6.3; WOW64; Trident/7.0; AS; rv:11.0) like Gecko"
161.123.208.247 - - [16/Apr/2026:03:02:54 +0000] "GET / HTTP/1.1" 200 94765 "-" "Mozilla/5.0 (compatible; Googlebot/2.1; +http://www.google.com/bot.html)"
66.249.72.228 - - [16/Apr/2026:03:05:14 +0000] "GET /products/4430262586 HTTP/1.1" 404 16498 "-" "Mozilla/5.0 (Linux; Android 6.0.1; Nexus 5X Build/MMB29P) AppleWebKit/537.36 (KHTML, like Gecko) Chrome/146.0.7680.177 Mobile Safari/537.36 (compatible; Googlebot/2.1; +http://www.google.com/bot.html)"
103.91.245.241 - - [16/Apr/2026:02:24:11 +0000] "POST /wp-login.php HTTP/2" 200 2071 "https://www.bn55downoad.com.pk/wp-login.php" "Mozilla/4.0 (compatible; MSIE 7.0; Windows NT 6.1; Trident/7.0; SLCC2; .NET CLR 2.0.50727; .NET CLR 3.5.30729; .NET CLR 3.0.30729; Media Center PC 6.0; .NET4.0C; .NET4.0E; InfoPath.3; Tablet PC 2.0)"
100.42.176.42 - - [16/Apr/2026:02:42:34 +0000] "GET /wp-login.php HTTP/2" 200 1939 "-" "Mozilla/5.0 (Windows NT 6.1; WOW64; Trident/7.0; MALCJS; rv:11.0) like Gecko"
100.42.176.42 - - [16/Apr/2026:02:42:37 +0000] "POST /wp-login.php HTTP/2" 200 2081 "https://mail.bn55downoad.com.pk/wp-login.php" "Mozilla/5.0 (Windows NT 6.1; WOW64; Trident/7.0; MALCJS; rv:11.0) like Gecko"
66.249.72.228 - - [16/Apr/2026:02:42:45 +0000] "GET /products/8749082768 HTTP/1.1" 404 16498 "-" "Mozilla/5.0 (Linux; Android 6.0.1; Nexus 5X Build/MMB29P) AppleWebKit/537.36 (KHTML, like Gecko) Chrome/146.0.7680.177 Mobile Safari/537.36 (compatible; Googlebot/2.1; +http://www.google.com/bot.html)"
66.249.72.228 - - [16/Apr/2026:02:43:47 +0000] "GET /products/96714185953 HTTP/1.1" 404 16498 "-" "Mozilla/5.0 (Linux; Android 6.0.1; Nexus 5X Build/MMB29P) AppleWebKit/537.36 (KHTML, like Gecko) Chrome/146.0.7680.177 Mobile Safari/537.36 (compatible; Googlebot/2.1; +http://www.google.com/bot.html)"
192.185.4.93 - - [16/Apr/2026:02:50:38 +0000] "GET /wp-login.php HTTP/2" 200 1939 "-" "Mozilla/5.0 (Macintosh; Intel Mac OS X 10_12_6) AppleWebKit/603.3.8 (KHTML, like Gecko) Version/10.1.2 Safari/603.3.8"
192.185.4.93 - - [16/Apr/2026:02:50:41 +0000] "POST /wp-login.php HTTP/2" 200 2081 "https://www.bn55downoad.com.pk/wp-login.php" "Mozilla/5.0 (Macintosh; Intel Mac OS X 10_12_6) AppleWebKit/603.3.8 (KHTML, like Gecko) Version/10.1.2 Safari/603.3.8"
66.249.72.230 - - [16/Apr/2026:02:53:32 +0000] "GET /products/44302163541 HTTP/1.1" 404 16498 "-" "Mozilla/5.0 (Linux; Android 6.0.1; Nexus 5X Build/MMB29P) AppleWebKit/537.36 (KHTML, like Gecko) Chrome/146.0.7680.177 Mobile Safari/537.36 (compatible; Googlebot/2.1; +http://www.google.com/bot.html)"
185.244.36.210 - - [16/Apr/2026:02:59:52 +0000] "POST /wp-cron.php?doing_wp_cron=1776308392.0790638923645019531250 HTTP/1.1" 200 0 "-" "WordPress/6.9.4; https://bn55downoad.com.pk"
75.119.221.118 - - [16/Apr/2026:03:03:25 +0000] "GET /wp-login.php HTTP/2" 200 1939 "-" "Mozilla/5.0 (Macintosh; Intel Mac OS X 10_13_5) AppleWebKit/537.36 (KHTML, like Gecko) Chrome/67.0.3396.79 Safari/537.36"
75.119.221.118 - - [16/Apr/2026:03:03:29 +0000] "POST /wp-login.php HTTP/2" 200 2071 "https://mail.bn55downoad.com.pk/wp-login.php" "Mozilla/5.0 (Macintosh; Intel Mac OS X 10_13_5) AppleWebKit/537.36 (KHTML, like Gecko) Chrome/67.0.3396.79 Safari/537.36"
185.244.36.210 - - [16/Apr/2026:03:11:53 +0000] "POST /wp-cron.php?doing_wp_cron=1776309113.4647800922393798828125 HTTP/1.1" 200 0 "-" "WordPress/6.9.4; https://bn55downoad.com.pk"
66.249.72.230 - - [16/Apr/2026:03:12:46 +0000] "GET /products/96714276101 HTTP/1.1" 404 16476 "-" "Mozilla/5.0 (Linux; Android 6.0.1; Nexus 5X Build/MMB29P) AppleWebKit/537.36 (KHTML, like Gecko) Chrome/146.0.7680.177 Mobile Safari/537.36 (compatible; Googlebot/2.1; +http://www.google.com/bot.html)"
91.198.66.189 - - [16/Apr/2026:03:13:14 +0000] "GET /wp-includes/wp3.php HTTP/2" 200 0 "-" "Mozilla/5.0 (Windows NT 10.0; Win64; x64) AppleWebKit/537.36 (KHTML, like Gecko) Chrome/147.0.0.0 Safari/537.36"
136.144.35.164 - - [16/Apr/2026:03:19:48 +0000] "POST /wp-login.php HTTP/1.1" 200 6668 "-" "Mozilla/5.0"
66.249.72.228 - - [16/Apr/2026:03:23:43 +0000] "GET /products/19412173294 HTTP/1.1" 404 16498 "-" "Mozilla/5.0 (Linux; Android 6.0.1; Nexus 5X Build/MMB29P) AppleWebKit/537.36 (KHTML, like Gecko) Chrome/146.0.7680.177 Mobile Safari/537.36 (compatible; Googlebot/2.1; +http://www.google.com/bot.html)"
195.40.71.100 - - [16/Apr/2026:03:24:11 +0000] "GET / HTTP/1.1" 200 94765 "-" "Mozilla/5.0 (compatible; Googlebot/2.1; +http://www.google.com/bot.html)"
101.99.88.90 - - [16/Apr/2026:03:24:17 +0000] "GET / HTTP/1.1" 200 94765 "-" "-"
13.211.250.169 - - [16/Apr/2026:03:26:43 +0000] "GET /wp-login.php HTTP/2" 200 1939 "-" "Mozilla/5.0 (Macintosh; Intel Mac OS X 10.12; rv:60.0) Gecko/20100101 Firefox/60.0"
13.211.250.169 - - [16/Apr/2026:03:26:44 +0000] "POST /wp-login.php HTTP/2" 200 2071 "https://www.bn55downoad.com.pk/wp-login.php" "Mozilla/5.0 (Macintosh; Intel Mac OS X 10.12; rv:60.0) Gecko/20100101 Firefox/60.0"
66.249.72.228 - - [16/Apr/2026:03:35:50 +0000] "GET /products/19412270110 HTTP/1.1" 404 16476 "-" "Mozilla/5.0 (Linux; Android 6.0.1; Nexus 5X Build/MMB29P) AppleWebKit/537.36 (KHTML, like Gecko) Chrome/146.0.7680.177 Mobile Safari/537.36 (compatible; Googlebot/2.1; +http://www.google.com/bot.html)"
40.77.167.150 - - [16/Apr/2026:03:36:12 +0000] "GET /products/1941217087 HTTP/2" 404 16498 "-" "Mozilla/5.0 AppleWebKit/537.36 (KHTML, like Gecko; compatible; bingbot/2.0; +http://www.bing.com/bingbot.htm) Chrome/116.0.1938.76 Safari/537.36"
66.249.72.229 - - [16/Apr/2026:03:37:38 +0000] "GET /products/98271252898 HTTP/1.1" 404 16498 "-" "Mozilla/5.0 (Linux; Android 6.0.1; Nexus 5X Build/MMB29P) AppleWebKit/537.36 (KHTML, like Gecko) Chrome/146.0.7680.177 Mobile Safari/537.36 (compatible; Googlebot/2.1; +http://www.google.com/bot.html)"
66.249.72.229 - - [16/Apr/2026:03:38:15 +0000] "GET /products/207302222 HTTP/1.1" 404 16476 "-" "Mozilla/5.0 (Linux; Android 6.0.1; Nexus 5X Build/MMB29P) AppleWebKit/537.36 (KHTML, like Gecko) Chrome/146.0.7680.177 Mobile Safari/537.36 (compatible; Googlebot/2.1; +http://www.google.com/bot.html)"
66.249.72.229 - - [16/Apr/2026:03:38:51 +0000] "GET /products/8749070556 HTTP/1.1" 404 16498 "-" "Mozilla/5.0 (Linux; Android 6.0.1; Nexus 5X Build/MMB29P) AppleWebKit/537.36 (KHTML, like Gecko) Chrome/146.0.7680.177 Mobile Safari/537.36 (compatible; Googlebot/2.1; +http://www.google.com/bot.html)"
165.232.124.247 - - [16/Apr/2026:03:38:55 +0000] "GET /wp-login.php HTTP/2" 200 1939 "-" "Mozilla/4.0 (compatible; MSIE 7.0; Windows NT 6.1; Trident/7.0; SLCC2; .NET CLR 2.0.50727; .NET CLR 3.5.30729; .NET CLR 3.0.30729; .NET4.0C; .NET4.0E; Media Center PC 6.0; InfoPath.3; BRI/2)"
165.232.124.247 - - [16/Apr/2026:03:39:02 +0000] "POST /wp-login.php HTTP/2" 200 2071 "https://www.bn55downoad.com.pk/wp-login.php" "Mozilla/4.0 (compatible; MSIE 7.0; Windows NT 6.1; Trident/7.0; SLCC2; .NET CLR 2.0.50727; .NET CLR 3.5.30729; .NET CLR 3.0.30729; .NET4.0C; .NET4.0E; Media Center PC 6.0; InfoPath.3; BRI/2)"
66.249.72.228 - - [16/Apr/2026:03:39:27 +0000] "GET /products/63040261985 HTTP/1.1" 404 16498 "-" "Mozilla/5.0 (Linux; Android 6.0.1; Nexus 5X Build/MMB29P) AppleWebKit/537.36 (KHTML, like Gecko) Chrome/146.0.7680.177 Mobile Safari/537.36 (compatible; Googlebot/2.1; +http://www.google.com/bot.html)"
100.42.176.42 - - [16/Apr/2026:03:40:26 +0000] "GET /wp-login.php HTTP/2" 200 1939 "-" "Mozilla/5.0 (MSIE 8.0; Windows NT 6.0; Trident/7.0; rv:11.0) like Gecko"
100.42.176.42 - - [16/Apr/2026:03:40:27 +0000] "POST /wp-login.php HTTP/2" 200 2081 "https://www.bn55downoad.com.pk/wp-login.php" "Mozilla/5.0 (MSIE 8.0; Windows NT 6.0; Trident/7.0; rv:11.0) like Gecko"
66.249.72.228 - - [16/Apr/2026:03:40:40 +0000] "GET /products/44302243445 HTTP/1.1" 404 16498 "-" "Mozilla/5.0 (Linux; Android 6.0.1; Nexus 5X Build/MMB29P) AppleWebKit/537.36 (KHTML, like Gecko) Chrome/146.0.7680.177 Mobile Safari/537.36 (compatible; Googlebot/2.1; +http://www.google.com/bot.html)"
66.249.72.228 - - [16/Apr/2026:03:41:15 +0000] "GET /products/31421291902 HTTP/1.1" 404 16498 "-" "Mozilla/5.0 (Linux; Android 6.0.1; Nexus 5X Build/MMB29P) AppleWebKit/537.36 (KHTML, like Gecko) Chrome/146.0.7680.177 Mobile Safari/537.36 (compatible; Googlebot/2.1; +http://www.google.com/bot.html)"
66.249.72.229 - - [16/Apr/2026:03:41:53 +0000] "GET /products/31421232303 HTTP/1.1" 404 16498 "-" "Mozilla/5.0 (Linux; Android 6.0.1; Nexus 5X Build/MMB29P) AppleWebKit/537.36 (KHTML, like Gecko) Chrome/146.0.7680.177 Mobile Safari/537.36 (compatible; Googlebot/2.1; +http://www.google.com/bot.html)"
66.249.72.228 - - [16/Apr/2026:03:11:52 +0000] "GET /products/63040279016 HTTP/1.1" 404 16498 "-" "Mozilla/5.0 (Linux; Android 6.0.1; Nexus 5X Build/MMB29P) AppleWebKit/537.36 (KHTML, like Gecko) Chrome/146.0.7680.177 Mobile Safari/537.36 (compatible; Googlebot/2.1; +http://www.google.com/bot.html)"
47.82.11.202 - - [16/Apr/2026:03:12:02 +0000] "GET /about-us/ HTTP/1.1" 200 18827 "https://bn55downoad.com.pk/" "Mozilla/5.0 (Windows NT 10.0; Win64; x64) AppleWebKit/537.36 (KHTML, like Gecko) Chrome/126.0.0.0 Safari/537.36"
75.119.221.118 - - [16/Apr/2026:03:14:10 +0000] "GET /wp-login.php HTTP/2" 200 1939 "-" "Mozilla/5.0 (Windows NT 6.1; Win64; x64; rv:60.0) Gecko/20100101 Firefox/60.0"
75.119.221.118 - - [16/Apr/2026:03:14:11 +0000] "POST /wp-login.php HTTP/2" 200 2071 "https://www.bn55downoad.com.pk/wp-login.php" "Mozilla/5.0 (Windows NT 6.1; Win64; x64; rv:60.0) Gecko/20100101 Firefox/60.0"
66.249.72.230 - - [16/Apr/2026:03:20:44 +0000] "GET /listing/29339074/ HTTP/1.1" 404 16498 "-" "Mozilla/5.0 (Linux; Android 6.0.1; Nexus 5X Build/MMB29P) AppleWebKit/537.36 (KHTML, like Gecko) Chrome/146.0.7680.177 Mobile Safari/537.36 (compatible; Googlebot/2.1; +http://www.google.com/bot.html)"
66.249.72.229 - - [16/Apr/2026:03:21:19 +0000] "GET /products/44302232335 HTTP/1.1" 404 16498 "-" "Mozilla/5.0 (Linux; Android 6.0.1; Nexus 5X Build/MMB29P) AppleWebKit/537.36 (KHTML, like Gecko) Chrome/146.0.7680.177 Mobile Safari/537.36 (compatible; Googlebot/2.1; +http://www.google.com/bot.html)"
66.249.72.229 - - [16/Apr/2026:03:23:12 +0000] "GET /products/1361062881 HTTP/1.1" 404 16498 "-" "Mozilla/5.0 (Linux; Android 6.0.1; Nexus 5X Build/MMB29P) AppleWebKit/537.36 (KHTML, like Gecko) Chrome/146.0.7680.177 Mobile Safari/537.36 (compatible; Googlebot/2.1; +http://www.google.com/bot.html)"
66.249.72.229 - - [16/Apr/2026:03:34:33 +0000] "GET /products/4430285904 HTTP/1.1" 404 16498 "-" "Mozilla/5.0 (Linux; Android 6.0.1; Nexus 5X Build/MMB29P) AppleWebKit/537.36 (KHTML, like Gecko) Chrome/146.0.7680.177 Mobile Safari/537.36 (compatible; Googlebot/2.1; +http://www.google.com/bot.html)"
66.249.72.229 - - [16/Apr/2026:03:35:16 +0000] "GET /products/8749084881 HTTP/1.1" 404 16476 "-" "Mozilla/5.0 (Linux; Android 6.0.1; Nexus 5X Build/MMB29P) AppleWebKit/537.36 (KHTML, like Gecko) Chrome/146.0.7680.177 Mobile Safari/537.36 (compatible; Googlebot/2.1; +http://www.google.com/bot.html)"
66.249.72.229 - - [16/Apr/2026:03:37:03 +0000] "GET /products/8389265961 HTTP/1.1" 404 16498 "-" "Mozilla/5.0 (Linux; Android 6.0.1; Nexus 5X Build/MMB29P) AppleWebKit/537.36 (KHTML, like Gecko) Chrome/146.0.7680.177 Mobile Safari/537.36 (compatible; Googlebot/2.1; +http://www.google.com/bot.html)"
185.244.36.210 - - [16/Apr/2026:03:38:56 +0000] "POST /wp-cron.php?doing_wp_cron=1776310735.7728281021118164062500 HTTP/1.1" 200 0 "-" "WordPress/6.9.4; https://bn55downoad.com.pk"
66.249.72.228 - - [16/Apr/2026:03:40:03 +0000] "GET /products/8749055111 HTTP/1.1" 404 16498 "-" "Mozilla/5.0 (Linux; Android 6.0.1; Nexus 5X Build/MMB29P) AppleWebKit/537.36 (KHTML, like Gecko) Chrome/146.0.7680.177 Mobile Safari/537.36 (compatible; Googlebot/2.1; +http://www.google.com/bot.html)"
66.249.72.229 - - [16/Apr/2026:03:43:05 +0000] "GET /products/2073063719 HTTP/1.1" 404 16498 "-" "Mozilla/5.0 (Linux; Android 6.0.1; Nexus 5X Build/MMB29P) AppleWebKit/537.36 (KHTML, like Gecko) Chrome/146.0.7680.177 Mobile Safari/537.36 (compatible; Googlebot/2.1; +http://www.google.com/bot.html)"
104.244.79.40 - - [16/Apr/2026:03:43:28 +0000] "GET /wp-login.php HTTP/2" 200 1939 "-" "Mozilla/4.0 (compatible; MSIE 7.0; Windows NT 6.1; Trident/7.0; SLCC2; .NET CLR 2.0.50727; .NET CLR 3.5.30729; .NET CLR 3.0.30729; Media Center PC 6.0; .NET4.0C; .NET4.0E; GWX:QUALIFIED)"
104.244.79.40 - - [16/Apr/2026:03:43:31 +0000] "POST /wp-login.php HTTP/2" 200 2081 "https://mail.bn55downoad.com.pk/wp-login.php" "Mozilla/4.0 (compatible; MSIE 7.0; Windows NT 6.1; Trident/7.0; SLCC2; .NET CLR 2.0.50727; .NET CLR 3.5.30729; .NET CLR 3.0.30729; Media Center PC 6.0; .NET4.0C; .NET4.0E; GWX:QUALIFIED)"
66.249.72.229 - - [16/Apr/2026:03:42:28 +0000] "GET /products/9827164183 HTTP/1.1" 404 16476 "-" "Mozilla/5.0 (Linux; Android 6.0.1; Nexus 5X Build/MMB29P) AppleWebKit/537.36 (KHTML, like Gecko) Chrome/146.0.7680.177 Mobile Safari/537.36 (compatible; Googlebot/2.1; +http://www.google.com/bot.html)"
51.195.183.235 - - [16/Apr/2026:03:49:13 +0000] "GET /robots.txt HTTP/2" 200 91 "-" "Mozilla/5.0 (compatible; AhrefsBot/7.0; +http://ahrefs.com/robot/)"
66.249.72.228 - - [16/Apr/2026:03:53:20 +0000] "GET /products/20730213398 HTTP/1.1" 404 16498 "-" "Mozilla/5.0 (Linux; Android 6.0.1; Nexus 5X Build/MMB29P) AppleWebKit/537.36 (KHTML, like Gecko) Chrome/146.0.7680.177 Mobile Safari/537.36 (compatible; Googlebot/2.1; +http://www.google.com/bot.html)"
66.249.72.228 - - [16/Apr/2026:03:53:56 +0000] "GET /products/44302138955 HTTP/1.1" 404 16498 "-" "Mozilla/5.0 (Linux; Android 6.0.1; Nexus 5X Build/MMB29P) AppleWebKit/537.36 (KHTML, like Gecko) Chrome/146.0.7680.177 Mobile Safari/537.36 (compatible; Googlebot/2.1; +http://www.google.com/bot.html)"
69.49.112.61 - - [16/Apr/2026:03:54:40 +0000] "GET /wp-login.php HTTP/2" 200 1939 "-" "Mozilla/4.0 (compatible; MSIE 7.0; Windows NT 6.2; WOW64; Trident/7.0; .NET4.0E; .NET4.0C; .NET CLR 3.5.30729; .NET CLR 2.0.50727; .NET CLR 3.0.30729; InfoPath.3)"
69.49.112.61 - - [16/Apr/2026:03:54:42 +0000] "POST /wp-login.php HTTP/2" 200 2081 "https://www.bn55downoad.com.pk.millwin.org/wp-login.php" "Mozilla/4.0 (compatible; MSIE 7.0; Windows NT 6.2; WOW64; Trident/7.0; .NET4.0E; .NET4.0C; .NET CLR 3.5.30729; .NET CLR 2.0.50727; .NET CLR 3.0.30729; InfoPath.3)"
162.241.253.177 - - [16/Apr/2026:03:59:38 +0000] "GET /wp-login.php HTTP/2" 200 1939 "-" "Mozilla/5.0 (Windows NT 10.0; Win64; x64; rv:60.0) Gecko/20100101 Firefox/60.0"
162.241.253.177 - - [16/Apr/2026:03:59:40 +0000] "POST /wp-login.php HTTP/2" 200 2081 "https://mail.bn55downoad.com.pk/wp-login.php" "Mozilla/5.0 (Windows NT 10.0; Win64; x64; rv:60.0) Gecko/20100101 Firefox/60.0"
185.244.36.210 - - [16/Apr/2026:03:59:55 +0000] "POST /wp-cron.php?doing_wp_cron=1776311995.8011739253997802734375 HTTP/1.1" 200 0 "-" "WordPress/6.9.4; https://bn55downoad.com.pk"
66.249.72.228 - - [16/Apr/2026:03:59:54 +0000] "GET /products/31421117050 HTTP/1.1" 404 16498 "-" "Mozilla/5.0 (Linux; Android 6.0.1; Nexus 5X Build/MMB29P) AppleWebKit/537.36 (KHTML, like Gecko) Chrome/146.0.7680.177 Mobile Safari/537.36 (compatible; Googlebot/2.1; +http://www.google.com/bot.html)"
193.186.4.170 - - [16/Apr/2026:04:02:06 +0000] "GET /products/13610237903 HTTP/2" 200 0 "https://www.google.com/" "Mozilla/5.0 (Windows NT 10.0; Win64; x64) AppleWebKit/537.36 (KHTML, like Gecko) Chrome/146.0.0.0 Safari/537.36"
43.156.109.53 - - [16/Apr/2026:04:07:35 +0000] "GET / HTTP/1.1" 200 27721 "http://www.bn55downoad.com.pk" "Mozilla/5.0 (iPhone; CPU iPhone OS 13_2_3 like Mac OS X) AppleWebKit/605.1.15 (KHTML, like Gecko) Version/13.0.3 Mobile/15E148 Safari/604.1"
136.144.35.174 - - [16/Apr/2026:04:14:12 +0000] "POST /wp-login.php HTTP/1.1" 200 6668 "-" "Mozilla/5.0"
66.249.72.229 - - [16/Apr/2026:04:17:49 +0000] "GET /listing/166040074/ HTTP/1.1" 404 16497 "-" "Mozilla/5.0 (Linux; Android 6.0.1; Nexus 5X Build/MMB29P) AppleWebKit/537.36 (KHTML, like Gecko) Chrome/146.0.7680.177 Mobile Safari/537.36 (compatible; Googlebot/2.1; +http://www.google.com/bot.html)"
66.249.72.228 - - [16/Apr/2026:04:19:34 +0000] "GET /listing/152579802/ HTTP/1.1" 404 16498 "-" "Mozilla/5.0 (Linux; Android 6.0.1; Nexus 5X Build/MMB29P) AppleWebKit/537.36 (KHTML, like Gecko) Chrome/146.0.7680.177 Mobile Safari/537.36 (compatible; Googlebot/2.1; +http://www.google.com/bot.html)"
66.249.72.228 - - [16/Apr/2026:04:21:03 +0000] "GET /listing/158508983/ HTTP/1.1" 404 16498 "-" "Mozilla/5.0 (Linux; Android 6.0.1; Nexus 5X Build/MMB29P) AppleWebKit/537.36 (KHTML, like Gecko) Chrome/146.0.7680.177 Mobile Safari/537.36 (compatible; Googlebot/2.1; +http://www.google.com/bot.html)"
165.22.116.110 - - [16/Apr/2026:03:45:39 +0000] "GET /wp-login.php HTTP/2" 200 1939 "-" "Mozilla/5.0 (Windows NT 6.2; Win64; x64; rv:60.0) Gecko/20100101 Firefox/60.0"
165.22.116.110 - - [16/Apr/2026:03:45:40 +0000] "POST /wp-login.php HTTP/2" 200 2071 "https://www.bn55downoad.com.pk/wp-login.php" "Mozilla/5.0 (Windows NT 6.2; Win64; x64; rv:60.0) Gecko/20100101 Firefox/60.0"
136.144.35.177 - - [16/Apr/2026:03:46:27 +0000] "POST /wp-login.php HTTP/1.1" 200 6668 "-" "Mozilla/5.0"
51.195.183.54 - - [16/Apr/2026:03:49:14 +0000] "GET / HTTP/2" 200 24756 "-" "Mozilla/5.0 (compatible; AhrefsBot/7.0; +http://ahrefs.com/robot/)"
