143.110.255.52 - - [16/Apr/2026:03:52:40 +0000] "GET /wp-login.php HTTP/2" 200 1939 "-" "Mozilla/5.0 (Windows NT 6.3; WOW64; Trident/7.0; Touch; MDDCJS; rv:11.0) like Gecko"
143.110.255.52 - - [16/Apr/2026:03:52:42 +0000] "POST /wp-login.php HTTP/2" 200 2071 "https://mail.bn55downoad.com.pk/wp-login.php" "Mozilla/5.0 (Windows NT 6.3; WOW64; Trident/7.0; Touch; MDDCJS; rv:11.0) like Gecko"
185.244.36.210 - - [16/Apr/2026:03:53:58 +0000] "POST /wp-cron.php?doing_wp_cron=1776311638.6850399971008300781250 HTTP/1.1" 200 0 "-" "WordPress/6.9.4; https://bn55downoad.com.pk"
66.249.72.230 - - [16/Apr/2026:03:55:11 +0000] "GET /products/44302110887 HTTP/1.1" 404 16498 "-" "Mozilla/5.0 (Linux; Android 6.0.1; Nexus 5X Build/MMB29P) AppleWebKit/537.36 (KHTML, like Gecko) Chrome/146.0.7680.177 Mobile Safari/537.36 (compatible; Googlebot/2.1; +http://www.google.com/bot.html)"
104.210.140.128 - - [16/Apr/2026:03:57:03 +0000] "GET /robots.txt HTTP/2" 200 91 "-" "Mozilla/5.0 (Macintosh; Intel Mac OS X 10_15_7) AppleWebKit/537.36 (KHTML, like Gecko) Chrome/131.0.0.0 Safari/537.36; compatible; OAI-SearchBot/1.0; +https://openai.com/searchbot"
66.249.72.230 - - [16/Apr/2026:04:01:28 +0000] "GET /listing/163917084/ HTTP/1.1" 404 16498 "-" "Mozilla/5.0 (Linux; Android 6.0.1; Nexus 5X Build/MMB29P) AppleWebKit/537.36 (KHTML, like Gecko) Chrome/146.0.7680.177 Mobile Safari/537.36 (compatible; Googlebot/2.1; +http://www.google.com/bot.html)"
64.233.173.195 - - [16/Apr/2026:04:02:06 +0000] "GET /.well-known/traffic-advice HTTP/1.1" 404 18238 "-" "Chrome Privacy Preserving Prefetch Proxy"
157.55.39.9 - - [16/Apr/2026:04:04:13 +0000] "GET /listing/81267731/ HTTP/2" 404 16498 "-" "Mozilla/5.0 AppleWebKit/537.36 (KHTML, like Gecko; compatible; bingbot/2.0; +http://www.bing.com/bingbot.htm) Chrome/116.0.1938.76 Safari/537.36"
66.249.72.228 - - [16/Apr/2026:04:05:12 +0000] "GET /listing/185643549/ HTTP/1.1" 404 16498 "-" "Mozilla/5.0 (Linux; Android 6.0.1; Nexus 5X Build/MMB29P) AppleWebKit/537.36 (KHTML, like Gecko) Chrome/146.0.7680.177 Mobile Safari/537.36 (compatible; Googlebot/2.1; +http://www.google.com/bot.html)"
143.95.158.36 - - [16/Apr/2026:04:13:37 +0000] "GET /wp-login.php HTTP/2" 200 1939 "-" "Mozilla/5.0 (Windows NT 6.1; WOW64; Trident/7.0; AS; rv:11.0) like Gecko"
143.95.158.36 - - [16/Apr/2026:04:13:40 +0000] "POST /wp-login.php HTTP/2" 200 2071 "https://mail.bn55downoad.com.pk/wp-login.php" "Mozilla/5.0 (Windows NT 6.1; WOW64; Trident/7.0; AS; rv:11.0) like Gecko"
139.59.217.211 - - [16/Apr/2026:04:29:45 +0000] "GET /wp-login.php HTTP/2" 200 1939 "-" "Mozilla/4.0 (compatible; MSIE 7.0; Windows NT 6.3; WOW64; Trident/7.0; .NET4.0E; .NET4.0C; .NET CLR 3.5.30729; .NET CLR 2.0.50727; .NET CLR 3.0.30729; InfoPath.3)"
139.59.217.211 - - [16/Apr/2026:04:29:48 +0000] "POST /wp-login.php HTTP/2" 200 2071 "https://mail.bn55downoad.com.pk/wp-login.php" "Mozilla/4.0 (compatible; MSIE 7.0; Windows NT 6.3; WOW64; Trident/7.0; .NET4.0E; .NET4.0C; .NET CLR 3.5.30729; .NET CLR 2.0.50727; .NET CLR 3.0.30729; InfoPath.3)"
134.209.100.212 - - [16/Apr/2026:04:34:42 +0000] "GET /wp-login.php HTTP/2" 200 1939 "-" "Mozilla/5.0 (Windows NT 10.0; WOW64; Trident/7.0; Touch; MASAJS; rv:11.0) like Gecko"
134.209.100.212 - - [16/Apr/2026:04:34:46 +0000] "POST /wp-login.php HTTP/2" 200 2071 "https://www.bn55downoad.com.pk/wp-login.php" "Mozilla/5.0 (Windows NT 10.0; WOW64; Trident/7.0; Touch; MASAJS; rv:11.0) like Gecko"
66.249.72.228 - - [16/Apr/2026:04:22:40 +0000] "GET /products/44302279368 HTTP/1.1" 404 16498 "-" "Mozilla/5.0 (Linux; Android 6.0.1; Nexus 5X Build/MMB29P) AppleWebKit/537.36 (KHTML, like Gecko) Chrome/146.0.7680.177 Mobile Safari/537.36 (compatible; Googlebot/2.1; +http://www.google.com/bot.html)"
66.249.72.228 - - [16/Apr/2026:04:23:44 +0000] "GET /products/1941286353 HTTP/1.1" 404 16497 "-" "Mozilla/5.0 (Linux; Android 6.0.1; Nexus 5X Build/MMB29P) AppleWebKit/537.36 (KHTML, like Gecko) Chrome/146.0.7680.177 Mobile Safari/537.36 (compatible; Googlebot/2.1; +http://www.google.com/bot.html)"
136.144.35.178 - - [16/Apr/2026:04:42:01 +0000] "POST /wp-login.php HTTP/1.1" 200 6668 "-" "Mozilla/5.0"
40.77.167.28 - - [16/Apr/2026:04:42:19 +0000] "GET /products/9671410025 HTTP/2" 404 16476 "-" "Mozilla/5.0 AppleWebKit/537.36 (KHTML, like Gecko; compatible; bingbot/2.0; +http://www.bing.com/bingbot.htm) Chrome/116.0.1938.76 Safari/537.36"
173.254.28.195 - - [16/Apr/2026:04:48:40 +0000] "GET /wp-login.php HTTP/2" 200 1939 "-" "Mozilla/5.0 (Windows NT 6.1; WOW64; Trident/7.0; NP08; rv:11.0) like Gecko"
173.254.28.195 - - [16/Apr/2026:04:48:41 +0000] "POST /wp-login.php HTTP/2" 200 2071 "https://mail.bn55downoad.com.pk/wp-login.php" "Mozilla/5.0 (Windows NT 6.1; WOW64; Trident/7.0; NP08; rv:11.0) like Gecko"
66.249.72.229 - - [16/Apr/2026:04:50:20 +0000] "GET /products/63040231549 HTTP/1.1" 404 16498 "-" "Mozilla/5.0 (Linux; Android 6.0.1; Nexus 5X Build/MMB29P) AppleWebKit/537.36 (KHTML, like Gecko) Chrome/146.0.7680.177 Mobile Safari/537.36 (compatible; Googlebot/2.1; +http://www.google.com/bot.html)"
66.249.72.228 - - [16/Apr/2026:04:52:23 +0000] "GET /products/2073052635 HTTP/1.1" 404 16498 "-" "Mozilla/5.0 (Linux; Android 6.0.1; Nexus 5X Build/MMB29P) AppleWebKit/537.36 (KHTML, like Gecko) Chrome/146.0.7680.177 Mobile Safari/537.36 (compatible; Googlebot/2.1; +http://www.google.com/bot.html)"
66.249.72.230 - - [16/Apr/2026:04:54:32 +0000] "GET /products/9827194383 HTTP/1.1" 404 16498 "-" "Mozilla/5.0 (Linux; Android 6.0.1; Nexus 5X Build/MMB29P) AppleWebKit/537.36 (KHTML, like Gecko) Chrome/146.0.7680.177 Mobile Safari/537.36 (compatible; Googlebot/2.1; +http://www.google.com/bot.html)"
160.153.180.59 - - [16/Apr/2026:04:55:01 +0000] "GET /wp-login.php HTTP/2" 200 1939 "-" "Mozilla/5.0 (Windows NT 6.2; ARM; Trident/7.0; Touch; rv:11.0; WPDesktop; NOKIA; Lumia 530) like Gecko"
160.153.180.59 - - [16/Apr/2026:04:55:05 +0000] "POST /wp-login.php HTTP/2" 200 2071 "https://mail.bn55downoad.com.pk/wp-login.php" "Mozilla/5.0 (Windows NT 6.2; ARM; Trident/7.0; Touch; rv:11.0; WPDesktop; NOKIA; Lumia 530) like Gecko"
185.244.36.210 - - [16/Apr/2026:04:55:52 +0000] "POST /wp-cron.php?doing_wp_cron=1776315352.2620289325714111328125 HTTP/1.1" 200 0 "-" "WordPress/6.9.4; https://bn55downoad.com.pk"
66.249.72.230 - - [16/Apr/2026:04:55:50 +0000] "GET /products/2073092692 HTTP/1.1" 404 16498 "-" "Mozilla/5.0 (Linux; Android 6.0.1; Nexus 5X Build/MMB29P) AppleWebKit/537.36 (KHTML, like Gecko) Chrome/146.0.7680.177 Mobile Safari/537.36 (compatible; Googlebot/2.1; +http://www.google.com/bot.html)"
66.249.72.230 - - [16/Apr/2026:04:57:37 +0000] "GET /products/87490181339 HTTP/1.1" 404 16498 "-" "Mozilla/5.0 (Linux; Android 6.0.1; Nexus 5X Build/MMB29P) AppleWebKit/537.36 (KHTML, like Gecko) Chrome/146.0.7680.177 Mobile Safari/537.36 (compatible; Googlebot/2.1; +http://www.google.com/bot.html)"
66.249.72.228 - - [16/Apr/2026:04:57:58 +0000] "GET /products/6304041390 HTTP/1.1" 404 16497 "-" "Mozilla/5.0 (Linux; Android 6.0.1; Nexus 5X Build/MMB29P) AppleWebKit/537.36 (KHTML, like Gecko) Chrome/146.0.7680.177 Mobile Safari/537.36 (compatible; Googlebot/2.1; +http://www.google.com/bot.html)"
66.249.72.228 - - [16/Apr/2026:04:59:08 +0000] "GET /products/44302260334 HTTP/1.1" 404 16498 "-" "Mozilla/5.0 (Linux; Android 6.0.1; Nexus 5X Build/MMB29P) AppleWebKit/537.36 (KHTML, like Gecko) Chrome/146.0.7680.177 Mobile Safari/537.36 (compatible; Googlebot/2.1; +http://www.google.com/bot.html)"
160.153.180.59 - - [16/Apr/2026:04:35:57 +0000] "GET /wp-login.php HTTP/2" 200 1939 "-" "Mozilla/5.0 (Windows NT 6.1; Trident/7.0; rv:11.0) like Gecko"
160.153.180.59 - - [16/Apr/2026:04:36:00 +0000] "POST /wp-login.php HTTP/2" 200 2081 "https://www.bn55downoad.com.pk/wp-login.php" "Mozilla/5.0 (Windows NT 6.1; Trident/7.0; rv:11.0) like Gecko"
185.244.36.210 - - [16/Apr/2026:04:42:03 +0000] "POST /wp-cron.php?doing_wp_cron=1776314523.7577290534973144531250 HTTP/1.1" 200 0 "-" "WordPress/6.9.4; https://bn55downoad.com.pk"
173.254.104.177 - - [16/Apr/2026:04:42:15 +0000] "GET /wp-login.php HTTP/2" 200 1939 "-" "Mozilla/5.0 (Windows NT 10.0; WOW64; Trident/7.0; TNJB; rv:11.0) like Gecko"
173.254.104.177 - - [16/Apr/2026:04:42:22 +0000] "POST /wp-login.php HTTP/2" 200 2081 "https://www.bn55downoad.com.pk/wp-login.php" "Mozilla/5.0 (Windows NT 10.0; WOW64; Trident/7.0; TNJB; rv:11.0) like Gecko"
185.244.36.210 - - [16/Apr/2026:04:50:20 +0000] "POST /wp-cron.php?doing_wp_cron=1776315020.9694120883941650390625 HTTP/1.1" 200 0 "-" "WordPress/6.9.4; https://bn55downoad.com.pk"
66.249.72.229 - - [16/Apr/2026:04:52:12 +0000] "GET /products/31421170400 HTTP/1.1" 404 16498 "-" "Mozilla/5.0 (Linux; Android 6.0.1; Nexus 5X Build/MMB29P) AppleWebKit/537.36 (KHTML, like Gecko) Chrome/146.0.7680.177 Mobile Safari/537.36 (compatible; Googlebot/2.1; +http://www.google.com/bot.html)"
66.249.72.228 - - [16/Apr/2026:04:55:32 +0000] "GET /products/1941295947 HTTP/1.1" 404 16498 "-" "Mozilla/5.0 (Linux; Android 6.0.1; Nexus 5X Build/MMB29P) AppleWebKit/537.36 (KHTML, like Gecko) Chrome/146.0.7680.177 Mobile Safari/537.36 (compatible; Googlebot/2.1; +http://www.google.com/bot.html)"
193.186.4.254 - - [16/Apr/2026:04:55:56 +0000] "GET /products/9671464483 HTTP/2" 404 16498 "https://www.google.com/" "Mozilla/5.0 (Linux; Android 10; K) AppleWebKit/537.36 (KHTML, like Gecko) Chrome/146.0.0.0 Mobile Safari/537.36"
66.249.72.228 - - [16/Apr/2026:04:58:10 +0000] "GET /products/630402521 HTTP/1.1" 404 16498 "-" "Mozilla/5.0 (Linux; Android 6.0.1; Nexus 5X Build/MMB29P) AppleWebKit/537.36 (KHTML, like Gecko) Chrome/146.0.7680.177 Mobile Safari/537.36 (compatible; Googlebot/2.1; +http://www.google.com/bot.html)"
66.249.72.228 - - [16/Apr/2026:04:58:13 +0000] "GET /products/63040164357 HTTP/1.1" 404 16497 "-" "Mozilla/5.0 (Linux; Android 6.0.1; Nexus 5X Build/MMB29P) AppleWebKit/537.36 (KHTML, like Gecko) Chrome/146.0.7680.177 Mobile Safari/537.36 (compatible; Googlebot/2.1; +http://www.google.com/bot.html)"
66.249.72.228 - - [16/Apr/2026:04:58:25 +0000] "GET /products/87490162563 HTTP/1.1" 404 16498 "-" "Mozilla/5.0 (Linux; Android 6.0.1; Nexus 5X Build/MMB29P) AppleWebKit/537.36 (KHTML, like Gecko) Chrome/146.0.7680.177 Mobile Safari/537.36 (compatible; Googlebot/2.1; +http://www.google.com/bot.html)"
185.244.36.210 - - [16/Apr/2026:04:59:00 +0000] "POST /wp-cron.php?doing_wp_cron=1776315539.9677500724792480468750 HTTP/1.1" 200 0 "-" "WordPress/6.9.4; https://bn55downoad.com.pk"
66.249.72.228 - - [16/Apr/2026:04:58:57 +0000] "GET /products/19412160021 HTTP/1.1" 404 16498 "-" "Mozilla/5.0 (Linux; Android 6.0.1; Nexus 5X Build/MMB29P) AppleWebKit/537.36 (KHTML, like Gecko) Chrome/146.0.7680.177 Mobile Safari/537.36 (compatible; Googlebot/2.1; +http://www.google.com/bot.html)"
66.249.72.228 - - [16/Apr/2026:04:59:50 +0000] "GET /products/6304058759 HTTP/1.1" 404 16498 "-" "Mozilla/5.0 (Linux; Android 6.0.1; Nexus 5X Build/MMB29P) AppleWebKit/537.36 (KHTML, like Gecko) Chrome/146.0.7680.177 Mobile Safari/537.36 (compatible; Googlebot/2.1; +http://www.google.com/bot.html)"
160.153.180.59 - - [16/Apr/2026:05:00:05 +0000] "GET /wp-login.php HTTP/2" 200 1939 "-" "Mozilla/4.0 (compatible; MSIE 7.0; Windows NT 6.1; WOW64; Trident/7.0; SLCC2; .NET CLR 2.0.50727; .NET CLR 3.5.30729; .NET CLR 3.0.30729; Media Center PC 6.0; .NET4.0C; .NET4.0E; MS-RTC LM 8; InfoPath.3)"
160.153.180.59 - - [16/Apr/2026:05:00:09 +0000] "POST /wp-login.php HTTP/2" 200 2071 "https://www.bn55downoad.com.pk/wp-login.php" "Mozilla/4.0 (compatible; MSIE 7.0; Windows NT 6.1; WOW64; Trident/7.0; SLCC2; .NET CLR 2.0.50727; .NET CLR 3.5.30729; .NET CLR 3.0.30729; Media Center PC 6.0; .NET4.0C; .NET4.0E; MS-RTC LM 8; InfoPath.3)"
160.153.180.59 - - [16/Apr/2026:05:01:30 +0000] "GET /wp-login.php HTTP/2" 200 1939 "-" "Mozilla/5.0 (Windows NT 6.1; Trident/7.0; EIE10;ENUSWOL; rv:11.0) like Gecko"
160.153.180.59 - - [16/Apr/2026:05:01:33 +0000] "POST /wp-login.php HTTP/2" 200 2071 "https://mail.bn55downoad.com.pk/wp-login.php" "Mozilla/5.0 (Windows NT 6.1; Trident/7.0; EIE10;ENUSWOL; rv:11.0) like Gecko"
66.249.72.228 - - [16/Apr/2026:05:02:56 +0000] "GET /products/44302140711 HTTP/1.1" 404 16498 "-" "Mozilla/5.0 (Linux; Android 6.0.1; Nexus 5X Build/MMB29P) AppleWebKit/537.36 (KHTML, like Gecko) Chrome/146.0.7680.177 Mobile Safari/537.36 (compatible; Googlebot/2.1; +http://www.google.com/bot.html)"
66.249.72.229 - - [16/Apr/2026:05:07:24 +0000] "GET /products/83892148890 HTTP/1.1" 404 16498 "-" "Mozilla/5.0 (Linux; Android 6.0.1; Nexus 5X Build/MMB29P) AppleWebKit/537.36 (KHTML, like Gecko) Chrome/146.0.7680.177 Mobile Safari/537.36 (compatible; Googlebot/2.1; +http://www.google.com/bot.html)"
65.254.225.227 - - [16/Apr/2026:05:09:17 +0000] "GET /wp-login.php HTTP/2" 200 1939 "-" "Mozilla/5.0 (Windows NT 10.0; Win64; x64) AppleWebKit/537.36 (KHTML, like Gecko) Chrome/66.0.3359.181 Safari/537.36"
65.254.225.227 - - [16/Apr/2026:05:09:20 +0000] "POST /wp-login.php HTTP/2" 200 2081 "https://www.bn55downoad.com.pk.millwin.org/wp-login.php" "Mozilla/5.0 (Windows NT 10.0; Win64; x64) AppleWebKit/537.36 (KHTML, like Gecko) Chrome/66.0.3359.181 Safari/537.36"
136.144.35.163 - - [16/Apr/2026:05:09:29 +0000] "POST /wp-login.php HTTP/1.1" 200 6668 "-" "Mozilla/5.0"
40.77.167.152 - - [16/Apr/2026:05:10:01 +0000] "GET /listing/44334983/ HTTP/2" 404 16498 "-" "Mozilla/5.0 AppleWebKit/537.36 (KHTML, like Gecko; compatible; bingbot/2.0; +http://www.bing.com/bingbot.htm) Chrome/116.0.1938.76 Safari/537.36"
66.249.72.229 - - [16/Apr/2026:05:10:50 +0000] "GET /products/2073043607 HTTP/1.1" 404 16498 "-" "Mozilla/5.0 (Linux; Android 6.0.1; Nexus 5X Build/MMB29P) AppleWebKit/537.36 (KHTML, like Gecko) Chrome/146.0.7680.177 Mobile Safari/537.36 (compatible; Googlebot/2.1; +http://www.google.com/bot.html)"
66.249.72.228 - - [16/Apr/2026:05:13:34 +0000] "GET /products/63040200200 HTTP/1.1" 404 16498 "-" "Mozilla/5.0 (Linux; Android 6.0.1; Nexus 5X Build/MMB29P) AppleWebKit/537.36 (KHTML, like Gecko) Chrome/146.0.7680.177 Mobile Safari/537.36 (compatible; Googlebot/2.1; +http://www.google.com/bot.html)"
207.46.13.6 - - [16/Apr/2026:05:14:57 +0000] "GET /products/4430225569 HTTP/2" 404 16498 "-" "Mozilla/5.0 AppleWebKit/537.36 (KHTML, like Gecko; compatible; bingbot/2.0; +http://www.bing.com/bingbot.htm) Chrome/116.0.1938.76 Safari/537.36"
74.125.216.228 - - [16/Apr/2026:05:14:59 +0000] "GET /products/4430298511 HTTP/1.1" 404 16497 "-" "Mozilla/5.0 (X11; Linux x86_64) AppleWebKit/537.36 (KHTML, like Gecko) Chrome/146.0.7680.177 Safari/537.36"
74.125.216.228 - - [16/Apr/2026:05:15:02 +0000] "GET /wp-content/themes/generatepress/assets/js/menu.min.js?ver=3.6.1 HTTP/1.1" 200 1678 "https://bn55downoad.com.pk/products/4430298511" "Mozilla/5.0 (X11; Linux x86_64) AppleWebKit/537.36 (KHTML, like Gecko) Chrome/146.0.7680.177 Safari/537.36"
74.125.216.228 - - [16/Apr/2026:05:15:02 +0000] "GET /wp-content/uploads/2026/01/cropped-BN55DOWNLOAD.COM_.PK-1.png HTTP/1.1" 200 9794 "https://bn55downoad.com.pk/products/4430298511" "Mozilla/5.0 (X11; Linux x86_64) AppleWebKit/537.36 (KHTML, like Gecko) Chrome/146.0.7680.177 Safari/537.36"
66.249.72.228 - - [16/Apr/2026:05:18:49 +0000] "GET /products/31421224412 HTTP/1.1" 404 16498 "-" "Mozilla/5.0 (Linux; Android 6.0.1; Nexus 5X Build/MMB29P) AppleWebKit/537.36 (KHTML, like Gecko) Chrome/146.0.7680.177 Mobile Safari/537.36 (compatible; Googlebot/2.1; +http://www.google.com/bot.html)"
185.244.36.210 - - [16/Apr/2026:04:59:52 +0000] "POST /wp-cron.php?doing_wp_cron=1776315592.0792589187622070312500 HTTP/1.1" 200 0 "-" "WordPress/6.9.4; https://bn55downoad.com.pk"
66.249.72.229 - - [16/Apr/2026:05:02:35 +0000] "GET /products/1941249030 HTTP/1.1" 404 16498 "-" "Mozilla/5.0 (Linux; Android 6.0.1; Nexus 5X Build/MMB29P) AppleWebKit/537.36 (KHTML, like Gecko) Chrome/146.0.7680.177 Mobile Safari/537.36 (compatible; Googlebot/2.1; +http://www.google.com/bot.html)"
152.42.181.146 - - [16/Apr/2026:05:02:36 +0000] "GET /wp-login.php HTTP/2" 200 1939 "-" "Mozilla/5.0 (X11; Linux x86_64) AppleWebKit/537.36 (KHTML, like Gecko) Chrome/66.0.3359.139 Safari/537.36"
152.42.181.146 - - [16/Apr/2026:05:02:40 +0000] "POST /wp-login.php HTTP/2" 200 2081 "https://www.bn55downoad.com.pk/wp-login.php" "Mozilla/5.0 (X11; Linux x86_64) AppleWebKit/537.36 (KHTML, like Gecko) Chrome/66.0.3359.139 Safari/537.36"
66.249.72.228 - - [16/Apr/2026:05:08:45 +0000] "GET /products/6304074997 HTTP/1.1" 404 16498 "-" "Mozilla/5.0 (Linux; Android 6.0.1; Nexus 5X Build/MMB29P) AppleWebKit/537.36 (KHTML, like Gecko) Chrome/146.0.7680.177 Mobile Safari/537.36 (compatible; Googlebot/2.1; +http://www.google.com/bot.html)"
185.244.36.210 - - [16/Apr/2026:05:10:52 +0000] "POST /wp-cron.php?doing_wp_cron=1776316252.3705420494079589843750 HTTP/1.1" 200 0 "-" "WordPress/6.9.4; https://bn55downoad.com.pk"
66.249.72.229 - - [16/Apr/2026:05:11:10 +0000] "GET /products/63040119912 HTTP/1.1" 404 16498 "-" "Mozilla/5.0 (Linux; Android 6.0.1; Nexus 5X Build/MMB29P) AppleWebKit/537.36 (KHTML, like Gecko) Chrome/146.0.7680.177 Mobile Safari/537.36 (compatible; Googlebot/2.1; +http://www.google.com/bot.html)"
185.244.36.210 - - [16/Apr/2026:05:14:58 +0000] "POST /wp-cron.php?doing_wp_cron=1776316498.4722568988800048828125 HTTP/1.1" 200 0 "-" "WordPress/6.9.4; https://bn55downoad.com.pk"
74.125.216.229 - - [16/Apr/2026:05:15:02 +0000] "GET /wp-content/themes/generatepress/assets/css/main.min.css?ver=3.6.1 HTTP/1.1" 200 4410 "https://bn55downoad.com.pk/products/4430298511" "Mozilla/5.0 (X11; Linux x86_64) AppleWebKit/537.36 (KHTML, like Gecko) Chrome/146.0.7680.177 Safari/537.36"
74.125.216.230 - - [16/Apr/2026:05:15:02 +0000] "GET /wp-content/plugins/ultimate-blocks/src/extensions/style.css?ver=6.9.4 HTTP/1.1" 200 93 "https://bn55downoad.com.pk/products/4430298511" "Mozilla/5.0 (X11; Linux x86_64) AppleWebKit/537.36 (KHTML, like Gecko) Chrome/146.0.7680.177 Safari/537.36"
66.249.72.230 - - [16/Apr/2026:05:26:18 +0000] "GET /products/83892239181 HTTP/1.1" 404 16498 "-" "Mozilla/5.0 (Linux; Android 6.0.1; Nexus 5X Build/MMB29P) AppleWebKit/537.36 (KHTML, like Gecko) Chrome/146.0.7680.177 Mobile Safari/537.36 (compatible; Googlebot/2.1; +http://www.google.com/bot.html)"
148.135.143.169 - - [16/Apr/2026:05:31:17 +0000] "GET /wp-login.php HTTP/2" 200 1939 "-" "Mozilla/5.0 (compatible; MSIE 9.0; Windows NT 6.1; Win64; x64; Trident/7.0)"
148.135.143.169 - - [16/Apr/2026:05:31:21 +0000] "POST /wp-login.php HTTP/2" 200 2081 "https://mail.bn55downoad.com.pk/wp-login.php" "Mozilla/5.0 (compatible; MSIE 9.0; Windows NT 6.1; Win64; x64; Trident/7.0)"
69.5.20.170 - - [16/Apr/2026:05:33:09 +0000] "GET /wp-login.php HTTP/2" 200 1939 "-" "Mozilla/5.0 (Windows NT 6.3; ARM; Trident/7.0; Touch; rv:11.0) like Gecko"
69.5.20.170 - - [16/Apr/2026:05:33:10 +0000] "POST /wp-login.php HTTP/2" 200 2071 "https://www.bn55downoad.com.pk.millwin.org/wp-login.php" "Mozilla/5.0 (Windows NT 6.3; ARM; Trident/7.0; Touch; rv:11.0) like Gecko"
139.59.3.17 - - [16/Apr/2026:05:34:23 +0000] "GET /wp-login.php HTTP/2" 200 1939 "-" "Mozilla/5.0 (Windows NT 6.1; WOW64; Trident/7.0; EIE10;ENUSMSN; rv:11.0) like Gecko"
139.59.3.17 - - [16/Apr/2026:05:34:27 +0000] "POST /wp-login.php HTTP/2" 200 2081 "https://www.bn55downoad.com.pk.millwin.org/wp-login.php" "Mozilla/5.0 (Windows NT 6.1; WOW64; Trident/7.0; EIE10;ENUSMSN; rv:11.0) like Gecko"
136.144.35.161 - - [16/Apr/2026:05:37:07 +0000] "POST /wp-login.php HTTP/1.1" 200 6668 "-" "Mozilla/5.0"
66.249.72.229 - - [16/Apr/2026:05:22:04 +0000] "GET /products/13610274638 HTTP/1.1" 404 16498 "-" "Mozilla/5.0 (Linux; Android 6.0.1; Nexus 5X Build/MMB29P) AppleWebKit/537.36 (KHTML, like Gecko) Chrome/146.0.7680.177 Mobile Safari/537.36 (compatible; Googlebot/2.1; +http://www.google.com/bot.html)"
66.249.72.228 - - [16/Apr/2026:05:23:45 +0000] "GET /products/8749075956 HTTP/1.1" 404 16498 "-" "Mozilla/5.0 (Linux; Android 6.0.1; Nexus 5X Build/MMB29P) AppleWebKit/537.36 (KHTML, like Gecko) Chrome/146.0.7680.177 Mobile Safari/537.36 (compatible; Googlebot/2.1; +http://www.google.com/bot.html)"
66.249.72.229 - - [16/Apr/2026:05:24:58 +0000] "GET /products/83892126203 HTTP/1.1" 404 16498 "-" "Mozilla/5.0 (Linux; Android 6.0.1; Nexus 5X Build/MMB29P) AppleWebKit/537.36 (KHTML, like Gecko) Chrome/146.0.7680.177 Mobile Safari/537.36 (compatible; Googlebot/2.1; +http://www.google.com/bot.html)"
217.148.136.104 - - [16/Apr/2026:05:24:59 +0000] "GET /wp-login.php HTTP/2" 200 1939 "-" "Mozilla/4.0 (compatible; MSIE 7.0; Windows NT 6.1; WOW64; Trident/7.0; SLCC2; .NET CLR 2.0.50727; .NET CLR 3.5.30729; .NET CLR 3.0.30729; Media Center PC 6.0; .NET4.0C; InfoPath.3; .NET4.0E)"
217.148.136.104 - - [16/Apr/2026:05:25:03 +0000] "POST /wp-login.php HTTP/2" 200 2071 "https://www.bn55downoad.com.pk/wp-login.php" "Mozilla/4.0 (compatible; MSIE 7.0; Windows NT 6.1; WOW64; Trident/7.0; SLCC2; .NET CLR 2.0.50727; .NET CLR 3.5.30729; .NET CLR 3.0.30729; Media Center PC 6.0; .NET4.0C; InfoPath.3; .NET4.0E)"
207.46.13.154 - - [16/Apr/2026:05:45:00 +0000] "GET /products/3142120197 HTTP/2" 404 16498 "-" "Mozilla/5.0 AppleWebKit/537.36 (KHTML, like Gecko; compatible; bingbot/2.0; +http://www.bing.com/bingbot.htm) Chrome/116.0.1938.76 Safari/537.36"
66.249.72.228 - - [16/Apr/2026:05:55:50 +0000] "GET /products/19412260801 HTTP/1.1" 404 16498 "-" "Mozilla/5.0 (Linux; Android 6.0.1; Nexus 5X Build/MMB29P) AppleWebKit/537.36 (KHTML, like Gecko) Chrome/146.0.7680.177 Mobile Safari/537.36 (compatible; Googlebot/2.1; +http://www.google.com/bot.html)"
103.74.123.125 - - [16/Apr/2026:05:56:04 +0000] "GET /wp-login.php HTTP/2" 200 1939 "-" "Mozilla/5.0 (Macintosh; Intel Mac OS X 10_9_5) AppleWebKit/537.36 (KHTML, like Gecko) Chrome/66.0.3359.117 Safari/537.36"
103.74.123.125 - - [16/Apr/2026:05:56:05 +0000] "POST /wp-login.php HTTP/2" 200 2081 "https://www.bn55downoad.com.pk/wp-login.php" "Mozilla/5.0 (Macintosh; Intel Mac OS X 10_9_5) AppleWebKit/537.36 (KHTML, like Gecko) Chrome/66.0.3359.117 Safari/537.36"
66.249.72.229 - - [16/Apr/2026:05:56:25 +0000] "GET /products/87490274082 HTTP/1.1" 404 16498 "-" "Mozilla/5.0 (Linux; Android 6.0.1; Nexus 5X Build/MMB29P) AppleWebKit/537.36 (KHTML, like Gecko) Chrome/146.0.7680.177 Mobile Safari/537.36 (compatible; Googlebot/2.1; +http://www.google.com/bot.html)"
185.244.36.210 - - [16/Apr/2026:06:00:53 +0000] "POST /wp-cron.php?doing_wp_cron=1776319253.0772929191589355468750 HTTP/1.1" 200 0 "-" "WordPress/6.9.4; https://bn55downoad.com.pk"
66.249.72.229 - - [16/Apr/2026:06:04:15 +0000] "GET /products/1941232287 HTTP/1.1" 404 17484 "-" "Mozilla/5.0 (Linux; Android 6.0.1; Nexus 5X Build/MMB29P) AppleWebKit/537.36 (KHTML, like Gecko) Chrome/146.0.7680.177 Mobile Safari/537.36 (compatible; Googlebot/2.1; +http://www.google.com/bot.html)"
136.144.35.184 - - [16/Apr/2026:06:04:41 +0000] "POST /wp-login.php HTTP/1.1" 200 6668 "-" "Mozilla/5.0"
66.249.72.228 - - [16/Apr/2026:06:05:12 +0000] "GET /products/98271281838 HTTP/1.1" 404 17486 "-" "Mozilla/5.0 (Linux; Android 6.0.1; Nexus 5X Build/MMB29P) AppleWebKit/537.36 (KHTML, like Gecko) Chrome/146.0.7680.177 Mobile Safari/537.36 (compatible; Googlebot/2.1; +http://www.google.com/bot.html)"
15.204.134.13 - - [16/Apr/2026:06:05:46 +0000] "GET / HTTP/2" 200 25796 "-" "Mozilla/5.0 (X11; Linux x86_64) AppleWebKit/537.36 (KHTML, like Gecko) HeadlessChrome/147.0.0.0 Safari/537.36"
217.160.202.182 - - [16/Apr/2026:05:44:29 +0000] "GET / HTTP/2" 200 27721 "-" "Mozilla/5.0 (Windows NT 10.0; Win64; x64) AppleWebKit/537.36 (KHTML, like Gecko) Chrome/91.0.4472.114 Safari/537.36 Edg/91.0.864.54"
185.244.36.210 - - [16/Apr/2026:05:45:03 +0000] "POST /wp-cron.php?doing_wp_cron=1776318303.1787989139556884765625 HTTP/1.1" 200 0 "-" "WordPress/6.9.4; https://bn55downoad.com.pk"
185.244.36.210 - - [16/Apr/2026:05:55:52 +0000] "POST /wp-cron.php?doing_wp_cron=1776318952.3050160408020019531250 HTTP/1.1" 200 0 "-" "WordPress/6.9.4; https://bn55downoad.com.pk"
66.249.72.230 - - [16/Apr/2026:06:00:50 +0000] "GET /products/19412136265 HTTP/1.1" 404 17486 "-" "Mozilla/5.0 (Linux; Android 6.0.1; Nexus 5X Build/MMB29P) AppleWebKit/537.36 (KHTML, like Gecko) Chrome/146.0.7680.177 Mobile Safari/537.36 (compatible; Googlebot/2.1; +http://www.google.com/bot.html)"
66.249.72.228 - - [16/Apr/2026:06:04:42 +0000] "GET /products/87490225422 HTTP/1.1" 404 17484 "-" "Mozilla/5.0 (Linux; Android 6.0.1; Nexus 5X Build/MMB29P) AppleWebKit/537.36 (KHTML, like Gecko) Chrome/146.0.7680.177 Mobile Safari/537.36 (compatible; Googlebot/2.1; +http://www.google.com/bot.html)"
15.204.134.13 - - [16/Apr/2026:06:05:50 +0000] "GET /wp-content/plugins/ultimate-blocks/src/extensions/style.css?ver=6.9.4 HTTP/2" 200 93 "https://bn55downoad.com.pk/" "Mozilla/5.0 (X11; Linux x86_64) AppleWebKit/537.36 (KHTML, like Gecko) HeadlessChrome/147.0.0.0 Safari/537.36"
15.204.134.13 - - [16/Apr/2026:06:05:50 +0000] "GET /wp-content/uploads/2026/01/cropped-BN55DOWNLOAD.COM_.PK-1.png HTTP/2" 200 9794 "https://bn55downoad.com.pk/" "Mozilla/5.0 (X11; Linux x86_64) AppleWebKit/537.36 (KHTML, like Gecko) HeadlessChrome/147.0.0.0 Safari/537.36"
15.204.134.13 - - [16/Apr/2026:06:05:50 +0000] "GET /wp-content/themes/generatepress/assets/js/menu.min.js?ver=3.6.1 HTTP/2" 200 1678 "https://bn55downoad.com.pk/" "Mozilla/5.0 (X11; Linux x86_64) AppleWebKit/537.36 (KHTML, like Gecko) HeadlessChrome/147.0.0.0 Safari/537.36"
15.204.134.13 - - [16/Apr/2026:06:05:50 +0000] "GET /wp-content/themes/generatepress/assets/css/main.min.css?ver=3.6.1 HTTP/2" 200 4410 "https://bn55downoad.com.pk/" "Mozilla/5.0 (X11; Linux x86_64) AppleWebKit/537.36 (KHTML, like Gecko) HeadlessChrome/147.0.0.0 Safari/537.36"
15.204.134.13 - - [16/Apr/2026:06:05:50 +0000] "GET /wp-content/plugins/ultimate-blocks/dist/blocks.style.build.css?ver=3.5.4 HTTP/2" 200 12651 "https://bn55downoad.com.pk/" "Mozilla/5.0 (X11; Linux x86_64) AppleWebKit/537.36 (KHTML, like Gecko) HeadlessChrome/147.0.0.0 Safari/537.36"
15.204.134.13 - - [16/Apr/2026:06:05:50 +0000] "GET /wp-content/uploads/2026/01/WhatsApp-Image-2026-01-05-at-21.44.52-1-614x1024.jpeg HTTP/2" 200 137166 "https://bn55downoad.com.pk/" "Mozilla/5.0 (X11; Linux x86_64) AppleWebKit/537.36 (KHTML, like Gecko) HeadlessChrome/147.0.0.0 Safari/537.36"
15.204.134.13 - - [16/Apr/2026:06:05:50 +0000] "GET /wp-content/uploads/2026/01/BN55DOWNLOAD.COM_.PK-1.png HTTP/2" 200 20641 "https://bn55downoad.com.pk/" "Mozilla/5.0 (X11; Linux x86_64) AppleWebKit/537.36 (KHTML, like Gecko) HeadlessChrome/147.0.0.0 Safari/537.36"
15.204.134.13 - - [16/Apr/2026:06:05:50 +0000] "GET /wp-includes/js/wp-emoji-release.min.js?ver=6.9.4 HTTP/2" 200 4949 "https://bn55downoad.com.pk/" "Mozilla/5.0 (X11; Linux x86_64) AppleWebKit/537.36 (KHTML, like Gecko) HeadlessChrome/147.0.0.0 Safari/537.36"
15.204.134.13 - - [16/Apr/2026:06:05:50 +0000] "GET /wp-content/uploads/2026/01/cropped-BN55DOWNLOAD.COM_.PK_-32x32.png HTTP/2" 200 1331 "https://bn55downoad.com.pk/" "Mozilla/5.0 (X11; Linux x86_64) AppleWebKit/537.36 (KHTML, like Gecko) HeadlessChrome/147.0.0.0 Safari/537.36"
66.249.72.228 - - [16/Apr/2026:06:08:42 +0000] "GET /products/6304062242 HTTP/1.1" 404 796 "-" "Mozilla/5.0 (Linux; Android 6.0.1; Nexus 5X Build/MMB29P) AppleWebKit/537.36 (KHTML, like Gecko) Chrome/146.0.7680.177 Mobile Safari/537.36 (compatible; Googlebot/2.1; +http://www.google.com/bot.html)"
66.249.72.229 - - [16/Apr/2026:06:09:58 +0000] "GET /products/13610275128 HTTP/1.1" 404 796 "-" "Mozilla/5.0 (Linux; Android 6.0.1; Nexus 5X Build/MMB29P) AppleWebKit/537.36 (KHTML, like Gecko) Chrome/146.0.7680.177 Mobile Safari/537.36 (compatible; Googlebot/2.1; +http://www.google.com/bot.html)"
66.249.72.228 - - [16/Apr/2026:06:10:05 +0000] "GET /products/194124566 HTTP/1.1" 404 796 "-" "Mozilla/5.0 (Linux; Android 6.0.1; Nexus 5X Build/MMB29P) AppleWebKit/537.36 (KHTML, like Gecko) Chrome/146.0.7680.177 Mobile Safari/537.36 (compatible; Googlebot/2.1; +http://www.google.com/bot.html)"
66.249.72.228 - - [16/Apr/2026:06:10:22 +0000] "GET /products/4430225718 HTTP/1.1" 404 796 "-" "Mozilla/5.0 (Linux; Android 6.0.1; Nexus 5X Build/MMB29P) AppleWebKit/537.36 (KHTML, like Gecko) Chrome/146.0.7680.177 Mobile Safari/537.36 (compatible; Googlebot/2.1; +http://www.google.com/bot.html)"
66.249.72.229 - - [16/Apr/2026:06:11:06 +0000] "GET /products/44302208597 HTTP/1.1" 404 796 "-" "Mozilla/5.0 (Linux; Android 6.0.1; Nexus 5X Build/MMB29P) AppleWebKit/537.36 (KHTML, like Gecko) Chrome/146.0.7680.177 Mobile Safari/537.36 (compatible; Googlebot/2.1; +http://www.google.com/bot.html)"
66.249.72.228 - - [16/Apr/2026:06:11:19 +0000] "GET /products/31421266794 HTTP/1.1" 404 796 "-" "Mozilla/5.0 (Linux; Android 6.0.1; Nexus 5X Build/MMB29P) AppleWebKit/537.36 (KHTML, like Gecko) Chrome/146.0.7680.177 Mobile Safari/537.36 (compatible; Googlebot/2.1; +http://www.google.com/bot.html)"
66.249.72.228 - - [16/Apr/2026:06:11:19 +0000] "GET /products/13610223396 HTTP/1.1" 404 796 "-" "Mozilla/5.0 (Linux; Android 6.0.1; Nexus 5X Build/MMB29P) AppleWebKit/537.36 (KHTML, like Gecko) Chrome/146.0.7680.177 Mobile Safari/537.36 (compatible; Googlebot/2.1; +http://www.google.com/bot.html)"
66.249.72.228 - - [16/Apr/2026:06:11:20 +0000] "GET /products/13610181628 HTTP/1.1" 404 796 "-" "Mozilla/5.0 (Linux; Android 6.0.1; Nexus 5X Build/MMB29P) AppleWebKit/537.36 (KHTML, like Gecko) Chrome/146.0.7680.177 Mobile Safari/537.36 (compatible; Googlebot/2.1; +http://www.google.com/bot.html)"
66.249.72.228 - - [16/Apr/2026:06:11:20 +0000] "GET /products/96714244993 HTTP/1.1" 404 796 "-" "Mozilla/5.0 (Linux; Android 6.0.1; Nexus 5X Build/MMB29P) AppleWebKit/537.36 (KHTML, like Gecko) Chrome/146.0.7680.177 Mobile Safari/537.36 (compatible; Googlebot/2.1; +http://www.google.com/bot.html)"
66.249.72.228 - - [16/Apr/2026:06:11:21 +0000] "GET /products/83892139612 HTTP/1.1" 404 796 "-" "Mozilla/5.0 (Linux; Android 6.0.1; Nexus 5X Build/MMB29P) AppleWebKit/537.36 (KHTML, like Gecko) Chrome/146.0.7680.177 Mobile Safari/537.36 (compatible; Googlebot/2.1; +http://www.google.com/bot.html)"
66.249.72.228 - - [16/Apr/2026:06:11:22 +0000] "GET /products/63040204537 HTTP/1.1" 404 796 "-" "Mozilla/5.0 (Linux; Android 6.0.1; Nexus 5X Build/MMB29P) AppleWebKit/537.36 (KHTML, like Gecko) Chrome/146.0.7680.177 Mobile Safari/537.36 (compatible; Googlebot/2.1; +http://www.google.com/bot.html)"
66.249.72.228 - - [16/Apr/2026:06:11:22 +0000] "GET /products/96714226183 HTTP/1.1" 404 796 "-" "Mozilla/5.0 (Linux; Android 6.0.1; Nexus 5X Build/MMB29P) AppleWebKit/537.36 (KHTML, like Gecko) Chrome/146.0.7680.177 Mobile Safari/537.36 (compatible; Googlebot/2.1; +http://www.google.com/bot.html)"
66.249.72.228 - - [16/Apr/2026:06:11:23 +0000] "GET /products/19412108952 HTTP/1.1" 404 796 "-" "Mozilla/5.0 (Linux; Android 6.0.1; Nexus 5X Build/MMB29P) AppleWebKit/537.36 (KHTML, like Gecko) Chrome/146.0.7680.177 Mobile Safari/537.36 (compatible; Googlebot/2.1; +http://www.google.com/bot.html)"
66.249.72.228 - - [16/Apr/2026:06:11:23 +0000] "GET /products/13610113204 HTTP/1.1" 404 796 "-" "Mozilla/5.0 (Linux; Android 6.0.1; Nexus 5X Build/MMB29P) AppleWebKit/537.36 (KHTML, like Gecko) Chrome/146.0.7680.177 Mobile Safari/537.36 (compatible; Googlebot/2.1; +http://www.google.com/bot.html)"
45.92.229.211 - - [16/Apr/2026:06:22:47 +0000] "GET /wp-login.php HTTP/1.1" 404 796 "-" "Mozilla/5.0"
66.249.72.229 - - [16/Apr/2026:06:11:19 +0000] "GET /products/2073028099 HTTP/1.1" 404 796 "-" "Mozilla/5.0 (Linux; Android 6.0.1; Nexus 5X Build/MMB29P) AppleWebKit/537.36 (KHTML, like Gecko) Chrome/146.0.7680.177 Mobile Safari/537.36 (compatible; Googlebot/2.1; +http://www.google.com/bot.html)"
66.249.72.229 - - [16/Apr/2026:06:11:21 +0000] "GET /products/13610166627 HTTP/1.1" 404 796 "-" "Mozilla/5.0 (Linux; Android 6.0.1; Nexus 5X Build/MMB29P) AppleWebKit/537.36 (KHTML, like Gecko) Chrome/146.0.7680.177 Mobile Safari/537.36 (compatible; Googlebot/2.1; +http://www.google.com/bot.html)"
66.249.72.229 - - [16/Apr/2026:06:11:22 +0000] "GET /products/87490113530 HTTP/1.1" 404 796 "-" "Mozilla/5.0 (Linux; Android 6.0.1; Nexus 5X Build/MMB29P) AppleWebKit/537.36 (KHTML, like Gecko) Chrome/146.0.7680.177 Mobile Safari/537.36 (compatible; Googlebot/2.1; +http://www.google.com/bot.html)"
66.249.72.230 - - [16/Apr/2026:06:15:04 +0000] "GET /products/8389216856 HTTP/1.1" 404 796 "-" "Mozilla/5.0 (Linux; Android 6.0.1; Nexus 5X Build/MMB29P) AppleWebKit/537.36 (KHTML, like Gecko) Chrome/146.0.7680.177 Mobile Safari/537.36 (compatible; Googlebot/2.1; +http://www.google.com/bot.html)"
66.249.72.228 - - [16/Apr/2026:06:16:41 +0000] "GET /products/31421106844 HTTP/1.1" 404 796 "-" "Mozilla/5.0 (Linux; Android 6.0.1; Nexus 5X Build/MMB29P) AppleWebKit/537.36 (KHTML, like Gecko) Chrome/146.0.7680.177 Mobile Safari/537.36 (compatible; Googlebot/2.1; +http://www.google.com/bot.html)"
66.249.72.229 - - [16/Apr/2026:06:18:28 +0000] "GET /products/98271122492 HTTP/1.1" 404 796 "-" "Mozilla/5.0 (Linux; Android 6.0.1; Nexus 5X Build/MMB29P) AppleWebKit/537.36 (KHTML, like Gecko) Chrome/146.0.7680.177 Mobile Safari/537.36 (compatible; Googlebot/2.1; +http://www.google.com/bot.html)"
66.249.72.228 - - [16/Apr/2026:06:18:29 +0000] "GET /products/87490191027 HTTP/1.1" 404 796 "-" "Mozilla/5.0 (Linux; Android 6.0.1; Nexus 5X Build/MMB29P) AppleWebKit/537.36 (KHTML, like Gecko) Chrome/146.0.7680.177 Mobile Safari/537.36 (compatible; Googlebot/2.1; +http://www.google.com/bot.html)"
66.249.72.228 - - [16/Apr/2026:06:18:52 +0000] "GET /products/19412260233 HTTP/1.1" 404 796 "-" "Mozilla/5.0 (Linux; Android 6.0.1; Nexus 5X Build/MMB29P) AppleWebKit/537.36 (KHTML, like Gecko) Chrome/146.0.7680.177 Mobile Safari/537.36 (compatible; Googlebot/2.1; +http://www.google.com/bot.html)"
66.249.72.228 - - [16/Apr/2026:06:20:27 +0000] "GET /products/2073040329 HTTP/1.1" 404 796 "-" "Mozilla/5.0 (Linux; Android 6.0.1; Nexus 5X Build/MMB29P) AppleWebKit/537.36 (KHTML, like Gecko) Chrome/146.0.7680.177 Mobile Safari/537.36 (compatible; Googlebot/2.1; +http://www.google.com/bot.html)"
66.249.72.229 - - [16/Apr/2026:06:20:54 +0000] "GET /products/314214249 HTTP/1.1" 404 796 "-" "Mozilla/5.0 (Linux; Android 6.0.1; Nexus 5X Build/MMB29P) AppleWebKit/537.36 (KHTML, like Gecko) Chrome/146.0.7680.177 Mobile Safari/537.36 (compatible; Googlebot/2.1; +http://www.google.com/bot.html)"
66.249.72.230 - - [16/Apr/2026:06:21:03 +0000] "GET /products/19412200286 HTTP/1.1" 404 796 "-" "Mozilla/5.0 (Linux; Android 6.0.1; Nexus 5X Build/MMB29P) AppleWebKit/537.36 (KHTML, like Gecko) Chrome/146.0.7680.177 Mobile Safari/537.36 (compatible; Googlebot/2.1; +http://www.google.com/bot.html)"
66.249.72.229 - - [16/Apr/2026:06:21:33 +0000] "GET /products/3142183281 HTTP/1.1" 404 796 "-" "Mozilla/5.0 (Linux; Android 6.0.1; Nexus 5X Build/MMB29P) AppleWebKit/537.36 (KHTML, like Gecko) Chrome/146.0.7680.177 Mobile Safari/537.36 (compatible; Googlebot/2.1; +http://www.google.com/bot.html)"
66.249.72.228 - - [16/Apr/2026:06:11:24 +0000] "GET /products/1361073472 HTTP/1.1" 404 796 "-" "Mozilla/5.0 (Linux; Android 6.0.1; Nexus 5X Build/MMB29P) AppleWebKit/537.36 (KHTML, like Gecko) Chrome/146.0.7680.177 Mobile Safari/537.36 (compatible; Googlebot/2.1; +http://www.google.com/bot.html)"
66.249.72.228 - - [16/Apr/2026:06:11:24 +0000] "GET /products/96714255701 HTTP/1.1" 404 796 "-" "Mozilla/5.0 (Linux; Android 6.0.1; Nexus 5X Build/MMB29P) AppleWebKit/537.36 (KHTML, like Gecko) Chrome/146.0.7680.177 Mobile Safari/537.36 (compatible; Googlebot/2.1; +http://www.google.com/bot.html)"
66.249.72.228 - - [16/Apr/2026:06:11:24 +0000] "GET /products/31421199058 HTTP/1.1" 404 796 "-" "Mozilla/5.0 (Linux; Android 6.0.1; Nexus 5X Build/MMB29P) AppleWebKit/537.36 (KHTML, like Gecko) Chrome/146.0.7680.177 Mobile Safari/537.36 (compatible; Googlebot/2.1; +http://www.google.com/bot.html)"
66.249.72.228 - - [16/Apr/2026:06:11:25 +0000] "GET /products/98271279402 HTTP/1.1" 404 796 "-" "Mozilla/5.0 (Linux; Android 6.0.1; Nexus 5X Build/MMB29P) AppleWebKit/537.36 (KHTML, like Gecko) Chrome/146.0.7680.177 Mobile Safari/537.36 (compatible; Googlebot/2.1; +http://www.google.com/bot.html)"
66.249.72.228 - - [16/Apr/2026:06:11:25 +0000] "GET /products/1361071706 HTTP/1.1" 404 796 "-" "Mozilla/5.0 (Linux; Android 6.0.1; Nexus 5X Build/MMB29P) AppleWebKit/537.36 (KHTML, like Gecko) Chrome/146.0.7680.177 Mobile Safari/537.36 (compatible; Googlebot/2.1; +http://www.google.com/bot.html)"
66.249.72.228 - - [16/Apr/2026:06:11:26 +0000] "GET /products/98271128055 HTTP/1.1" 404 796 "-" "Mozilla/5.0 (Linux; Android 6.0.1; Nexus 5X Build/MMB29P) AppleWebKit/537.36 (KHTML, like Gecko) Chrome/146.0.7680.177 Mobile Safari/537.36 (compatible; Googlebot/2.1; +http://www.google.com/bot.html)"
66.249.72.228 - - [16/Apr/2026:06:11:26 +0000] "GET /products/8749028862 HTTP/1.1" 404 796 "-" "Mozilla/5.0 (Linux; Android 6.0.1; Nexus 5X Build/MMB29P) AppleWebKit/537.36 (KHTML, like Gecko) Chrome/146.0.7680.177 Mobile Safari/537.36 (compatible; Googlebot/2.1; +http://www.google.com/bot.html)"
66.249.72.228 - - [16/Apr/2026:06:14:37 +0000] "GET /products/20730107546 HTTP/1.1" 404 796 "-" "Mozilla/5.0 (Linux; Android 6.0.1; Nexus 5X Build/MMB29P) AppleWebKit/537.36 (KHTML, like Gecko) Chrome/146.0.7680.177 Mobile Safari/537.36 (compatible; Googlebot/2.1; +http://www.google.com/bot.html)"
66.249.72.228 - - [16/Apr/2026:06:15:36 +0000] "GET /products/20730128442 HTTP/1.1" 404 796 "-" "Mozilla/5.0 (Linux; Android 6.0.1; Nexus 5X Build/MMB29P) AppleWebKit/537.36 (KHTML, like Gecko) Chrome/146.0.7680.177 Mobile Safari/537.36 (compatible; Googlebot/2.1; +http://www.google.com/bot.html)"
66.249.72.228 - - [16/Apr/2026:06:15:39 +0000] "GET /products/20730172364 HTTP/1.1" 404 796 "-" "Mozilla/5.0 (Linux; Android 6.0.1; Nexus 5X Build/MMB29P) AppleWebKit/537.36 (KHTML, like Gecko) Chrome/146.0.7680.177 Mobile Safari/537.36 (compatible; Googlebot/2.1; +http://www.google.com/bot.html)"
66.249.72.229 - - [16/Apr/2026:06:21:15 +0000] "GET /products/20730195856 HTTP/1.1" 404 796 "-" "Mozilla/5.0 (Linux; Android 6.0.1; Nexus 5X Build/MMB29P) AppleWebKit/537.36 (KHTML, like Gecko) Chrome/146.0.7680.177 Mobile Safari/537.36 (compatible; Googlebot/2.1; +http://www.google.com/bot.html)"
66.249.72.228 - - [16/Apr/2026:06:21:43 +0000] "GET /products/83892132627 HTTP/1.1" 404 796 "-" "Mozilla/5.0 (Linux; Android 6.0.1; Nexus 5X Build/MMB29P) AppleWebKit/537.36 (KHTML, like Gecko) Chrome/146.0.7680.177 Mobile Safari/537.36 (compatible; Googlebot/2.1; +http://www.google.com/bot.html)"
66.249.72.230 - - [16/Apr/2026:06:22:31 +0000] "GET /products/44302254625 HTTP/1.1" 404 796 "-" "Mozilla/5.0 (Linux; Android 6.0.1; Nexus 5X Build/MMB29P) AppleWebKit/537.36 (KHTML, like Gecko) Chrome/146.0.7680.177 Mobile Safari/537.36 (compatible; Googlebot/2.1; +http://www.google.com/bot.html)"
66.249.72.228 - - [16/Apr/2026:06:22:35 +0000] "GET /products/44302240018 HTTP/1.1" 404 796 "-" "Mozilla/5.0 (Linux; Android 6.0.1; Nexus 5X Build/MMB29P) AppleWebKit/537.36 (KHTML, like Gecko) Chrome/146.0.7680.177 Mobile Safari/537.36 (compatible; Googlebot/2.1; +http://www.google.com/bot.html)"
66.249.64.100 - - [16/Apr/2026:06:22:48 +0000] "GET /products/8389227962 HTTP/1.1" 404 796 "-" "Mozilla/5.0 (Linux; Android 6.0.1; Nexus 5X Build/MMB29P) AppleWebKit/537.36 (KHTML, like Gecko) Chrome/146.0.7680.177 Mobile Safari/537.36 (compatible; Googlebot/2.1; +http://www.google.com/bot.html)"
66.249.72.230 - - [16/Apr/2026:06:25:55 +0000] "GET /products/31421248062 HTTP/1.1" 404 796 "-" "Mozilla/5.0 (Linux; Android 6.0.1; Nexus 5X Build/MMB29P) AppleWebKit/537.36 (KHTML, like Gecko) Chrome/146.0.7680.177 Mobile Safari/537.36 (compatible; Googlebot/2.1; +http://www.google.com/bot.html)"
66.249.72.229 - - [16/Apr/2026:06:26:17 +0000] "GET /products/44302263513 HTTP/1.1" 404 796 "-" "Mozilla/5.0 (Linux; Android 6.0.1; Nexus 5X Build/MMB29P) AppleWebKit/537.36 (KHTML, like Gecko) Chrome/146.0.7680.177 Mobile Safari/537.36 (compatible; Googlebot/2.1; +http://www.google.com/bot.html)"
74.125.216.228 - - [16/Apr/2026:06:29:21 +0000] "GET /products/87490121094 HTTP/1.1" 404 796 "-" "Mozilla/5.0 (X11; Linux x86_64) AppleWebKit/537.36 (KHTML, like Gecko) Chrome/146.0.7680.177 Safari/537.36"
66.249.72.228 - - [16/Apr/2026:06:34:30 +0000] "GET /products/98271269180 HTTP/1.1" 404 796 "-" "Mozilla/5.0 (Linux; Android 6.0.1; Nexus 5X Build/MMB29P) AppleWebKit/537.36 (KHTML, like Gecko) Chrome/146.0.7680.177 Mobile Safari/537.36 (compatible; Googlebot/2.1; +http://www.google.com/bot.html)"
192.185.131.131 - - [16/Apr/2026:06:34:40 +0000] "GET /wp-login.php HTTP/2" 404 796 "-" "Mozilla/5.0 (Windows NT 6.3; WOW64; Trident/7.0; Touch; MASEJS; rv:11.0) like Gecko"
173.254.31.142 - - [16/Apr/2026:06:38:36 +0000] "GET /wp-login.php HTTP/2" 404 796 "-" "Mozilla/4.0 (compatible; MSIE 7.0; Windows NT 6.1; Win64; x64; Trident/7.0; .NET CLR 2.0.50727; SLCC2; .NET CLR 3.5.30729; .NET CLR 3.0.30729; Media Center PC 6.0; .NET4.0C; .NET4.0E; InfoPath.3)"
66.249.72.230 - - [16/Apr/2026:06:39:59 +0000] "GET /products/13610104644 HTTP/1.1" 404 796 "-" "Mozilla/5.0 (Linux; Android 6.0.1; Nexus 5X Build/MMB29P) AppleWebKit/537.36 (KHTML, like Gecko) Chrome/146.0.7680.177 Mobile Safari/537.36 (compatible; Googlebot/2.1; +http://www.google.com/bot.html)"
66.249.72.229 - - [16/Apr/2026:06:40:03 +0000] "GET /products/13610181326 HTTP/1.1" 404 796 "-" "Mozilla/5.0 (Linux; Android 6.0.1; Nexus 5X Build/MMB29P) AppleWebKit/537.36 (KHTML, like Gecko) Chrome/146.0.7680.177 Mobile Safari/537.36 (compatible; Googlebot/2.1; +http://www.google.com/bot.html)"
217.148.136.104 - - [16/Apr/2026:06:42:00 +0000] "GET /wp-login.php HTTP/2" 404 796 "-" "Mozilla/5.0 (Macintosh; Intel Mac OS X 10_11_6) AppleWebKit/602.2.14 (KHTML, like Gecko) Version/10.0.1 Safari/602.2.14"
66.249.72.228 - - [16/Apr/2026:06:46:32 +0000] "GET /products/13610153598 HTTP/1.1" 404 796 "-" "Mozilla/5.0 (Linux; Android 6.0.1; Nexus 5X Build/MMB29P) AppleWebKit/537.36 (KHTML, like Gecko) Chrome/146.0.7680.177 Mobile Safari/537.36 (compatible; Googlebot/2.1; +http://www.google.com/bot.html)"
66.249.72.224 - - [16/Apr/2026:06:47:18 +0000] "GET /products/13610262805 HTTP/1.1" 404 796 "-" "Mozilla/5.0 (Linux; Android 6.0.1; Nexus 5X Build/MMB29P) AppleWebKit/537.36 (KHTML, like Gecko) Chrome/146.0.7680.177 Mobile Safari/537.36 (compatible; Googlebot/2.1; +http://www.google.com/bot.html)"
66.249.72.228 - - [16/Apr/2026:06:49:09 +0000] "GET /products/19412269148 HTTP/1.1" 404 796 "-" "Mozilla/5.0 (Linux; Android 6.0.1; Nexus 5X Build/MMB29P) AppleWebKit/537.36 (KHTML, like Gecko) Chrome/146.0.7680.177 Mobile Safari/537.36 (compatible; Googlebot/2.1; +http://www.google.com/bot.html)"
66.249.72.228 - - [16/Apr/2026:06:49:22 +0000] "GET /products/20730133867 HTTP/1.1" 404 796 "-" "Mozilla/5.0 (Linux; Android 6.0.1; Nexus 5X Build/MMB29P) AppleWebKit/537.36 (KHTML, like Gecko) Chrome/146.0.7680.177 Mobile Safari/537.36 (compatible; Googlebot/2.1; +http://www.google.com/bot.html)"
66.249.72.228 - - [16/Apr/2026:06:49:46 +0000] "GET /products/83892142486 HTTP/1.1" 404 796 "-" "Mozilla/5.0 (Linux; Android 6.0.1; Nexus 5X Build/MMB29P) AppleWebKit/537.36 (KHTML, like Gecko) Chrome/146.0.7680.177 Mobile Safari/537.36 (compatible; Googlebot/2.1; +http://www.google.com/bot.html)"
66.249.72.228 - - [16/Apr/2026:06:53:35 +0000] "GET /products/31421285266 HTTP/1.1" 404 796 "-" "Mozilla/5.0 (Linux; Android 6.0.1; Nexus 5X Build/MMB29P) AppleWebKit/537.36 (KHTML, like Gecko) Chrome/146.0.7680.177 Mobile Safari/537.36 (compatible; Googlebot/2.1; +http://www.google.com/bot.html)"
66.249.72.230 - - [16/Apr/2026:06:27:57 +0000] "GET /products/1361028380 HTTP/1.1" 404 796 "-" "Mozilla/5.0 (Linux; Android 6.0.1; Nexus 5X Build/MMB29P) AppleWebKit/537.36 (KHTML, like Gecko) Chrome/146.0.7680.177 Mobile Safari/537.36 (compatible; Googlebot/2.1; +http://www.google.com/bot.html)"
66.249.72.229 - - [16/Apr/2026:06:28:29 +0000] "GET /products/98271212185 HTTP/1.1" 404 796 "-" "Mozilla/5.0 (Linux; Android 6.0.1; Nexus 5X Build/MMB29P) AppleWebKit/537.36 (KHTML, like Gecko) Chrome/146.0.7680.177 Mobile Safari/537.36 (compatible; Googlebot/2.1; +http://www.google.com/bot.html)"
136.144.35.166 - - [16/Apr/2026:06:32:34 +0000] "POST /wp-login.php HTTP/1.1" 404 796 "-" "Mozilla/5.0"
66.249.72.228 - - [16/Apr/2026:06:36:07 +0000] "GET /products/83892268165 HTTP/1.1" 404 796 "-" "Mozilla/5.0 (Linux; Android 6.0.1; Nexus 5X Build/MMB29P) AppleWebKit/537.36 (KHTML, like Gecko) Chrome/146.0.7680.177 Mobile Safari/537.36 (compatible; Googlebot/2.1; +http://www.google.com/bot.html)"
66.249.72.229 - - [16/Apr/2026:06:40:28 +0000] "GET /products/9827170029 HTTP/1.1" 404 796 "-" "Mozilla/5.0 (Linux; Android 6.0.1; Nexus 5X Build/MMB29P) AppleWebKit/537.36 (KHTML, like Gecko) Chrome/146.0.7680.177 Mobile Safari/537.36 (compatible; Googlebot/2.1; +http://www.google.com/bot.html)"
66.249.72.230 - - [16/Apr/2026:06:49:00 +0000] "GET /products/13610154899 HTTP/1.1" 404 796 "-" "Mozilla/5.0 (Linux; Android 6.0.1; Nexus 5X Build/MMB29P) AppleWebKit/537.36 (KHTML, like Gecko) Chrome/146.0.7680.177 Mobile Safari/537.36 (compatible; Googlebot/2.1; +http://www.google.com/bot.html)"
66.249.72.228 - - [16/Apr/2026:06:49:16 +0000] "GET /products/63040252959 HTTP/1.1" 404 796 "-" "Mozilla/5.0 (Linux; Android 6.0.1; Nexus 5X Build/MMB29P) AppleWebKit/537.36 (KHTML, like Gecko) Chrome/146.0.7680.177 Mobile Safari/537.36 (compatible; Googlebot/2.1; +http://www.google.com/bot.html)"
66.249.72.228 - - [16/Apr/2026:06:49:31 +0000] "GET /products/9671492929 HTTP/1.1" 404 796 "-" "Mozilla/5.0 (Linux; Android 6.0.1; Nexus 5X Build/MMB29P) AppleWebKit/537.36 (KHTML, like Gecko) Chrome/146.0.7680.177 Mobile Safari/537.36 (compatible; Googlebot/2.1; +http://www.google.com/bot.html)"
66.249.72.230 - - [16/Apr/2026:06:52:43 +0000] "GET /products/19412128444 HTTP/1.1" 404 796 "-" "Mozilla/5.0 (Linux; Android 6.0.1; Nexus 5X Build/MMB29P) AppleWebKit/537.36 (KHTML, like Gecko) Chrome/146.0.7680.177 Mobile Safari/537.36 (compatible; Googlebot/2.1; +http://www.google.com/bot.html)"
66.249.72.229 - - [16/Apr/2026:06:52:57 +0000] "GET /products/194122973 HTTP/1.1" 404 796 "-" "Mozilla/5.0 (Linux; Android 6.0.1; Nexus 5X Build/MMB29P) AppleWebKit/537.36 (KHTML, like Gecko) Chrome/146.0.7680.177 Mobile Safari/537.36 (compatible; Googlebot/2.1; +http://www.google.com/bot.html)"
66.249.72.228 - - [16/Apr/2026:06:53:10 +0000] "GET /products/20730215690 HTTP/1.1" 404 796 "-" "Mozilla/5.0 (Linux; Android 6.0.1; Nexus 5X Build/MMB29P) AppleWebKit/537.36 (KHTML, like Gecko) Chrome/146.0.7680.177 Mobile Safari/537.36 (compatible; Googlebot/2.1; +http://www.google.com/bot.html)"
66.249.72.229 - - [16/Apr/2026:06:50:55 +0000] "GET /products/63040226404 HTTP/1.1" 404 796 "-" "Mozilla/5.0 (Linux; Android 6.0.1; Nexus 5X Build/MMB29P) AppleWebKit/537.36 (KHTML, like Gecko) Chrome/146.0.7680.177 Mobile Safari/537.36 (compatible; Googlebot/2.1; +http://www.google.com/bot.html)"
159.223.76.255 - - [16/Apr/2026:06:51:09 +0000] "GET /wp-login.php HTTP/2" 404 796 "-" "Mozilla/5.0 (Windows NT 10.0) AppleWebKit/537.36 (KHTML, like Gecko) Chrome/65.0.3325.162 Safari/537.36"
66.249.72.229 - - [16/Apr/2026:06:51:18 +0000] "GET /products/2073041299 HTTP/1.1" 404 796 "-" "Mozilla/5.0 (Linux; Android 6.0.1; Nexus 5X Build/MMB29P) AppleWebKit/537.36 (KHTML, like Gecko) Chrome/146.0.7680.177 Mobile Safari/537.36 (compatible; Googlebot/2.1; +http://www.google.com/bot.html)"
66.249.72.225 - - [16/Apr/2026:06:51:36 +0000] "GET /products/207304896 HTTP/1.1" 404 796 "-" "Mozilla/5.0 (Linux; Android 6.0.1; Nexus 5X Build/MMB29P) AppleWebKit/537.36 (KHTML, like Gecko) Chrome/146.0.7680.177 Mobile Safari/537.36 (compatible; Googlebot/2.1; +http://www.google.com/bot.html)"
66.249.72.228 - - [16/Apr/2026:06:52:03 +0000] "GET /products/4430255757 HTTP/1.1" 404 796 "-" "Mozilla/5.0 (Linux; Android 6.0.1; Nexus 5X Build/MMB29P) AppleWebKit/537.36 (KHTML, like Gecko) Chrome/146.0.7680.177 Mobile Safari/537.36 (compatible; Googlebot/2.1; +http://www.google.com/bot.html)"
66.249.72.229 - - [16/Apr/2026:06:52:25 +0000] "GET /products/1941238645 HTTP/1.1" 404 796 "-" "Mozilla/5.0 (Linux; Android 6.0.1; Nexus 5X Build/MMB29P) AppleWebKit/537.36 (KHTML, like Gecko) Chrome/146.0.7680.177 Mobile Safari/537.36 (compatible; Googlebot/2.1; +http://www.google.com/bot.html)"
66.249.72.230 - - [16/Apr/2026:06:52:29 +0000] "GET /products/63040205517 HTTP/1.1" 404 796 "-" "Mozilla/5.0 (Linux; Android 6.0.1; Nexus 5X Build/MMB29P) AppleWebKit/537.36 (KHTML, like Gecko) Chrome/146.0.7680.177 Mobile Safari/537.36 (compatible; Googlebot/2.1; +http://www.google.com/bot.html)"
66.249.72.229 - - [16/Apr/2026:06:53:18 +0000] "GET /products/87490116934 HTTP/1.1" 404 796 "-" "Mozilla/5.0 (Linux; Android 6.0.1; Nexus 5X Build/MMB29P) AppleWebKit/537.36 (KHTML, like Gecko) Chrome/146.0.7680.177 Mobile Safari/537.36 (compatible; Googlebot/2.1; +http://www.google.com/bot.html)"
66.249.72.230 - - [16/Apr/2026:06:54:12 +0000] "GET /products/136104296 HTTP/1.1" 404 796 "-" "Mozilla/5.0 (Linux; Android 6.0.1; Nexus 5X Build/MMB29P) AppleWebKit/537.36 (KHTML, like Gecko) Chrome/146.0.7680.177 Mobile Safari/537.36 (compatible; Googlebot/2.1; +http://www.google.com/bot.html)"
109.123.255.195 - - [16/Apr/2026:06:54:18 +0000] "GET /wp-login.php HTTP/2" 404 796 "-" "Mozilla/4.0 (compatible; MSIE 7.0; Windows NT 10.0; WOW64; Trident/7.0; .NET4.0C; .NET4.0E; .NET CLR 2.0.50727; .NET CLR 3.0.30729; .NET CLR 3.5.30729; ms-office)"
66.249.72.230 - - [16/Apr/2026:06:54:46 +0000] "GET /products/9827149102 HTTP/1.1" 404 796 "-" "Mozilla/5.0 (Linux; Android 6.0.1; Nexus 5X Build/MMB29P) AppleWebKit/537.36 (KHTML, like Gecko) Chrome/146.0.7680.177 Mobile Safari/537.36 (compatible; Googlebot/2.1; +http://www.google.com/bot.html)"
