Sid Gifari From Gifari Industries - BD Cyber Security Team
Home
/
usr
/
local
/
apache
/
domlogs
/
millwino
/
✏️
Editing: bn55downoad.com.pk.millwin.org-ssl_log
185.244.36.210 - - [15/Apr/2026:17:27:06 +0000] "POST /wp-cron.php?doing_wp_cron=1776274026.1952130794525146484375 HTTP/1.1" 200 0 "-" "WordPress/6.9.4; https://bn55downoad.com.pk"
66.249.72.229 - - [15/Apr/2026:17:27:05 +0000] "GET /products/3142143445 HTTP/1.1" 404 8873 "-" "Mozilla/5.0 (Linux; Android 6.0.1; Nexus 5X Build/MMB29P) AppleWebKit/537.36 (KHTML, like Gecko) Chrome/146.0.7680.177 Mobile Safari/537.36 (compatible; Googlebot/2.1; +http://www.google.com/bot.html)"
66.249.72.230 - - [15/Apr/2026:17:34:48 +0000] "GET /products/20730237838 HTTP/1.1" 404 8872 "-" "Mozilla/5.0 (Linux; Android 6.0.1; Nexus 5X Build/MMB29P) AppleWebKit/537.36 (KHTML, like Gecko) Chrome/146.0.7680.177 Mobile Safari/537.36 (compatible; Googlebot/2.1; +http://www.google.com/bot.html)"
185.244.36.210 - - [15/Apr/2026:17:38:52 +0000] "POST /wp-cron.php?doing_wp_cron=1776274732.2623240947723388671875 HTTP/1.1" 200 0 "-" "WordPress/6.9.4; https://bn55downoad.com.pk"
66.249.72.230 - - [15/Apr/2026:17:39:23 +0000] "GET /products/20730173901 HTTP/1.1" 404 8873 "-" "Mozilla/5.0 (Linux; Android 6.0.1; Nexus 5X Build/MMB29P) AppleWebKit/537.36 (KHTML, like Gecko) Chrome/146.0.7680.177 Mobile Safari/537.36 (compatible; Googlebot/2.1; +http://www.google.com/bot.html)"
185.244.36.210 - - [15/Apr/2026:17:40:08 +0000] "POST /wp-cron.php?doing_wp_cron=1776274807.9925019741058349609375 HTTP/1.1" 200 0 "-" "WordPress/6.9.4; https://bn55downoad.com.pk"
45.239.148.226 - - [15/Apr/2026:17:40:07 +0000] "GET /wp-login.php HTTP/2" 200 1939 "-" "Mozilla/5.0 (Macintosh; Intel Mac OS X 10_13_5) AppleWebKit/537.36 (KHTML, like Gecko) Chrome/67.0.3396.87 Safari/537.36"
45.239.148.226 - - [15/Apr/2026:17:40:09 +0000] "POST /wp-login.php HTTP/2" 200 2081 "https://www.bn55downoad.com.pk.millwin.org/wp-login.php" "Mozilla/5.0 (Macintosh; Intel Mac OS X 10_13_5) AppleWebKit/537.36 (KHTML, like Gecko) Chrome/67.0.3396.87 Safari/537.36"
66.249.72.228 - - [15/Apr/2026:17:41:43 +0000] "GET /products/63040156924 HTTP/1.1" 404 8873 "-" "Mozilla/5.0 (Linux; Android 6.0.1; Nexus 5X Build/MMB29P) AppleWebKit/537.36 (KHTML, like Gecko) Chrome/146.0.7680.177 Mobile Safari/537.36 (compatible; Googlebot/2.1; +http://www.google.com/bot.html)"
66.249.72.229 - - [15/Apr/2026:17:45:33 +0000] "GET /products/8749046585 HTTP/1.1" 404 8873 "-" "Mozilla/5.0 (Linux; Android 6.0.1; Nexus 5X Build/MMB29P) AppleWebKit/537.36 (KHTML, like Gecko) Chrome/146.0.7680.177 Mobile Safari/537.36 (compatible; Googlebot/2.1; +http://www.google.com/bot.html)"
185.244.36.210 - - [15/Apr/2026:17:45:54 +0000] "POST /wp-cron.php?doing_wp_cron=1776275154.2698819637298583984375 HTTP/1.1" 200 0 "-" "WordPress/6.9.4; https://bn55downoad.com.pk"
66.249.72.229 - - [15/Apr/2026:17:46:49 +0000] "GET /products/4430241068 HTTP/1.1" 404 8873 "-" "Mozilla/5.0 (Linux; Android 6.0.1; Nexus 5X Build/MMB29P) AppleWebKit/537.36 (KHTML, like Gecko) Chrome/146.0.7680.177 Mobile Safari/537.36 (compatible; Googlebot/2.1; +http://www.google.com/bot.html)"
66.249.72.229 - - [15/Apr/2026:17:48:32 +0000] "GET /products/83892108932 HTTP/1.1" 404 8873 "-" "Mozilla/5.0 (Linux; Android 6.0.1; Nexus 5X Build/MMB29P) AppleWebKit/537.36 (KHTML, like Gecko) Chrome/146.0.7680.177 Mobile Safari/537.36 (compatible; Googlebot/2.1; +http://www.google.com/bot.html)"
54.237.117.22 - - [15/Apr/2026:17:48:37 +0000] "GET / HTTP/1.1" 200 19300 "-" "Mozilla/5.0 (X11; U; Linux armv6l; rv 1.8.1.5pre) Gecko/20070619 Minimo/0.020"
66.249.72.230 - - [15/Apr/2026:17:52:17 +0000] "GET /products/98271237308 HTTP/1.1" 404 8873 "-" "Mozilla/5.0 (Linux; Android 6.0.1; Nexus 5X Build/MMB29P) AppleWebKit/537.36 (KHTML, like Gecko) Chrome/146.0.7680.177 Mobile Safari/537.36 (compatible; Googlebot/2.1; +http://www.google.com/bot.html)"
66.249.72.230 - - [15/Apr/2026:17:55:02 +0000] "GET /products/98271251959 HTTP/1.1" 404 8873 "-" "Mozilla/5.0 (Linux; Android 6.0.1; Nexus 5X Build/MMB29P) AppleWebKit/537.36 (KHTML, like Gecko) Chrome/146.0.7680.177 Mobile Safari/537.36 (compatible; Googlebot/2.1; +http://www.google.com/bot.html)"
185.244.36.210 - - [15/Apr/2026:17:22:52 +0000] "POST /wp-cron.php?doing_wp_cron=1776273772.0075590610504150390625 HTTP/1.1" 200 0 "-" "WordPress/6.9.4; https://bn55downoad.com.pk"
66.249.72.230 - - [15/Apr/2026:17:22:51 +0000] "GET /products/98271135085 HTTP/1.1" 404 8873 "-" "Mozilla/5.0 (Linux; Android 6.0.1; Nexus 5X Build/MMB29P) AppleWebKit/537.36 (KHTML, like Gecko) Chrome/146.0.7680.177 Mobile Safari/537.36 (compatible; Googlebot/2.1; +http://www.google.com/bot.html)"
50.87.140.189 - - [15/Apr/2026:17:31:14 +0000] "GET /wp-login.php HTTP/2" 200 1939 "-" "Mozilla/5.0 (Windows NT 10.0; WOW64; Trident/7.0; ASU2JS; rv:11.0) like Gecko"
50.87.140.189 - - [15/Apr/2026:17:31:18 +0000] "POST /wp-login.php HTTP/2" 200 2081 "https://mail.bn55downoad.com.pk/wp-login.php" "Mozilla/5.0 (Windows NT 10.0; WOW64; Trident/7.0; ASU2JS; rv:11.0) like Gecko"
66.249.72.228 - - [15/Apr/2026:17:35:23 +0000] "GET /products/63040275662 HTTP/1.1" 404 8872 "-" "Mozilla/5.0 (Linux; Android 6.0.1; Nexus 5X Build/MMB29P) AppleWebKit/537.36 (KHTML, like Gecko) Chrome/146.0.7680.177 Mobile Safari/537.36 (compatible; Googlebot/2.1; +http://www.google.com/bot.html)"
66.249.72.228 - - [15/Apr/2026:17:35:59 +0000] "GET /products/9827142875 HTTP/1.1" 404 8873 "-" "Mozilla/5.0 (Linux; Android 6.0.1; Nexus 5X Build/MMB29P) AppleWebKit/537.36 (KHTML, like Gecko) Chrome/146.0.7680.177 Mobile Safari/537.36 (compatible; Googlebot/2.1; +http://www.google.com/bot.html)"
43.154.250.181 - - [15/Apr/2026:17:38:52 +0000] "GET / HTTP/1.1" 200 19300 "http://bn55downoad.com.pk" "Mozilla/5.0 (iPhone; CPU iPhone OS 13_2_3 like Mac OS X) AppleWebKit/605.1.15 (KHTML, like Gecko) Version/13.0.3 Mobile/15E148 Safari/604.1"
66.249.72.228 - - [15/Apr/2026:17:40:52 +0000] "GET /products/31421278050 HTTP/1.1" 404 8873 "-" "Mozilla/5.0 (Linux; Android 6.0.1; Nexus 5X Build/MMB29P) AppleWebKit/537.36 (KHTML, like Gecko) Chrome/146.0.7680.177 Mobile Safari/537.36 (compatible; Googlebot/2.1; +http://www.google.com/bot.html)"
66.249.72.229 - - [15/Apr/2026:17:44:15 +0000] "GET /products/3142178413 HTTP/1.1" 404 8873 "-" "Mozilla/5.0 (Linux; Android 6.0.1; Nexus 5X Build/MMB29P) AppleWebKit/537.36 (KHTML, like Gecko) Chrome/146.0.7680.177 Mobile Safari/537.36 (compatible; Googlebot/2.1; +http://www.google.com/bot.html)"
103.28.36.205 - - [15/Apr/2026:17:45:53 +0000] "GET /wp-login.php HTTP/2" 200 1939 "-" "Mozilla/5.0 (Windows NT 6.1; WOW64; Trident/7.0; EIE10;ENGBMSN; rv:11.0) like Gecko"
103.28.36.205 - - [15/Apr/2026:17:45:56 +0000] "POST /wp-login.php HTTP/2" 200 2081 "https://mail.bn55downoad.com.pk/wp-login.php" "Mozilla/5.0 (Windows NT 6.1; WOW64; Trident/7.0; EIE10;ENGBMSN; rv:11.0) like Gecko"
217.148.136.104 - - [15/Apr/2026:18:01:07 +0000] "GET /wp-login.php HTTP/2" 200 1939 "-" "Mozilla/5.0 (Windows NT 10.0) AppleWebKit/537.36 (KHTML, like Gecko) Chrome/67.0.3396.79 Safari/537.36"
217.148.136.104 - - [15/Apr/2026:18:01:14 +0000] "POST /wp-login.php HTTP/2" 200 2081 "https://mail.bn55downoad.com.pk/wp-login.php" "Mozilla/5.0 (Windows NT 10.0) AppleWebKit/537.36 (KHTML, like Gecko) Chrome/67.0.3396.79 Safari/537.36"
66.249.72.230 - - [15/Apr/2026:18:04:35 +0000] "GET /products/31421139113 HTTP/1.1" 404 8872 "-" "Mozilla/5.0 (Linux; Android 6.0.1; Nexus 5X Build/MMB29P) AppleWebKit/537.36 (KHTML, like Gecko) Chrome/146.0.7680.177 Mobile Safari/537.36 (compatible; Googlebot/2.1; +http://www.google.com/bot.html)"
66.249.72.230 - - [15/Apr/2026:18:05:20 +0000] "GET /products/83892183135 HTTP/1.1" 404 8873 "-" "Mozilla/5.0 (Linux; Android 6.0.1; Nexus 5X Build/MMB29P) AppleWebKit/537.36 (KHTML, like Gecko) Chrome/146.0.7680.177 Mobile Safari/537.36 (compatible; Googlebot/2.1; +http://www.google.com/bot.html)"
157.55.39.49 - - [15/Apr/2026:18:17:43 +0000] "GET /products/20730275233 HTTP/2" 404 8873 "-" "Mozilla/5.0 AppleWebKit/537.36 (KHTML, like Gecko; compatible; bingbot/2.0; +http://www.bing.com/bingbot.htm) Chrome/116.0.1938.76 Safari/537.36"
82.165.89.194 - - [15/Apr/2026:18:18:15 +0000] "GET /wp-login.php HTTP/2" 200 1939 "-" "Mozilla/5.0 (Macintosh; Intel Mac OS X 10.11; rv:60.0) Gecko/20100101 Firefox/60.0"
82.165.89.194 - - [15/Apr/2026:18:18:15 +0000] "POST /wp-login.php HTTP/2" 200 2071 "https://www.bn55downoad.com.pk/wp-login.php" "Mozilla/5.0 (Macintosh; Intel Mac OS X 10.11; rv:60.0) Gecko/20100101 Firefox/60.0"
66.249.72.228 - - [15/Apr/2026:18:21:14 +0000] "GET /products/44302275148 HTTP/1.1" 404 8873 "-" "Mozilla/5.0 (Linux; Android 6.0.1; Nexus 5X Build/MMB29P) AppleWebKit/537.36 (KHTML, like Gecko) Chrome/146.0.7680.177 Mobile Safari/537.36 (compatible; Googlebot/2.1; +http://www.google.com/bot.html)"
66.249.72.229 - - [15/Apr/2026:18:23:31 +0000] "GET /products/87490212464 HTTP/1.1" 404 8873 "-" "Mozilla/5.0 (Linux; Android 6.0.1; Nexus 5X Build/MMB29P) AppleWebKit/537.36 (KHTML, like Gecko) Chrome/146.0.7680.177 Mobile Safari/537.36 (compatible; Googlebot/2.1; +http://www.google.com/bot.html)"
152.42.181.146 - - [15/Apr/2026:18:26:22 +0000] "GET /wp-login.php HTTP/2" 200 1939 "-" "Mozilla/5.0 (Windows NT 10.0; WOW64; Trident/7.0; yie9; rv:11.0) like Gecko"
152.42.181.146 - - [15/Apr/2026:18:26:23 +0000] "POST /wp-login.php HTTP/2" 200 2081 "https://mail.bn55downoad.com.pk/wp-login.php" "Mozilla/5.0 (Windows NT 10.0; WOW64; Trident/7.0; yie9; rv:11.0) like Gecko"
18.184.12.139 - - [15/Apr/2026:18:28:22 +0000] "GET /wp-login.php HTTP/2" 200 1939 "-" "Mozilla/4.0 (compatible; MSIE 7.0; Windows NT 6.2; Win64; x64; Trident/7.0; .NET4.0C; .NET4.0E; .NET CLR 2.0.50727; .NET CLR 3.0.30729; .NET CLR 3.5.30729; Tablet PC 2.0)"
18.184.12.139 - - [15/Apr/2026:18:28:23 +0000] "POST /wp-login.php HTTP/2" 200 2071 "https://mail.bn55downoad.com.pk/wp-login.php" "Mozilla/4.0 (compatible; MSIE 7.0; Windows NT 6.2; Win64; x64; Trident/7.0; .NET4.0C; .NET4.0E; .NET CLR 2.0.50727; .NET CLR 3.0.30729; .NET CLR 3.5.30729; Tablet PC 2.0)"
66.249.72.229 - - [15/Apr/2026:18:42:27 +0000] "GET /products/8749032523 HTTP/1.1" 404 8873 "-" "Mozilla/5.0 (Linux; Android 6.0.1; Nexus 5X Build/MMB29P) AppleWebKit/537.36 (KHTML, like Gecko) Chrome/146.0.7680.177 Mobile Safari/537.36 (compatible; Googlebot/2.1; +http://www.google.com/bot.html)"
66.249.72.228 - - [15/Apr/2026:18:42:36 +0000] "GET /products/19412255448 HTTP/1.1" 404 8873 "-" "Mozilla/5.0 (Linux; Android 6.0.1; Nexus 5X Build/MMB29P) AppleWebKit/537.36 (KHTML, like Gecko) Chrome/146.0.7680.177 Mobile Safari/537.36 (compatible; Googlebot/2.1; +http://www.google.com/bot.html)"
66.249.72.228 - - [15/Apr/2026:18:44:44 +0000] "GET /products/98271216330 HTTP/1.1" 404 8873 "-" "Mozilla/5.0 (Linux; Android 6.0.1; Nexus 5X Build/MMB29P) AppleWebKit/537.36 (KHTML, like Gecko) Chrome/146.0.7680.177 Mobile Safari/537.36 (compatible; Googlebot/2.1; +http://www.google.com/bot.html)"
66.249.72.229 - - [15/Apr/2026:18:45:29 +0000] "GET /products/838927913 HTTP/1.1" 404 8873 "-" "Mozilla/5.0 (Linux; Android 6.0.1; Nexus 5X Build/MMB29P) AppleWebKit/537.36 (KHTML, like Gecko) Chrome/146.0.7680.177 Mobile Safari/537.36 (compatible; Googlebot/2.1; +http://www.google.com/bot.html)"
66.249.72.229 - - [15/Apr/2026:18:54:34 +0000] "GET /products/4430269523 HTTP/1.1" 404 8873 "-" "Mozilla/5.0 (Linux; Android 6.0.1; Nexus 5X Build/MMB29P) AppleWebKit/537.36 (KHTML, like Gecko) Chrome/146.0.7680.177 Mobile Safari/537.36 (compatible; Googlebot/2.1; +http://www.google.com/bot.html)"
105.156.10.178 - - [15/Apr/2026:19:00:48 +0000] "GET /wp-login.php HTTP/2" 200 1939 "-" "Mozilla/4.0 (compatible; MSIE 7.0; Windows NT 6.2; WOW64; Trident/7.0; .NET4.0E; .NET4.0C; Tablet PC 2.0; .NET CLR 3.5.30729; .NET CLR 2.0.50727; .NET CLR 3.0.30729; McAfee; LCJB)"
185.244.36.210 - - [15/Apr/2026:19:00:52 +0000] "POST /wp-cron.php?doing_wp_cron=1776279652.1884179115295410156250 HTTP/1.1" 200 0 "-" "WordPress/6.9.4; https://bn55downoad.com.pk"
66.249.72.228 - - [15/Apr/2026:17:57:35 +0000] "GET /products/44302100787 HTTP/1.1" 404 8873 "-" "Mozilla/5.0 (Linux; Android 6.0.1; Nexus 5X Build/MMB29P) AppleWebKit/537.36 (KHTML, like Gecko) Chrome/146.0.7680.177 Mobile Safari/537.36 (compatible; Googlebot/2.1; +http://www.google.com/bot.html)"
185.244.36.210 - - [15/Apr/2026:17:58:52 +0000] "POST /wp-cron.php?doing_wp_cron=1776275932.0028200149536132812500 HTTP/1.1" 200 0 "-" "WordPress/6.9.4; https://bn55downoad.com.pk"
66.249.72.229 - - [15/Apr/2026:17:58:51 +0000] "GET /products/96714281396 HTTP/1.1" 404 8873 "-" "Mozilla/5.0 (Linux; Android 6.0.1; Nexus 5X Build/MMB29P) AppleWebKit/537.36 (KHTML, like Gecko) Chrome/146.0.7680.177 Mobile Safari/537.36 (compatible; Googlebot/2.1; +http://www.google.com/bot.html)"
66.249.72.229 - - [15/Apr/2026:18:04:53 +0000] "GET /products/44302256312 HTTP/1.1" 404 8873 "-" "Mozilla/5.0 (Linux; Android 6.0.1; Nexus 5X Build/MMB29P) AppleWebKit/537.36 (KHTML, like Gecko) Chrome/146.0.7680.177 Mobile Safari/537.36 (compatible; Googlebot/2.1; +http://www.google.com/bot.html)"
52.167.144.56 - - [15/Apr/2026:18:17:38 +0000] "GET /robots.txt HTTP/2" 200 91 "-" "Mozilla/5.0 AppleWebKit/537.36 (KHTML, like Gecko; compatible; bingbot/2.0; +http://www.bing.com/bingbot.htm) Chrome/116.0.1938.76 Safari/537.36"
66.249.72.228 - - [15/Apr/2026:18:25:47 +0000] "GET /products/98271191023 HTTP/1.1" 404 8873 "-" "Mozilla/5.0 (Linux; Android 6.0.1; Nexus 5X Build/MMB29P) AppleWebKit/537.36 (KHTML, like Gecko) Chrome/146.0.7680.177 Mobile Safari/537.36 (compatible; Googlebot/2.1; +http://www.google.com/bot.html)"
74.220.219.97 - - [15/Apr/2026:18:45:45 +0000] "GET /wp-login.php HTTP/2" 200 1939 "-" "Mozilla/5.0 (Macintosh; Intel Mac OS X 10_13_2) AppleWebKit/537.36 (KHTML, like Gecko) Chrome/65.0.3325.181 Safari/537.36"
74.220.219.97 - - [15/Apr/2026:18:45:50 +0000] "POST /wp-login.php HTTP/2" 200 2081 "https://www.bn55downoad.com.pk/wp-login.php" "Mozilla/5.0 (Macintosh; Intel Mac OS X 10_13_2) AppleWebKit/537.36 (KHTML, like Gecko) Chrome/65.0.3325.181 Safari/537.36"
66.249.72.228 - - [15/Apr/2026:18:47:45 +0000] "GET /products/13610154820 HTTP/1.1" 404 8873 "-" "Mozilla/5.0 (Linux; Android 6.0.1; Nexus 5X Build/MMB29P) AppleWebKit/537.36 (KHTML, like Gecko) Chrome/146.0.7680.177 Mobile Safari/537.36 (compatible; Googlebot/2.1; +http://www.google.com/bot.html)"
209.74.65.46 - - [15/Apr/2026:19:15:40 +0000] "GET /wp-login.php HTTP/2" 200 1939 "-" "Mozilla/5.0 (Macintosh; Intel Mac OS X 10_13) AppleWebKit/603.1.13 (KHTML, like Gecko) Version/10.1 Safari/603.1.13"
209.74.65.46 - - [15/Apr/2026:19:15:44 +0000] "POST /wp-login.php HTTP/2" 200 2081 "https://mail.bn55downoad.com.pk/wp-login.php" "Mozilla/5.0 (Macintosh; Intel Mac OS X 10_13) AppleWebKit/603.1.13 (KHTML, like Gecko) Version/10.1 Safari/603.1.13"
185.244.36.210 - - [15/Apr/2026:19:17:03 +0000] "POST /wp-cron.php?doing_wp_cron=1776280623.2762789726257324218750 HTTP/1.1" 200 0 "-" "WordPress/6.9.4; https://bn55downoad.com.pk"
104.244.79.40 - - [15/Apr/2026:19:17:03 +0000] "GET /wp-login.php HTTP/2" 200 1939 "-" "Mozilla/5.0 (Windows NT 10.0; WOW64; rv:61.0) Gecko/20100101 Firefox/61.0"
104.244.79.40 - - [15/Apr/2026:19:17:07 +0000] "POST /wp-login.php HTTP/2" 200 2081 "https://www.bn55downoad.com.pk.millwin.org/wp-login.php" "Mozilla/5.0 (Windows NT 10.0; WOW64; rv:61.0) Gecko/20100101 Firefox/61.0"
185.244.36.210 - - [15/Apr/2026:19:17:53 +0000] "POST /wp-cron.php?doing_wp_cron=1776280673.7774910926818847656250 HTTP/1.1" 200 0 "-" "WordPress/6.9.4; https://bn55downoad.com.pk"
185.244.36.210 - - [15/Apr/2026:19:21:52 +0000] "POST /wp-cron.php?doing_wp_cron=1776280912.3884479999542236328125 HTTP/1.1" 200 0 "-" "WordPress/6.9.4; https://bn55downoad.com.pk"
185.244.36.210 - - [15/Apr/2026:19:31:53 +0000] "POST /wp-cron.php?doing_wp_cron=1776281513.3817710876464843750000 HTTP/1.1" 200 0 "-" "WordPress/6.9.4; https://bn55downoad.com.pk"
105.156.10.178 - - [15/Apr/2026:19:00:51 +0000] "POST /wp-login.php HTTP/2" 200 2081 "https://www.bn55downoad.com.pk/wp-login.php" "Mozilla/4.0 (compatible; MSIE 7.0; Windows NT 6.2; WOW64; Trident/7.0; .NET4.0E; .NET4.0C; Tablet PC 2.0; .NET CLR 3.5.30729; .NET CLR 2.0.50727; .NET CLR 3.0.30729; McAfee; LCJB)"
157.55.39.204 - - [15/Apr/2026:19:01:07 +0000] "GET /shop/cart/cart.aspx HTTP/2" 404 8873 "-" "Mozilla/5.0 AppleWebKit/537.36 (KHTML, like Gecko; compatible; bingbot/2.0; +http://www.bing.com/bingbot.htm) Chrome/116.0.1938.76 Safari/537.36"
136.144.35.168 - - [15/Apr/2026:19:03:26 +0000] "GET /wp-login.php HTTP/1.1" 200 2183 "-" "Mozilla/5.0"
136.144.35.168 - - [15/Apr/2026:19:03:27 +0000] "GET /?author=1 HTTP/1.1" 301 0 "-" "Mozilla/5.0"
136.144.35.168 - - [15/Apr/2026:19:03:27 +0000] "GET /?rest_route=/wp/v2/users HTTP/1.1" 200 322 "-" "Mozilla/5.0"
74.125.216.230 - - [15/Apr/2026:19:17:53 +0000] "GET /products/87490210556 HTTP/1.1" 404 8873 "-" "Mozilla/5.0 (X11; Linux x86_64) AppleWebKit/537.36 (KHTML, like Gecko) Chrome/146.0.7680.164 Safari/537.36"
74.125.216.230 - - [15/Apr/2026:19:17:53 +0000] "GET /wp-content/plugins/ultimate-blocks/src/extensions/style.css?ver=6.9.4 HTTP/1.1" 200 93 "https://bn55downoad.com.pk/products/87490210556" "Mozilla/5.0 (X11; Linux x86_64) AppleWebKit/537.36 (KHTML, like Gecko) Chrome/146.0.7680.164 Safari/537.36"
74.125.216.230 - - [15/Apr/2026:19:17:54 +0000] "GET /wp-content/uploads/2026/01/cropped-BN55DOWNLOAD.COM_.PK-1.png HTTP/1.1" 200 9794 "https://bn55downoad.com.pk/products/87490210556" "Mozilla/5.0 (X11; Linux x86_64) AppleWebKit/537.36 (KHTML, like Gecko) Chrome/146.0.7680.164 Safari/537.36"
74.125.216.229 - - [15/Apr/2026:19:17:54 +0000] "GET /wp-content/themes/generatepress/assets/css/main.min.css?ver=3.6.1 HTTP/1.1" 200 4410 "https://bn55downoad.com.pk/products/87490210556" "Mozilla/5.0 (X11; Linux x86_64) AppleWebKit/537.36 (KHTML, like Gecko) Chrome/146.0.7680.164 Safari/537.36"
74.125.216.229 - - [15/Apr/2026:19:17:54 +0000] "GET /wp-content/themes/generatepress/assets/js/menu.min.js?ver=3.6.1 HTTP/1.1" 200 1678 "https://bn55downoad.com.pk/products/87490210556" "Mozilla/5.0 (X11; Linux x86_64) AppleWebKit/537.36 (KHTML, like Gecko) Chrome/146.0.7680.164 Safari/537.36"
91.151.18.30 - - [15/Apr/2026:19:21:51 +0000] "GET /wp-login.php HTTP/2" 200 1939 "-" "Mozilla/5.0 (Windows NT 6.0; Win64; x64) AppleWebKit/537.36 (KHTML, like Gecko) Chrome/66.0.3359.117 Safari/537.36"
91.151.18.30 - - [15/Apr/2026:19:21:52 +0000] "POST /wp-login.php HTTP/2" 200 2071 "https://www.bn55downoad.com.pk.millwin.org/wp-login.php" "Mozilla/5.0 (Windows NT 6.0; Win64; x64) AppleWebKit/537.36 (KHTML, like Gecko) Chrome/66.0.3359.117 Safari/537.36"
66.249.72.228 - - [15/Apr/2026:19:31:52 +0000] "GET /products/19412109466 HTTP/1.1" 404 8873 "-" "Mozilla/5.0 (Linux; Android 6.0.1; Nexus 5X Build/MMB29P) AppleWebKit/537.36 (KHTML, like Gecko) Chrome/146.0.7680.177 Mobile Safari/537.36 (compatible; Googlebot/2.1; +http://www.google.com/bot.html)"
66.249.72.229 - - [15/Apr/2026:19:35:42 +0000] "GET /products/13610108595 HTTP/1.1" 404 8873 "-" "Mozilla/5.0 (Linux; Android 6.0.1; Nexus 5X Build/MMB29P) AppleWebKit/537.36 (KHTML, like Gecko) Chrome/146.0.7680.177 Mobile Safari/537.36 (compatible; Googlebot/2.1; +http://www.google.com/bot.html)"
103.91.245.241 - - [15/Apr/2026:19:38:07 +0000] "GET /wp-login.php HTTP/2" 200 1939 "-" "Mozilla/5.0 (Windows NT 6.1; WOW64; Trident/7.0; yie9; rv:11.0) like Gecko"
103.91.245.241 - - [15/Apr/2026:19:38:12 +0000] "POST /wp-login.php HTTP/2" 200 2071 "https://mail.bn55downoad.com.pk/wp-login.php" "Mozilla/5.0 (Windows NT 6.1; WOW64; Trident/7.0; yie9; rv:11.0) like Gecko"
66.249.72.228 - - [15/Apr/2026:19:39:45 +0000] "GET /products/19412248418 HTTP/1.1" 404 8873 "-" "Mozilla/5.0 (Linux; Android 6.0.1; Nexus 5X Build/MMB29P) AppleWebKit/537.36 (KHTML, like Gecko) Chrome/146.0.7680.177 Mobile Safari/537.36 (compatible; Googlebot/2.1; +http://www.google.com/bot.html)"
74.125.216.228 - - [15/Apr/2026:19:47:40 +0000] "GET /products/96714234626 HTTP/1.1" 404 8873 "-" "Mozilla/5.0 (X11; Linux x86_64) AppleWebKit/537.36 (KHTML, like Gecko) Chrome/146.0.7680.164 Safari/537.36"
74.125.216.228 - - [15/Apr/2026:19:47:42 +0000] "GET /wp-content/plugins/ultimate-blocks/src/extensions/style.css?ver=6.9.4 HTTP/1.1" 200 93 "https://bn55downoad.com.pk/products/96714234626" "Mozilla/5.0 (X11; Linux x86_64) AppleWebKit/537.36 (KHTML, like Gecko) Chrome/146.0.7680.164 Safari/537.36"
74.125.216.228 - - [15/Apr/2026:19:47:42 +0000] "GET /wp-content/themes/generatepress/assets/css/main.min.css?ver=3.6.1 HTTP/1.1" 200 4410 "https://bn55downoad.com.pk/products/96714234626" "Mozilla/5.0 (X11; Linux x86_64) AppleWebKit/537.36 (KHTML, like Gecko) Chrome/146.0.7680.164 Safari/537.36"
74.125.216.229 - - [15/Apr/2026:19:47:43 +0000] "GET /wp-content/themes/generatepress/assets/js/menu.min.js?ver=3.6.1 HTTP/1.1" 200 1678 "https://bn55downoad.com.pk/products/96714234626" "Mozilla/5.0 (X11; Linux x86_64) AppleWebKit/537.36 (KHTML, like Gecko) Chrome/146.0.7680.164 Safari/537.36"
185.244.36.210 - - [15/Apr/2026:20:06:56 +0000] "POST /wp-cron.php?doing_wp_cron=1776283616.7765469551086425781250 HTTP/1.1" 200 0 "-" "WordPress/6.9.4; https://bn55downoad.com.pk"
69.163.186.214 - - [15/Apr/2026:20:06:56 +0000] "GET /wp-login.php HTTP/2" 200 1939 "-" "Mozilla/5.0 (Windows NT 10.0; rv:60.0) Gecko/20100101 Firefox/60.0"
69.163.186.214 - - [15/Apr/2026:20:06:58 +0000] "POST /wp-login.php HTTP/2" 200 2081 "https://mail.bn55downoad.com.pk/wp-login.php" "Mozilla/5.0 (Windows NT 10.0; rv:60.0) Gecko/20100101 Firefox/60.0"
51.77.43.72 - - [15/Apr/2026:20:07:00 +0000] "GET /robots.txt HTTP/1.1" 200 278 "-" "Mozilla/5.0 (compatible; MJ12bot/v1.4.8; http://mj12bot.com/)"
51.77.43.72 - - [15/Apr/2026:20:07:02 +0000] "GET / HTTP/1.1" 200 24756 "-" "Mozilla/5.0 (compatible; MJ12bot/v1.4.8; http://mj12bot.com/)"
51.77.43.72 - - [15/Apr/2026:20:07:05 +0000] "GET /robots.txt HTTP/1.1" 200 278 "-" "Mozilla/5.0 (compatible; MJ12bot/v1.4.8; http://mj12bot.com/)"
51.77.43.72 - - [15/Apr/2026:20:07:07 +0000] "GET / HTTP/1.1" 200 24756 "-" "Mozilla/5.0 (compatible; MJ12bot/v1.4.8; http://mj12bot.com/)"
51.77.43.72 - - [15/Apr/2026:20:07:09 +0000] "GET /robots.txt HTTP/1.1" 200 278 "-" "Mozilla/5.0 (compatible; MJ12bot/v1.4.8; http://mj12bot.com/)"
51.77.43.72 - - [15/Apr/2026:20:07:12 +0000] "GET / HTTP/1.1" 200 24754 "-" "Mozilla/5.0 (compatible; MJ12bot/v1.4.8; http://mj12bot.com/)"
51.77.43.72 - - [15/Apr/2026:20:07:40 +0000] "GET /robots.txt HTTP/1.1" 200 278 "-" "Mozilla/5.0 (compatible; MJ12bot/v1.4.8; http://mj12bot.com/)"
51.77.43.72 - - [15/Apr/2026:20:07:43 +0000] "GET / HTTP/1.1" 200 24754 "-" "Mozilla/5.0 (compatible; MJ12bot/v1.4.8; http://mj12bot.com/)"
136.144.35.186 - - [15/Apr/2026:20:14:07 +0000] "POST /wp-login.php HTTP/1.1" 200 6668 "-" "Mozilla/5.0"
185.244.36.210 - - [15/Apr/2026:20:15:52 +0000] "POST /wp-cron.php?doing_wp_cron=1776284152.3881580829620361328125 HTTP/1.1" 200 0 "-" "WordPress/6.9.4; https://bn55downoad.com.pk"
144.217.135.160 - - [15/Apr/2026:20:15:51 +0000] "GET / HTTP/1.1" 200 94765 "-" "Mozilla/5.0 (compatible; Dataprovider.com)"
144.217.135.160 - - [15/Apr/2026:20:15:52 +0000] "GET /robots.txt HTTP/1.1" 200 278 "-" "Mozilla/5.0 (compatible; Dataprovider.com)"
144.217.135.160 - - [15/Apr/2026:20:15:55 +0000] "GET / HTTP/1.1" 200 94765 "-" "Mozilla/5.0 (compatible; Dataprovider.com)"
144.217.135.160 - - [15/Apr/2026:20:15:56 +0000] "GET /privacy-policy/ HTTP/1.1" 200 70230 "-" "Mozilla/5.0 (compatible; Dataprovider.com)"
144.217.135.160 - - [15/Apr/2026:20:15:57 +0000] "GET /about-us/ HTTP/1.1" 200 69958 "-" "Mozilla/5.0 (compatible; Dataprovider.com)"
144.217.135.160 - - [15/Apr/2026:20:15:59 +0000] "GET /register-signup-bn55-game/ HTTP/1.1" 200 85401 "-" "Mozilla/5.0 (compatible; Dataprovider.com)"
144.217.135.160 - - [15/Apr/2026:20:16:00 +0000] "GET /bn55-game-download-app-in-pakistan/ HTTP/1.1" 200 84891 "-" "Mozilla/5.0 (compatible; Dataprovider.com)"
66.249.72.230 - - [15/Apr/2026:19:34:29 +0000] "GET /products/13610154535 HTTP/1.1" 404 8873 "-" "Mozilla/5.0 (Linux; Android 6.0.1; Nexus 5X Build/MMB29P) AppleWebKit/537.36 (KHTML, like Gecko) Chrome/146.0.7680.177 Mobile Safari/537.36 (compatible; Googlebot/2.1; +http://www.google.com/bot.html)"
66.249.72.228 - - [15/Apr/2026:19:38:08 +0000] "GET /products/19412145750 HTTP/1.1" 404 8872 "-" "Mozilla/5.0 (Linux; Android 6.0.1; Nexus 5X Build/MMB29P) AppleWebKit/537.36 (KHTML, like Gecko) Chrome/146.0.7680.177 Mobile Safari/537.36 (compatible; Googlebot/2.1; +http://www.google.com/bot.html)"
66.249.72.230 - - [15/Apr/2026:19:42:39 +0000] "GET /products/2073051217 HTTP/1.1" 404 8872 "-" "Mozilla/5.0 (Linux; Android 6.0.1; Nexus 5X Build/MMB29P) AppleWebKit/537.36 (KHTML, like Gecko) Chrome/146.0.7680.177 Mobile Safari/537.36 (compatible; Googlebot/2.1; +http://www.google.com/bot.html)"
74.125.216.230 - - [15/Apr/2026:19:47:43 +0000] "GET /wp-content/uploads/2026/01/cropped-BN55DOWNLOAD.COM_.PK-1.png HTTP/1.1" 200 9794 "https://bn55downoad.com.pk/products/96714234626" "Mozilla/5.0 (X11; Linux x86_64) AppleWebKit/537.36 (KHTML, like Gecko) Chrome/146.0.7680.164 Safari/537.36"
52.167.144.205 - - [15/Apr/2026:19:51:51 +0000] "GET /class/9385-8749000191.html HTTP/2" 404 8873 "-" "Mozilla/5.0 AppleWebKit/537.36 (KHTML, like Gecko; compatible; bingbot/2.0; +http://www.bing.com/bingbot.htm) Chrome/116.0.1938.76 Safari/537.36"
103.91.245.241 - - [15/Apr/2026:20:00:18 +0000] "GET /wp-login.php HTTP/2" 200 1939 "-" "Mozilla/5.0 (Windows NT 10.0; WOW64; Trident/7.0; ASTE; rv:11.0) like Gecko"
103.91.245.241 - - [15/Apr/2026:20:00:19 +0000] "POST /wp-login.php HTTP/2" 200 2081 "https://mail.bn55downoad.com.pk/wp-login.php" "Mozilla/5.0 (Windows NT 10.0; WOW64; Trident/7.0; ASTE; rv:11.0) like Gecko"
136.144.35.159 - - [15/Apr/2026:20:00:34 +0000] "POST /wp-login.php HTTP/1.1" 200 6668 "-" "Mozilla/5.0"
51.77.43.72 - - [15/Apr/2026:20:06:53 +0000] "GET /robots.txt HTTP/1.1" 200 278 "-" "Mozilla/5.0 (compatible; MJ12bot/v1.4.8; http://mj12bot.com/)"
51.77.43.72 - - [15/Apr/2026:20:06:56 +0000] "GET / HTTP/1.1" 200 24754 "-" "Mozilla/5.0 (compatible; MJ12bot/v1.4.8; http://mj12bot.com/)"
209.74.65.46 - - [15/Apr/2026:20:10:12 +0000] "GET /wp-login.php HTTP/2" 200 1939 "-" "Mozilla/5.0 (Windows NT 10.0; WOW64) AppleWebKit/537.36 (KHTML, like Gecko) Chrome/65.0.3325.162 Safari/537.36"
209.74.65.46 - - [15/Apr/2026:20:10:13 +0000] "POST /wp-login.php HTTP/2" 200 2071 "https://www.bn55downoad.com.pk/wp-login.php" "Mozilla/5.0 (Windows NT 10.0; WOW64) AppleWebKit/537.36 (KHTML, like Gecko) Chrome/65.0.3325.162 Safari/537.36"
66.116.198.179 - - [15/Apr/2026:20:13:36 +0000] "GET /wp-login.php HTTP/2" 200 1939 "-" "Mozilla/5.0 (Windows NT 6.1; WOW64; Trident/7.0; rv:11.0)"
66.116.198.179 - - [15/Apr/2026:20:13:38 +0000] "POST /wp-login.php HTTP/2" 200 2081 "https://www.bn55downoad.com.pk/wp-login.php" "Mozilla/5.0 (Windows NT 6.1; WOW64; Trident/7.0; rv:11.0)"
144.217.135.160 - - [15/Apr/2026:20:16:04 +0000] "GET / HTTP/1.1" 200 94765 "-" "Mozilla/5.0 (Linux; Android 10; SM-G981B) AppleWebKit/537.36 (KHTML, like Gecko) Chrome/80.0.3987.162 Mobile Safari/537.36"
144.217.135.160 - - [15/Apr/2026:20:16:06 +0000] "GET /security.txt HTTP/1.1" 404 60177 "-" "Mozilla/5.0 (compatible; Dataprovider.com)"
144.217.135.160 - - [15/Apr/2026:20:16:08 +0000] "GET /ads.txt HTTP/1.1" 404 60177 "-" "Mozilla/5.0 (compatible; Dataprovider.com)"
144.217.135.160 - - [15/Apr/2026:20:16:09 +0000] "GET /llms.txt HTTP/1.1" 404 60177 "-" "Mozilla/5.0 (compatible; Dataprovider.com)"
149.56.160.182 - - [15/Apr/2026:20:16:33 +0000] "GET / HTTP/2" 200 24754 "-" "Mozilla/5.0 (compatible; Dataprovider.com)"
149.56.160.182 - - [15/Apr/2026:20:16:33 +0000] "GET /wp-content/plugins/ultimate-blocks/dist/blocks.style.build.css?ver=3.5.4 HTTP/2" 200 12651 "https://bn55downoad.com.pk/" "Mozilla/5.0 (compatible; Dataprovider.com)"
149.56.160.182 - - [15/Apr/2026:20:16:33 +0000] "GET /wp-content/plugins/ultimate-blocks/src/extensions/style.css?ver=6.9.4 HTTP/2" 200 93 "https://bn55downoad.com.pk/" "Mozilla/5.0 (compatible; Dataprovider.com)"
149.56.160.182 - - [15/Apr/2026:20:16:33 +0000] "GET /wp-content/themes/generatepress/assets/css/main.min.css?ver=3.6.1 HTTP/2" 200 4410 "https://bn55downoad.com.pk/" "Mozilla/5.0 (compatible; Dataprovider.com)"
149.56.160.182 - - [15/Apr/2026:20:16:33 +0000] "GET /wp-content/uploads/2026/01/WhatsApp-Image-2026-01-05-at-21.44.52-1-614x1024.jpeg HTTP/2" 200 137166 "https://bn55downoad.com.pk/" "Mozilla/5.0 (compatible; Dataprovider.com)"
149.56.160.182 - - [15/Apr/2026:20:16:33 +0000] "GET /wp-content/themes/generatepress/assets/js/menu.min.js?ver=3.6.1 HTTP/2" 200 1678 "https://bn55downoad.com.pk/" "Mozilla/5.0 (compatible; Dataprovider.com)"
149.56.160.182 - - [15/Apr/2026:20:16:34 +0000] "GET /wp-content/uploads/2026/01/cropped-BN55DOWNLOAD.COM_.PK-1.png HTTP/2" 200 9794 "https://bn55downoad.com.pk/" "Mozilla/5.0 (compatible; Dataprovider.com)"
149.56.160.182 - - [15/Apr/2026:20:16:34 +0000] "GET /wp-content/uploads/2026/01/BN55DOWNLOAD.COM_.PK-1.png HTTP/2" 200 20641 "https://bn55downoad.com.pk/" "Mozilla/5.0 (compatible; Dataprovider.com)"
149.56.160.182 - - [15/Apr/2026:20:16:34 +0000] "GET /wp-includes/js/wp-emoji-release.min.js?ver=6.9.4 HTTP/2" 200 4949 "https://bn55downoad.com.pk/" "Mozilla/5.0 (compatible; Dataprovider.com)"
149.56.160.182 - - [15/Apr/2026:20:16:39 +0000] "GET /robots.txt HTTP/1.1" 200 91 "-" "Mozilla/5.0 (compatible; Dataprovider.com)"
144.217.135.160 - - [15/Apr/2026:20:16:01 +0000] "GET /bn55-game-app-download/ HTTP/1.1" 200 74345 "-" "Mozilla/5.0 (compatible; Dataprovider.com)"
144.217.135.160 - - [15/Apr/2026:20:16:03 +0000] "GET /humans.txt HTTP/1.1" 404 60177 "-" "Mozilla/5.0 (compatible; Dataprovider.com)"
144.217.135.160 - - [15/Apr/2026:20:16:07 +0000] "GET /.well-known/security.txt HTTP/1.1" 404 60177 "-" "Mozilla/5.0 (compatible; Dataprovider.com)"
149.56.160.182 - - [15/Apr/2026:20:16:35 +0000] "GET / HTTP/1.1" 301 0 "-" "Mozilla/5.0 (compatible; Dataprovider.com)"
149.56.160.182 - - [15/Apr/2026:20:16:37 +0000] "GET / HTTP/1.1" 200 24813 "-" "Mozilla/5.0 (compatible; Dataprovider.com)"
149.56.160.182 - - [15/Apr/2026:20:16:40 +0000] "OPTIONS / HTTP/1.1" 200 24756 "-" "Mozilla/5.0 (compatible; Dataprovider.com)"
51.77.43.72 - - [15/Apr/2026:20:18:54 +0000] "GET /robots.txt HTTP/1.1" 200 278 "-" "Mozilla/5.0 (compatible; MJ12bot/v1.4.8; http://mj12bot.com/)"
51.77.43.72 - - [15/Apr/2026:20:18:55 +0000] "GET / HTTP/1.1" 200 24756 "-" "Mozilla/5.0 (compatible; MJ12bot/v1.4.8; http://mj12bot.com/)"
103.121.26.217 - - [15/Apr/2026:20:29:04 +0000] "GET /wp-login.php HTTP/2" 200 1939 "-" "Mozilla/5.0 (Windows NT 6.3; Trident/7.0; rv 11.0) like Gecko"
103.121.26.217 - - [15/Apr/2026:20:29:05 +0000] "POST /wp-login.php HTTP/2" 200 2071 "https://mail.bn55downoad.com.pk/wp-login.php" "Mozilla/5.0 (Windows NT 6.3; Trident/7.0; rv 11.0) like Gecko"
45.239.148.226 - - [15/Apr/2026:20:32:10 +0000] "GET /wp-login.php HTTP/2" 200 1939 "-" "Mozilla/5.0 (Windows NT 10.0; WOW64; Trident/7.0; yie11; rv:11.0) like Gecko"
78.47.203.112 - - [15/Apr/2026:20:32:13 +0000] "HEAD / HTTP/1.1" 200 0 "-" "-"
45.239.148.226 - - [15/Apr/2026:20:32:13 +0000] "POST /wp-login.php HTTP/2" 200 2071 "https://www.bn55downoad.com.pk/wp-login.php" "Mozilla/5.0 (Windows NT 10.0; WOW64; Trident/7.0; yie11; rv:11.0) like Gecko"
66.249.72.228 - - [15/Apr/2026:20:33:39 +0000] "GET /products/63040143494 HTTP/1.1" 404 16498 "-" "Mozilla/5.0 (Linux; Android 6.0.1; Nexus 5X Build/MMB29P) AppleWebKit/537.36 (KHTML, like Gecko) Chrome/146.0.7680.177 Mobile Safari/537.36 (compatible; Googlebot/2.1; +http://www.google.com/bot.html)"
74.125.216.229 - - [15/Apr/2026:20:42:49 +0000] "GET /products/87490210556 HTTP/1.1" 404 16498 "-" "Mozilla/5.0 (X11; Linux x86_64) AppleWebKit/537.36 (KHTML, like Gecko) Chrome/146.0.7680.164 Safari/537.36"
143.95.158.36 - - [15/Apr/2026:20:46:48 +0000] "GET /wp-login.php HTTP/2" 200 1939 "-" "Mozilla/5.0 (Windows NT 6.1; WOW64; Trident/7.0; NP08; NP08; MAAU; rv:11.0) like Gecko"
40.77.167.26 - - [15/Apr/2026:20:48:47 +0000] "GET /products/967141397 HTTP/2" 404 16476 "-" "Mozilla/5.0 AppleWebKit/537.36 (KHTML, like Gecko; compatible; bingbot/2.0; +http://www.bing.com/bingbot.htm) Chrome/116.0.1938.76 Safari/537.36"
185.244.36.210 - - [15/Apr/2026:20:51:54 +0000] "POST /wp-cron.php?doing_wp_cron=1776286314.1698451042175292968750 HTTP/1.1" 200 0 "-" "WordPress/6.9.4; https://bn55downoad.com.pk"
74.125.216.228 - - [15/Apr/2026:20:51:53 +0000] "GET /products/6304058691 HTTP/1.1" 404 16498 "-" "Mozilla/5.0 (X11; Linux x86_64) AppleWebKit/537.36 (KHTML, like Gecko) Chrome/146.0.7680.164 Safari/537.36"
74.125.216.228 - - [15/Apr/2026:20:51:54 +0000] "GET /wp-content/plugins/ultimate-blocks/src/extensions/style.css?ver=6.9.4 HTTP/1.1" 200 93 "https://bn55downoad.com.pk/products/6304058691" "Mozilla/5.0 (X11; Linux x86_64) AppleWebKit/537.36 (KHTML, like Gecko) Chrome/146.0.7680.164 Safari/537.36"
74.125.216.229 - - [15/Apr/2026:20:51:54 +0000] "GET /wp-content/themes/generatepress/assets/css/main.min.css?ver=3.6.1 HTTP/1.1" 200 4410 "https://bn55downoad.com.pk/products/6304058691" "Mozilla/5.0 (X11; Linux x86_64) AppleWebKit/537.36 (KHTML, like Gecko) Chrome/146.0.7680.164 Safari/537.36"
74.125.216.230 - - [15/Apr/2026:20:51:55 +0000] "GET /wp-content/themes/generatepress/assets/js/menu.min.js?ver=3.6.1 HTTP/1.1" 200 1678 "https://bn55downoad.com.pk/products/6304058691" "Mozilla/5.0 (X11; Linux x86_64) AppleWebKit/537.36 (KHTML, like Gecko) Chrome/146.0.7680.164 Safari/537.36"
185.244.36.210 - - [15/Apr/2026:20:52:57 +0000] "POST /wp-cron.php?doing_wp_cron=1776286377.7715439796447753906250 HTTP/1.1" 200 0 "-" "WordPress/6.9.4; https://bn55downoad.com.pk"
212.227.125.241 - - [15/Apr/2026:20:58:41 +0000] "GET /wp-login.php HTTP/2" 200 1939 "-" "Mozilla/5.0 (Windows NT 6.1; WOW64; Trident/7.0; MATM; rv:11.0) like Gecko"
212.227.125.241 - - [15/Apr/2026:20:58:44 +0000] "POST /wp-login.php HTTP/2" 200 2081 "https://www.bn55downoad.com.pk/wp-login.php" "Mozilla/5.0 (Windows NT 6.1; WOW64; Trident/7.0; MATM; rv:11.0) like Gecko"
103.91.245.241 - - [15/Apr/2026:21:01:33 +0000] "GET /wp-login.php HTTP/2" 200 1939 "-" "Mozilla/4.0 (compatible; MSIE 7.0; Windows NT 6.1; Trident/7.0; SLCC2; Media Center PC 6.0; .NET CLR 3.5.30729; .NET CLR 3.0.30729; .NET CLR 2.0.50727; .NET4.0C; .NET4.0E)"
103.91.245.241 - - [15/Apr/2026:21:01:34 +0000] "POST /wp-login.php HTTP/2" 200 2081 "https://mail.bn55downoad.com.pk/wp-login.php" "Mozilla/4.0 (compatible; MSIE 7.0; Windows NT 6.1; Trident/7.0; SLCC2; Media Center PC 6.0; .NET CLR 3.5.30729; .NET CLR 3.0.30729; .NET CLR 2.0.50727; .NET4.0C; .NET4.0E)"
91.151.18.30 - - [15/Apr/2026:21:03:24 +0000] "GET /wp-login.php HTTP/2" 200 1939 "-" "Mozilla/5.0 (Windows NT 6.1; Win64; x64; Trident/7.0; managedpc; rv:11.0) like Gecko"
91.151.18.30 - - [15/Apr/2026:21:03:25 +0000] "POST /wp-login.php HTTP/2" 200 2071 "https://mail.bn55downoad.com.pk/wp-login.php" "Mozilla/5.0 (Windows NT 6.1; Win64; x64; Trident/7.0; managedpc; rv:11.0) like Gecko"
65.254.225.223 - - [15/Apr/2026:21:10:11 +0000] "GET /wp-login.php HTTP/2" 200 1939 "-" "Mozilla/4.0 (compatible; MSIE 7.0; Windows NT 6.1; Win64; x64; Trident/7.0; .NET CLR 2.0.50727; SLCC2; .NET CLR 3.5.30729; .NET CLR 3.0.30729; Media Center PC 6.0; .NET4.0C; .NET4.0E; Tablet PC 2.0)"
65.254.225.223 - - [15/Apr/2026:21:10:12 +0000] "POST /wp-login.php HTTP/2" 200 2071 "https://mail.bn55downoad.com.pk/wp-login.php" "Mozilla/4.0 (compatible; MSIE 7.0; Windows NT 6.1; Win64; x64; Trident/7.0; .NET CLR 2.0.50727; SLCC2; .NET CLR 3.5.30729; .NET CLR 3.0.30729; Media Center PC 6.0; .NET4.0C; .NET4.0E; Tablet PC 2.0)"
150.109.46.88 - - [15/Apr/2026:21:17:44 +0000] "GET / HTTP/1.1" 200 27715 "http://www.bn55downoad.com.pk" "Mozilla/5.0 (iPhone; CPU iPhone OS 13_2_3 like Mac OS X) AppleWebKit/605.1.15 (KHTML, like Gecko) Version/13.0.3 Mobile/15E148 Safari/604.1"
136.144.35.161 - - [15/Apr/2026:21:19:04 +0000] "POST /wp-login.php HTTP/1.1" 200 6668 "-" "Mozilla/5.0"
212.227.125.241 - - [15/Apr/2026:21:22:59 +0000] "GET /wp-login.php HTTP/2" 200 1939 "-" "Mozilla/5.0 (Windows NT 10.0; WOW64) AppleWebKit/537.36 (KHTML, like Gecko) Chrome/63.0.3239.132 Safari/537.36 OPR/50.0.2762.67"
212.227.125.241 - - [15/Apr/2026:21:23:00 +0000] "POST /wp-login.php HTTP/2" 200 2071 "https://www.bn55downoad.com.pk/wp-login.php" "Mozilla/5.0 (Windows NT 10.0; WOW64) AppleWebKit/537.36 (KHTML, like Gecko) Chrome/63.0.3239.132 Safari/537.36 OPR/50.0.2762.67"
66.249.72.230 - - [15/Apr/2026:21:49:42 +0000] "GET /products/31421181475 HTTP/1.1" 404 16498 "-" "Mozilla/5.0 (Linux; Android 6.0.1; Nexus 5X Build/MMB29P) AppleWebKit/537.36 (KHTML, like Gecko) Chrome/146.0.7680.177 Mobile Safari/537.36 (compatible; Googlebot/2.1; +http://www.google.com/bot.html)"
51.79.254.190 - - [15/Apr/2026:21:50:48 +0000] "GET /wp-login.php HTTP/2" 200 1939 "-" "Mozilla/5.0 (Windows NT 10.0; Win64; x64) AppleWebKit/537.36 (KHTML, like Gecko) Chrome/67.0.3396.62 Safari/537.36"
51.79.254.190 - - [15/Apr/2026:21:50:49 +0000] "POST /wp-login.php HTTP/2" 200 2071 "https://mail.bn55downoad.com.pk/wp-login.php" "Mozilla/5.0 (Windows NT 10.0; Win64; x64) AppleWebKit/537.36 (KHTML, like Gecko) Chrome/67.0.3396.62 Safari/537.36"
185.244.36.210 - - [15/Apr/2026:20:18:55 +0000] "POST /wp-cron.php?doing_wp_cron=1776284335.8202829360961914062500 HTTP/1.1" 200 0 "-" "WordPress/6.9.4; https://bn55downoad.com.pk"
136.144.35.185 - - [15/Apr/2026:20:27:44 +0000] "POST /wp-login.php HTTP/1.1" 200 6668 "-" "Mozilla/5.0"
118.27.18.224 - - [15/Apr/2026:20:30:35 +0000] "GET /wp-login.php HTTP/2" 200 1939 "-" "Mozilla/5.0 (Windows NT 10.0; Win64; x64; Trident/7.0; rv:11.0) like Gecko"
118.27.18.224 - - [15/Apr/2026:20:30:43 +0000] "POST /wp-login.php HTTP/2" 200 2071 "https://www.bn55downoad.com.pk.millwin.org/wp-login.php" "Mozilla/5.0 (Windows NT 10.0; Win64; x64; Trident/7.0; rv:11.0) like Gecko"
103.28.36.220 - - [15/Apr/2026:20:31:49 +0000] "GET /wp-login.php HTTP/2" 200 1939 "-" "Mozilla/4.0 (compatible; MSIE 7.0; Windows NT 6.2; Trident/7.0; .NET4.0C; .NET4.0E)"
185.244.36.210 - - [15/Apr/2026:20:31:52 +0000] "POST /wp-cron.php?doing_wp_cron=1776285112.2873880863189697265625 HTTP/1.1" 200 0 "-" "WordPress/6.9.4; https://bn55downoad.com.pk"
103.28.36.220 - - [15/Apr/2026:20:31:50 +0000] "POST /wp-login.php HTTP/2" 200 2071 "https://www.bn55downoad.com.pk/wp-login.php" "Mozilla/4.0 (compatible; MSIE 7.0; Windows NT 6.2; Trident/7.0; .NET4.0C; .NET4.0E)"
34.21.160.22 - - [15/Apr/2026:20:48:11 +0000] "GET /wp-login.php HTTP/2" 200 1939 "-" "Mozilla/5.0 (Macintosh; Intel Mac OS X 10_10_5) AppleWebKit/537.36 (KHTML, like Gecko) Chrome/66.0.3359.117 Safari/537.36"
34.21.160.22 - - [15/Apr/2026:20:48:12 +0000] "POST /wp-login.php HTTP/2" 200 2081 "https://mail.bn55downoad.com.pk/wp-login.php" "Mozilla/5.0 (Macintosh; Intel Mac OS X 10_10_5) AppleWebKit/537.36 (KHTML, like Gecko) Chrome/66.0.3359.117 Safari/537.36"
3.86.206.78 - - [15/Apr/2026:20:49:59 +0000] "GET /wp-login.php HTTP/1.1" 200 2183 "-" "Mozilla/5.0 (WordPress CMS Scanner)"
74.125.216.230 - - [15/Apr/2026:20:51:54 +0000] "GET /wp-content/uploads/2026/01/cropped-BN55DOWNLOAD.COM_.PK-1.png HTTP/1.1" 200 9794 "https://bn55downoad.com.pk/products/6304058691" "Mozilla/5.0 (X11; Linux x86_64) AppleWebKit/537.36 (KHTML, like Gecko) Chrome/146.0.7680.164 Safari/537.36"
136.144.35.182 - - [15/Apr/2026:20:52:56 +0000] "POST /wp-login.php HTTP/1.1" 200 6668 "-" "Mozilla/5.0"
68.67.112.35 - - [15/Apr/2026:21:19:57 +0000] "GET /robots.txt HTTP/1.1" 200 91 "-" "Mozilla/5.0 AppleWebKit/537.36 (KHTML, like Gecko; compatible; YouBot/1.0; +https://docs.you.com/youbot; env:prod) Chrome/142.0.0.0 Safari/537.36"
136.144.35.165 - - [15/Apr/2026:21:45:50 +0000] "POST /wp-login.php HTTP/1.1" 200 6668 "-" "Mozilla/5.0"
108.167.188.225 - - [15/Apr/2026:21:48:16 +0000] "GET /wp-login.php HTTP/2" 200 1939 "-" "Mozilla/5.0 (Macintosh; Intel Mac OS X 10_13_4) AppleWebKit/537.36 (KHTML, like Gecko) Chrome/67.0.3396.79 Safari/537.36"
108.167.188.225 - - [15/Apr/2026:21:48:17 +0000] "POST /wp-login.php HTTP/2" 200 2081 "https://www.bn55downoad.com.pk/wp-login.php" "Mozilla/5.0 (Macintosh; Intel Mac OS X 10_13_4) AppleWebKit/537.36 (KHTML, like Gecko) Chrome/67.0.3396.79 Safari/537.36"
103.121.26.217 - - [15/Apr/2026:21:52:58 +0000] "GET /wp-login.php HTTP/2" 200 1939 "-" "Mozilla/5.0 (Windows NT 10.0; Win64; x64) AppleWebKit/537.36 (KHTML, like Gecko) Chrome/58.0.3029.110 Safari/537.36 Edge/16.16299"
103.121.26.217 - - [15/Apr/2026:21:53:01 +0000] "POST /wp-login.php HTTP/2" 200 2071 "https://www.bn55downoad.com.pk/wp-login.php" "Mozilla/5.0 (Windows NT 10.0; Win64; x64) AppleWebKit/537.36 (KHTML, like Gecko) Chrome/58.0.3029.110 Safari/537.36 Edge/16.16299"
66.249.72.229 - - [15/Apr/2026:21:55:39 +0000] "GET /products/98271183058 HTTP/1.1" 404 16497 "-" "Mozilla/5.0 (Linux; Android 6.0.1; Nexus 5X Build/MMB29P) AppleWebKit/537.36 (KHTML, like Gecko) Chrome/146.0.7680.177 Mobile Safari/537.36 (compatible; Googlebot/2.1; +http://www.google.com/bot.html)"
136.144.35.166 - - [15/Apr/2026:22:13:41 +0000] "POST /wp-login.php HTTP/1.1" 200 6668 "-" "Mozilla/5.0"
108.167.149.236 - - [15/Apr/2026:22:29:20 +0000] "GET /wp-login.php HTTP/2" 200 1939 "-" "Mozilla/5.0 (X11; Linux x86_64; rv:60.0) Gecko/20100101 Firefox/60.0"
108.167.149.236 - - [15/Apr/2026:22:29:21 +0000] "POST /wp-login.php HTTP/2" 200 2071 "https://www.bn55downoad.com.pk.millwin.org/wp-login.php" "Mozilla/5.0 (X11; Linux x86_64; rv:60.0) Gecko/20100101 Firefox/60.0"
185.244.36.210 - - [15/Apr/2026:22:35:09 +0000] "POST /wp-cron.php?doing_wp_cron=1776292509.6682538986206054687500 HTTP/1.1" 200 0 "-" "WordPress/6.9.4; https://bn55downoad.com.pk"
185.244.36.210 - - [15/Apr/2026:23:04:55 +0000] "POST /wp-cron.php?doing_wp_cron=1776294295.6665310859680175781250 HTTP/1.1" 200 0 "-" "WordPress/6.9.4; https://bn55downoad.com.pk"
66.249.72.229 - - [15/Apr/2026:23:04:54 +0000] "GET /products/63040233257 HTTP/1.1" 404 16476 "-" "Mozilla/5.0 (Linux; Android 6.0.1; Nexus 5X Build/MMB29P) AppleWebKit/537.36 (KHTML, like Gecko) Chrome/146.0.7680.177 Mobile Safari/537.36 (compatible; Googlebot/2.1; +http://www.google.com/bot.html)"
74.7.175.169 - - [15/Apr/2026:23:14:03 +0000] "GET /robots.txt HTTP/2" 200 91 "-" "Mozilla/5.0 (Macintosh; Intel Mac OS X 10_15_7) AppleWebKit/537.36 (KHTML, like Gecko) Chrome/131.0.0.0 Safari/537.36; compatible; OAI-SearchBot/1.3; robots.txt; +https://openai.com/searchbot"
185.244.36.210 - - [15/Apr/2026:23:14:06 +0000] "POST /wp-cron.php?doing_wp_cron=1776294846.2699539661407470703125 HTTP/1.1" 200 0 "-" "WordPress/6.9.4; https://bn55downoad.com.pk"
74.7.242.11 - - [15/Apr/2026:23:14:06 +0000] "GET /sitemap_index.xml HTTP/2" 200 265 "-" "Mozilla/5.0 AppleWebKit/537.36 (KHTML, like Gecko; compatible; GPTBot/1.3; +https://openai.com/gptbot)"
74.7.242.11 - - [15/Apr/2026:23:14:11 +0000] "GET /page-sitemap.xml HTTP/2" 200 575 "https://bn55downoad.com.pk/sitemap_index.xml" "Mozilla/5.0 AppleWebKit/537.36 (KHTML, like Gecko; compatible; GPTBot/1.3; +https://openai.com/gptbot)"
74.7.242.11 - - [15/Apr/2026:23:14:18 +0000] "GET / HTTP/2" 200 24754 "https://bn55downoad.com.pk/page-sitemap.xml" "Mozilla/5.0 AppleWebKit/537.36 (KHTML, like Gecko; compatible; GPTBot/1.3; +https://openai.com/gptbot)"
74.7.242.11 - - [15/Apr/2026:23:14:22 +0000] "GET /wp-content/plugins/ultimate-blocks/src/extensions/style.css?ver=6.9.4 HTTP/2" 200 93 "https://bn55downoad.com.pk/" "Mozilla/5.0 AppleWebKit/537.36 (KHTML, like Gecko; compatible; GPTBot/1.3; +https://openai.com/gptbot)"
74.7.242.11 - - [15/Apr/2026:23:14:27 +0000] "GET / HTTP/2" 200 24756 "http://bn55downoad.com.pk" "Mozilla/5.0 AppleWebKit/537.36 (KHTML, like Gecko; compatible; GPTBot/1.3; +https://openai.com/gptbot)"
74.7.242.11 - - [15/Apr/2026:23:14:31 +0000] "GET /wp-content/plugins/ultimate-blocks/dist/blocks.style.build.css?ver=3.5.4 HTTP/2" 200 12651 "https://bn55downoad.com.pk/" "Mozilla/5.0 AppleWebKit/537.36 (KHTML, like Gecko; compatible; GPTBot/1.3; +https://openai.com/gptbot)"
74.7.242.11 - - [15/Apr/2026:23:14:34 +0000] "GET /wp-includes/js/wp-emoji-release.min.js?ver=6.9.4 HTTP/2" 200 4949 "https://bn55downoad.com.pk/" "Mozilla/5.0 AppleWebKit/537.36 (KHTML, like Gecko; compatible; GPTBot/1.3; +https://openai.com/gptbot)"
74.7.242.11 - - [15/Apr/2026:23:14:37 +0000] "GET /wp-content/themes/generatepress/assets/css/main.min.css?ver=3.6.1 HTTP/2" 200 4410 "https://bn55downoad.com.pk/" "Mozilla/5.0 AppleWebKit/537.36 (KHTML, like Gecko; compatible; GPTBot/1.3; +https://openai.com/gptbot)"
74.7.242.11 - - [15/Apr/2026:23:14:40 +0000] "GET /wp-content/themes/generatepress/assets/js/menu.min.js?ver=3.6.1 HTTP/2" 200 1678 "https://bn55downoad.com.pk/" "Mozilla/5.0 AppleWebKit/537.36 (KHTML, like Gecko; compatible; GPTBot/1.3; +https://openai.com/gptbot)"
74.7.242.11 - - [15/Apr/2026:23:14:43 +0000] "GET /wp-json/oembed/1.0/embed?format=xml&url=https%3A%2F%2Fbn55downoad.com.pk%2F HTTP/2" 200 1127 "https://bn55downoad.com.pk/" "Mozilla/5.0 AppleWebKit/537.36 (KHTML, like Gecko; compatible; GPTBot/1.3; +https://openai.com/gptbot)"
13.211.250.169 - - [15/Apr/2026:22:12:24 +0000] "GET /wp-login.php HTTP/2" 200 1939 "-" "Mozilla/5.0 (Windows NT 10.0; Win64; x64) AppleWebKit/537.36 (KHTML, like Gecko) Chrome/66.0.3359.139 Safari/537.36"
13.211.250.169 - - [15/Apr/2026:22:12:26 +0000] "POST /wp-login.php HTTP/2" 200 2071 "https://www.bn55downoad.com.pk.millwin.org/wp-login.php" "Mozilla/5.0 (Windows NT 10.0; Win64; x64) AppleWebKit/537.36 (KHTML, like Gecko) Chrome/66.0.3359.139 Safari/537.36"
66.249.72.228 - - [15/Apr/2026:22:21:47 +0000] "GET /products/1941267541 HTTP/1.1" 404 16498 "-" "Mozilla/5.0 (Linux; Android 6.0.1; Nexus 5X Build/MMB29P) AppleWebKit/537.36 (KHTML, like Gecko) Chrome/146.0.7680.177 Mobile Safari/537.36 (compatible; Googlebot/2.1; +http://www.google.com/bot.html)"
66.249.72.228 - - [15/Apr/2026:22:22:09 +0000] "GET /products/3142190004 HTTP/1.1" 404 16498 "-" "Mozilla/5.0 (Linux; Android 6.0.1; Nexus 5X Build/MMB29P) AppleWebKit/537.36 (KHTML, like Gecko) Chrome/146.0.7680.177 Mobile Safari/537.36 (compatible; Googlebot/2.1; +http://www.google.com/bot.html)"
66.116.198.179 - - [15/Apr/2026:22:32:11 +0000] "GET /wp-login.php HTTP/2" 200 1939 "-" "Mozilla/4.0 (compatible; MSIE 7.0; Windows NT 6.1; WOW64; Trident/7.0; SLCC2; .NET CLR 2.0.50727; .NET CLR 3.5.30729; .NET CLR 3.0.30729; Media Center PC 6.0; .NET4.0C; .NET4.0E; GWX:QUALIFIED)"
66.116.198.179 - - [15/Apr/2026:22:32:13 +0000] "POST /wp-login.php HTTP/2" 200 2071 "https://mail.bn55downoad.com.pk/wp-login.php" "Mozilla/4.0 (compatible; MSIE 7.0; Windows NT 6.1; WOW64; Trident/7.0; SLCC2; .NET CLR 2.0.50727; .NET CLR 3.5.30729; .NET CLR 3.0.30729; Media Center PC 6.0; .NET4.0C; .NET4.0E; GWX:QUALIFIED)"
66.116.198.179 - - [15/Apr/2026:22:35:09 +0000] "GET /wp-login.php HTTP/2" 200 1939 "-" "Mozilla/5.0 (Windows NT 10.0; Win64; x64) AppleWebKit/537.36 (KHTML, like Gecko) Chrome/66.0.3359.117 Safari/537.36"
66.116.198.179 - - [15/Apr/2026:22:35:10 +0000] "POST /wp-login.php HTTP/2" 200 2071 "https://mail.bn55downoad.com.pk/wp-login.php" "Mozilla/5.0 (Windows NT 10.0; Win64; x64) AppleWebKit/537.36 (KHTML, like Gecko) Chrome/66.0.3359.117 Safari/537.36"
66.249.72.228 - - [15/Apr/2026:22:37:55 +0000] "GET /products/20730247088 HTTP/1.1" 404 16498 "-" "Mozilla/5.0 (Linux; Android 6.0.1; Nexus 5X Build/MMB29P) AppleWebKit/537.36 (KHTML, like Gecko) Chrome/146.0.7680.177 Mobile Safari/537.36 (compatible; Googlebot/2.1; +http://www.google.com/bot.html)"
136.144.35.184 - - [15/Apr/2026:22:41:32 +0000] "POST /wp-login.php HTTP/1.1" 200 6668 "-" "Mozilla/5.0"
66.249.72.228 - - [15/Apr/2026:23:03:00 +0000] "GET /products/2073050932 HTTP/1.1" 404 16498 "-" "Mozilla/5.0 (Linux; Android 6.0.1; Nexus 5X Build/MMB29P) AppleWebKit/537.36 (KHTML, like Gecko) Chrome/146.0.7680.177 Mobile Safari/537.36 (compatible; Googlebot/2.1; +http://www.google.com/bot.html)"
66.249.72.229 - - [15/Apr/2026:23:04:32 +0000] "GET /products/87490112766 HTTP/1.1" 404 16498 "-" "Mozilla/5.0 (Linux; Android 6.0.1; Nexus 5X Build/MMB29P) AppleWebKit/537.36 (KHTML, like Gecko) Chrome/146.0.7680.177 Mobile Safari/537.36 (compatible; Googlebot/2.1; +http://www.google.com/bot.html)"
136.144.35.184 - - [15/Apr/2026:23:09:26 +0000] "POST /wp-login.php HTTP/1.1" 200 6668 "-" "Mozilla/5.0"
74.7.242.11 - - [15/Apr/2026:23:14:47 +0000] "GET /wp-includes/js/',b,' HTTP/2" 301 0 "https://bn55downoad.com.pk/wp-includes/js/wp-emoji-release.min.js?ver=6.9.4" "Mozilla/5.0 AppleWebKit/537.36 (KHTML, like Gecko; compatible; GPTBot/1.3; +https://openai.com/gptbot)"
74.7.242.11 - - [15/Apr/2026:23:14:48 +0000] "GET /wp-includes/js/,b, HTTP/2" 301 0 "https://bn55downoad.com.pk/wp-includes/js/',b,'" "Mozilla/5.0 AppleWebKit/537.36 (KHTML, like Gecko; compatible; GPTBot/1.3; +https://openai.com/gptbot)"
74.7.242.11 - - [15/Apr/2026:23:14:49 +0000] "GET /wp-includes/js/,b HTTP/2" 404 16498 "https://bn55downoad.com.pk/wp-includes/js/,b," "Mozilla/5.0 AppleWebKit/537.36 (KHTML, like Gecko; compatible; GPTBot/1.3; +https://openai.com/gptbot)"
66.249.72.230 - - [15/Apr/2026:23:19:19 +0000] "GET /listing/144737317/ HTTP/1.1" 404 16497 "-" "Mozilla/5.0 (Linux; Android 6.0.1; Nexus 5X Build/MMB29P) AppleWebKit/537.36 (KHTML, like Gecko) Chrome/146.0.7680.177 Mobile Safari/537.36 (compatible; Googlebot/2.1; +http://www.google.com/bot.html)"
100.26.246.145 - - [15/Apr/2026:23:20:31 +0000] "GET /wp-login.php HTTP/2" 200 1939 "-" "Mozilla/5.0 (Windows NT 10.0; WOW64; Trident/7.0; ASTE; rv:11.0) like Gecko"
100.26.246.145 - - [15/Apr/2026:23:20:36 +0000] "POST /wp-login.php HTTP/2" 200 2081 "https://mail.bn55downoad.com.pk/wp-login.php" "Mozilla/5.0 (Windows NT 10.0; WOW64; Trident/7.0; ASTE; rv:11.0) like Gecko"
