185.191.171.5 - - [15/Apr/2026:21:27:33 +0000] "GET /products/63040407 HTTP/1.1" 404 18242 "-" "Mozilla/5.0 (compatible; SemrushBot/7~bl; +http://www.semrush.com/bot.html)"
185.191.171.11 - - [15/Apr/2026:21:28:13 +0000] "GET /products/874905663 HTTP/1.1" 404 18242 "-" "Mozilla/5.0 (compatible; SemrushBot/7~bl; +http://www.semrush.com/bot.html)"
185.191.171.6 - - [15/Apr/2026:21:28:15 +0000] "GET /products/13610188467 HTTP/1.1" 404 18236 "-" "Mozilla/5.0 (compatible; SemrushBot/7~bl; +http://www.semrush.com/bot.html)"
57.141.0.12 - - [15/Apr/2026:21:28:44 +0000] "GET /products/87490269688 HTTP/1.1" 404 60172 "-" "meta-externalagent/1.1 (+https://developers.facebook.com/docs/sharing/webmasters/crawler)"
185.244.36.210 - - [15/Apr/2026:21:29:00 +0000] "POST /wp-cron.php?doing_wp_cron=1776288540.6942710876464843750000 HTTP/1.1" 200 0 "-" "WordPress/6.9.4; https://bn55downoad.com.pk"
185.191.171.19 - - [15/Apr/2026:21:28:59 +0000] "GET /products/13610194185 HTTP/1.1" 404 18242 "-" "Mozilla/5.0 (compatible; SemrushBot/7~bl; +http://www.semrush.com/bot.html)"
185.191.171.11 - - [15/Apr/2026:21:29:13 +0000] "GET /products/1361015495 HTTP/1.1" 404 18242 "-" "Mozilla/5.0 (compatible; SemrushBot/7~bl; +http://www.semrush.com/bot.html)"
85.208.96.203 - - [15/Apr/2026:21:29:21 +0000] "GET /products/9827193873 HTTP/1.1" 404 18236 "-" "Mozilla/5.0 (compatible; SemrushBot/7~bl; +http://www.semrush.com/bot.html)"
85.208.96.212 - - [15/Apr/2026:21:29:41 +0000] "GET /products/630407661 HTTP/1.1" 404 18236 "-" "Mozilla/5.0 (compatible; SemrushBot/7~bl; +http://www.semrush.com/bot.html)"
85.208.96.195 - - [15/Apr/2026:21:29:43 +0000] "GET /products/9827197624 HTTP/1.1" 404 18242 "-" "Mozilla/5.0 (compatible; SemrushBot/7~bl; +http://www.semrush.com/bot.html)"
185.191.171.12 - - [15/Apr/2026:21:29:54 +0000] "GET /products/13610157004 HTTP/1.1" 404 18242 "-" "Mozilla/5.0 (compatible; SemrushBot/7~bl; +http://www.semrush.com/bot.html)"
185.191.171.6 - - [15/Apr/2026:21:30:27 +0000] "GET /products/13610177630 HTTP/1.1" 404 18242 "-" "Mozilla/5.0 (compatible; SemrushBot/7~bl; +http://www.semrush.com/bot.html)"
85.208.96.194 - - [15/Apr/2026:21:30:30 +0000] "GET /products/13610176557 HTTP/1.1" 404 18242 "-" "Mozilla/5.0 (compatible; SemrushBot/7~bl; +http://www.semrush.com/bot.html)"
185.191.171.13 - - [15/Apr/2026:21:30:47 +0000] "GET /products/13610150848 HTTP/1.1" 404 18242 "-" "Mozilla/5.0 (compatible; SemrushBot/7~bl; +http://www.semrush.com/bot.html)"
57.141.0.33 - - [15/Apr/2026:21:30:57 +0000] "GET /products/63040274651 HTTP/1.1" 404 60172 "-" "meta-externalagent/1.1 (+https://developers.facebook.com/docs/sharing/webmasters/crawler)"
185.191.171.6 - - [15/Apr/2026:21:31:30 +0000] "GET /products/13610146109 HTTP/1.1" 404 18242 "-" "Mozilla/5.0 (compatible; SemrushBot/7~bl; +http://www.semrush.com/bot.html)"
185.244.36.210 - - [15/Apr/2026:21:31:53 +0000] "POST /wp-cron.php?doing_wp_cron=1776288713.6768419742584228515625 HTTP/1.1" 200 0 "-" "WordPress/6.9.4; https://bn55downoad.com.pk"
185.191.171.19 - - [15/Apr/2026:21:32:01 +0000] "GET /products/9827195085 HTTP/1.1" 404 18236 "-" "Mozilla/5.0 (compatible; SemrushBot/7~bl; +http://www.semrush.com/bot.html)"
57.141.0.6 - - [15/Apr/2026:21:32:05 +0000] "GET /products/87490154312 HTTP/1.1" 404 60172 "-" "meta-externalagent/1.1 (+https://developers.facebook.com/docs/sharing/webmasters/crawler)"
185.191.171.14 - - [15/Apr/2026:21:32:31 +0000] "GET /products/13610173162 HTTP/1.1" 404 18242 "-" "Mozilla/5.0 (compatible; SemrushBot/7~bl; +http://www.semrush.com/bot.html)"
85.208.96.207 - - [15/Apr/2026:21:32:33 +0000] "GET /products/13610189073 HTTP/1.1" 404 18242 "-" "Mozilla/5.0 (compatible; SemrushBot/7~bl; +http://www.semrush.com/bot.html)"
185.244.36.210 - - [15/Apr/2026:21:33:01 +0000] "POST /wp-cron.php?doing_wp_cron=1776288781.5905330181121826171875 HTTP/1.1" 200 0 "-" "WordPress/6.9.4; https://bn55downoad.com.pk"
185.191.171.14 - - [15/Apr/2026:21:33:00 +0000] "GET /products/194128835 HTTP/1.1" 404 18242 "-" "Mozilla/5.0 (compatible; SemrushBot/7~bl; +http://www.semrush.com/bot.html)"
5.39.109.180 - - [15/Apr/2026:21:33:06 +0000] "GET /products/44302254024 HTTP/1.1" 404 16502 "-" "Mozilla/5.0 (compatible; AhrefsBot/7.0; +http://ahrefs.com/robot/)"
57.141.0.22 - - [15/Apr/2026:21:33:11 +0000] "GET /products/31421149879 HTTP/1.1" 404 60172 "-" "meta-externalagent/1.1 (+https://developers.facebook.com/docs/sharing/webmasters/crawler)"
85.208.96.207 - - [15/Apr/2026:21:33:27 +0000] "GET /products/136104010 HTTP/1.1" 404 18242 "-" "Mozilla/5.0 (compatible; SemrushBot/7~bl; +http://www.semrush.com/bot.html)"
85.208.96.208 - - [15/Apr/2026:21:33:41 +0000] "GET /products/13610231052 HTTP/1.1" 404 18242 "-" "Mozilla/5.0 (compatible; SemrushBot/7~bl; +http://www.semrush.com/bot.html)"
185.191.171.16 - - [15/Apr/2026:21:33:57 +0000] "GET /products/314212401 HTTP/1.1" 404 18236 "-" "Mozilla/5.0 (compatible; SemrushBot/7~bl; +http://www.semrush.com/bot.html)"
185.244.36.210 - - [15/Apr/2026:21:35:01 +0000] "POST /wp-cron.php?doing_wp_cron=1776288901.1315751075744628906250 HTTP/1.1" 200 0 "-" "WordPress/6.9.4; https://bn55downoad.com.pk"
85.208.96.199 - - [15/Apr/2026:21:35:13 +0000] "GET /products/967142202 HTTP/1.1" 404 18236 "-" "Mozilla/5.0 (compatible; SemrushBot/7~bl; +http://www.semrush.com/bot.html)"
85.208.96.211 - - [15/Apr/2026:21:35:32 +0000] "GET /products/13610191140 HTTP/1.1" 404 18242 "-" "Mozilla/5.0 (compatible; SemrushBot/7~bl; +http://www.semrush.com/bot.html)"
185.244.36.210 - - [15/Apr/2026:21:35:52 +0000] "POST /wp-cron.php?doing_wp_cron=1776288952.8930330276489257812500 HTTP/1.1" 200 0 "-" "WordPress/6.9.4; https://bn55downoad.com.pk"
185.191.171.1 - - [15/Apr/2026:21:35:52 +0000] "GET /products/13610195661 HTTP/1.1" 404 18242 "-" "Mozilla/5.0 (compatible; SemrushBot/7~bl; +http://www.semrush.com/bot.html)"
94.23.188.214 - - [15/Apr/2026:21:36:10 +0000] "GET /products/98271244526 HTTP/1.1" 404 16502 "-" "Mozilla/5.0 (compatible; AhrefsBot/7.0; +http://ahrefs.com/robot/)"
185.244.36.210 - - [15/Apr/2026:21:29:54 +0000] "POST /wp-cron.php?doing_wp_cron=1776288594.5979909896850585937500 HTTP/1.1" 200 0 "-" "WordPress/6.9.4; https://bn55downoad.com.pk"
51.75.236.146 - - [15/Apr/2026:21:29:57 +0000] "GET /products/63040214143 HTTP/1.1" 404 16470 "-" "Mozilla/5.0 (compatible; AhrefsBot/7.0; +http://ahrefs.com/robot/)"
185.244.36.210 - - [15/Apr/2026:21:30:58 +0000] "POST /wp-cron.php?doing_wp_cron=1776288658.0944719314575195312500 HTTP/1.1" 200 0 "-" "WordPress/6.9.4; https://bn55downoad.com.pk"
185.191.171.8 - - [15/Apr/2026:21:30:58 +0000] "GET /products/13610222886 HTTP/1.1" 404 18242 "-" "Mozilla/5.0 (compatible; SemrushBot/7~bl; +http://www.semrush.com/bot.html)"
85.208.96.211 - - [15/Apr/2026:21:31:42 +0000] "GET /products/13610147361 HTTP/1.1" 404 18242 "-" "Mozilla/5.0 (compatible; SemrushBot/7~bl; +http://www.semrush.com/bot.html)"
185.191.171.14 - - [15/Apr/2026:21:31:52 +0000] "GET /products/13610222809 HTTP/1.1" 404 18242 "-" "Mozilla/5.0 (compatible; SemrushBot/7~bl; +http://www.semrush.com/bot.html)"
185.191.171.2 - - [15/Apr/2026:21:31:58 +0000] "GET /products/13610152140 HTTP/1.1" 404 18242 "-" "Mozilla/5.0 (compatible; SemrushBot/7~bl; +http://www.semrush.com/bot.html)"
85.208.96.206 - - [15/Apr/2026:21:32:12 +0000] "GET /products/13610182786 HTTP/1.1" 404 18242 "-" "Mozilla/5.0 (compatible; SemrushBot/7~bl; +http://www.semrush.com/bot.html)"
185.191.171.15 - - [15/Apr/2026:21:32:17 +0000] "GET /robots.txt HTTP/1.1" 200 109 "-" "Mozilla/5.0 (compatible; SemrushBot/7~bl; +http://www.semrush.com/bot.html)"
85.208.96.198 - - [15/Apr/2026:21:32:17 +0000] "GET /products/1361015818 HTTP/1.1" 404 18242 "-" "Mozilla/5.0 (compatible; SemrushBot/7~bl; +http://www.semrush.com/bot.html)"
85.208.96.199 - - [15/Apr/2026:21:32:51 +0000] "GET /products/982712790 HTTP/1.1" 404 18242 "-" "Mozilla/5.0 (compatible; SemrushBot/7~bl; +http://www.semrush.com/bot.html)"
185.244.36.210 - - [15/Apr/2026:21:33:55 +0000] "POST /wp-cron.php?doing_wp_cron=1776288835.4564290046691894531250 HTTP/1.1" 200 0 "-" "WordPress/6.9.4; https://bn55downoad.com.pk"
85.208.96.202 - - [15/Apr/2026:21:33:55 +0000] "GET /products/13610218934 HTTP/1.1" 404 18242 "-" "Mozilla/5.0 (compatible; SemrushBot/7~bl; +http://www.semrush.com/bot.html)"
85.208.96.211 - - [15/Apr/2026:21:34:04 +0000] "GET /products/194129261 HTTP/1.1" 404 18236 "-" "Mozilla/5.0 (compatible; SemrushBot/7~bl; +http://www.semrush.com/bot.html)"
85.208.96.207 - - [15/Apr/2026:21:34:12 +0000] "GET /products/1361022749 HTTP/1.1" 404 18236 "-" "Mozilla/5.0 (compatible; SemrushBot/7~bl; +http://www.semrush.com/bot.html)"
57.141.0.38 - - [15/Apr/2026:21:34:17 +0000] "GET /products/87490139131 HTTP/1.1" 404 60172 "-" "meta-externalagent/1.1 (+https://developers.facebook.com/docs/sharing/webmasters/crawler)"
85.208.96.199 - - [15/Apr/2026:21:34:48 +0000] "GET /products/9827181642 HTTP/1.1" 404 18236 "-" "Mozilla/5.0 (compatible; SemrushBot/7~bl; +http://www.semrush.com/bot.html)"
85.208.96.206 - - [15/Apr/2026:21:35:00 +0000] "GET /products/13610177546 HTTP/1.1" 404 18242 "-" "Mozilla/5.0 (compatible; SemrushBot/7~bl; +http://www.semrush.com/bot.html)"
57.141.0.3 - - [15/Apr/2026:21:35:24 +0000] "GET /products/194123523 HTTP/1.1" 404 60172 "-" "meta-externalagent/1.1 (+https://developers.facebook.com/docs/sharing/webmasters/crawler)"
85.208.96.206 - - [15/Apr/2026:21:36:09 +0000] "GET /products/13610151120 HTTP/1.1" 404 17960 "-" "Mozilla/5.0 (compatible; SemrushBot/7~bl; +http://www.semrush.com/bot.html)"
185.191.171.17 - - [15/Apr/2026:21:36:11 +0000] "GET /products/13610149601 HTTP/1.1" 404 18242 "-" "Mozilla/5.0 (compatible; SemrushBot/7~bl; +http://www.semrush.com/bot.html)"
85.208.96.199 - - [15/Apr/2026:21:36:33 +0000] "GET /products/1361022245 HTTP/1.1" 404 17960 "-" "Mozilla/5.0 (compatible; SemrushBot/7~bl; +http://www.semrush.com/bot.html)"
85.208.96.204 - - [15/Apr/2026:21:36:40 +0000] "GET /products/13610174695 HTTP/1.1" 404 18242 "-" "Mozilla/5.0 (compatible; SemrushBot/7~bl; +http://www.semrush.com/bot.html)"
185.191.171.2 - - [15/Apr/2026:21:36:50 +0000] "GET /products/13610158223 HTTP/1.1" 404 18236 "-" "Mozilla/5.0 (compatible; SemrushBot/7~bl; +http://www.semrush.com/bot.html)"
185.191.171.2 - - [15/Apr/2026:21:36:52 +0000] "GET /products/13610211628 HTTP/1.1" 404 18242 "-" "Mozilla/5.0 (compatible; SemrushBot/7~bl; +http://www.semrush.com/bot.html)"
185.191.171.11 - - [15/Apr/2026:21:37:02 +0000] "GET /products/874908431 HTTP/1.1" 404 18242 "-" "Mozilla/5.0 (compatible; SemrushBot/7~bl; +http://www.semrush.com/bot.html)"
185.191.171.8 - - [15/Apr/2026:21:37:13 +0000] "GET /products/630406469 HTTP/1.1" 404 18242 "-" "Mozilla/5.0 (compatible; SemrushBot/7~bl; +http://www.semrush.com/bot.html)"
185.191.171.13 - - [15/Apr/2026:21:37:34 +0000] "GET /products/838921144 HTTP/1.1" 404 18236 "-" "Mozilla/5.0 (compatible; SemrushBot/7~bl; +http://www.semrush.com/bot.html)"
85.208.96.210 - - [15/Apr/2026:21:38:15 +0000] "GET /products/13610231626 HTTP/1.1" 404 18242 "-" "Mozilla/5.0 (compatible; SemrushBot/7~bl; +http://www.semrush.com/bot.html)"
185.191.171.18 - - [15/Apr/2026:21:38:47 +0000] "GET /products/13610193890 HTTP/1.1" 404 18242 "-" "Mozilla/5.0 (compatible; SemrushBot/7~bl; +http://www.semrush.com/bot.html)"
185.244.36.210 - - [15/Apr/2026:21:38:59 +0000] "POST /wp-cron.php?doing_wp_cron=1776289138.9941799640655517578125 HTTP/1.1" 200 0 "-" "WordPress/6.9.4; https://bn55downoad.com.pk"
185.191.171.6 - - [15/Apr/2026:21:38:57 +0000] "GET /products/13610176259 HTTP/1.1" 404 18242 "-" "Mozilla/5.0 (compatible; SemrushBot/7~bl; +http://www.semrush.com/bot.html)"
185.191.171.12 - - [15/Apr/2026:21:39:35 +0000] "GET /products/13610227209 HTTP/1.1" 404 18242 "-" "Mozilla/5.0 (compatible; SemrushBot/7~bl; +http://www.semrush.com/bot.html)"
57.141.0.16 - - [15/Apr/2026:21:39:51 +0000] "GET /products/1941269533 HTTP/1.1" 404 60172 "-" "meta-externalagent/1.1 (+https://developers.facebook.com/docs/sharing/webmasters/crawler)"
185.191.171.19 - - [15/Apr/2026:21:40:13 +0000] "GET /products/13610210941 HTTP/1.1" 404 18242 "-" "Mozilla/5.0 (compatible; SemrushBot/7~bl; +http://www.semrush.com/bot.html)"
185.191.171.4 - - [15/Apr/2026:21:40:25 +0000] "GET /products/13610182650 HTTP/1.1" 404 18242 "-" "Mozilla/5.0 (compatible; SemrushBot/7~bl; +http://www.semrush.com/bot.html)"
185.191.171.18 - - [15/Apr/2026:21:40:36 +0000] "GET /products/9827182170 HTTP/1.1" 404 18242 "-" "Mozilla/5.0 (compatible; SemrushBot/7~bl; +http://www.semrush.com/bot.html)"
85.208.96.205 - - [15/Apr/2026:21:40:42 +0000] "GET /products/13610207664 HTTP/1.1" 404 18242 "-" "Mozilla/5.0 (compatible; SemrushBot/7~bl; +http://www.semrush.com/bot.html)"
185.191.171.16 - - [15/Apr/2026:21:40:55 +0000] "GET /products/13610159639 HTTP/1.1" 404 18242 "-" "Mozilla/5.0 (compatible; SemrushBot/7~bl; +http://www.semrush.com/bot.html)"
57.141.0.13 - - [15/Apr/2026:21:40:56 +0000] "GET /products/87490124158 HTTP/1.1" 404 60172 "-" "meta-externalagent/1.1 (+https://developers.facebook.com/docs/sharing/webmasters/crawler)"
85.208.96.212 - - [15/Apr/2026:21:41:04 +0000] "GET /products/13610184506 HTTP/1.1" 404 18242 "-" "Mozilla/5.0 (compatible; SemrushBot/7~bl; +http://www.semrush.com/bot.html)"
185.191.171.13 - - [15/Apr/2026:21:41:27 +0000] "GET /products/13610154606 HTTP/1.1" 404 18236 "-" "Mozilla/5.0 (compatible; SemrushBot/7~bl; +http://www.semrush.com/bot.html)"
92.222.108.112 - - [15/Apr/2026:21:41:35 +0000] "GET /products/98271195156 HTTP/1.1" 404 16502 "-" "Mozilla/5.0 (compatible; AhrefsBot/7.0; +http://ahrefs.com/robot/)"
85.208.96.193 - - [15/Apr/2026:21:41:42 +0000] "GET /products/13610188598 HTTP/1.1" 404 18242 "-" "Mozilla/5.0 (compatible; SemrushBot/7~bl; +http://www.semrush.com/bot.html)"
85.208.96.203 - - [15/Apr/2026:21:41:44 +0000] "GET /products/13610203798 HTTP/1.1" 404 18242 "-" "Mozilla/5.0 (compatible; SemrushBot/7~bl; +http://www.semrush.com/bot.html)"
85.208.96.202 - - [15/Apr/2026:21:41:59 +0000] "GET /products/13610195368 HTTP/1.1" 404 18242 "-" "Mozilla/5.0 (compatible; SemrushBot/7~bl; +http://www.semrush.com/bot.html)"
85.208.96.206 - - [15/Apr/2026:21:36:13 +0000] "GET /products/443029650 HTTP/1.1" 404 18242 "-" "Mozilla/5.0 (compatible; SemrushBot/7~bl; +http://www.semrush.com/bot.html)"
57.141.0.14 - - [15/Apr/2026:21:36:30 +0000] "GET /products/4430264255 HTTP/1.1" 404 60172 "-" "meta-externalagent/1.1 (+https://developers.facebook.com/docs/sharing/webmasters/crawler)"
185.191.171.2 - - [15/Apr/2026:21:36:30 +0000] "GET /products/13610180145 HTTP/1.1" 404 18236 "-" "Mozilla/5.0 (compatible; SemrushBot/7~bl; +http://www.semrush.com/bot.html)"
185.244.36.210 - - [15/Apr/2026:21:36:52 +0000] "POST /wp-cron.php?doing_wp_cron=1776289012.7721679210662841796875 HTTP/1.1" 200 0 "-" "WordPress/6.9.4; https://bn55downoad.com.pk"
57.141.0.22 - - [15/Apr/2026:21:37:37 +0000] "GET /products/63040133848 HTTP/1.1" 404 60172 "-" "meta-externalagent/1.1 (+https://developers.facebook.com/docs/sharing/webmasters/crawler)"
185.191.171.6 - - [15/Apr/2026:21:37:40 +0000] "GET /products/874907330 HTTP/1.1" 404 17960 "-" "Mozilla/5.0 (compatible; SemrushBot/7~bl; +http://www.semrush.com/bot.html)"
185.244.36.210 - - [15/Apr/2026:21:38:01 +0000] "POST /wp-cron.php?doing_wp_cron=1776289081.2357139587402343750000 HTTP/1.1" 200 0 "-" "WordPress/6.9.4; https://bn55downoad.com.pk"
185.191.171.5 - - [15/Apr/2026:21:38:00 +0000] "GET /products/1361015338 HTTP/1.1" 404 18242 "-" "Mozilla/5.0 (compatible; SemrushBot/7~bl; +http://www.semrush.com/bot.html)"
85.208.96.195 - - [15/Apr/2026:21:38:38 +0000] "GET /products/9827190786 HTTP/1.1" 404 17960 "-" "Mozilla/5.0 (compatible; SemrushBot/7~bl; +http://www.semrush.com/bot.html)"
57.141.0.11 - - [15/Apr/2026:21:38:44 +0000] "GET /products/87490124158 HTTP/1.1" 404 60172 "-" "meta-externalagent/1.1 (+https://developers.facebook.com/docs/sharing/webmasters/crawler)"
85.208.96.195 - - [15/Apr/2026:21:39:39 +0000] "GET /products/13610208122 HTTP/1.1" 404 18242 "-" "Mozilla/5.0 (compatible; SemrushBot/7~bl; +http://www.semrush.com/bot.html)"
185.244.36.210 - - [15/Apr/2026:21:40:06 +0000] "POST /wp-cron.php?doing_wp_cron=1776289206.3747639656066894531250 HTTP/1.1" 200 0 "-" "WordPress/6.9.4; https://bn55downoad.com.pk"
85.208.96.210 - - [15/Apr/2026:21:40:04 +0000] "GET /products/874901403 HTTP/1.1" 404 18242 "-" "Mozilla/5.0 (compatible; SemrushBot/7~bl; +http://www.semrush.com/bot.html)"
185.191.171.9 - - [15/Apr/2026:21:40:23 +0000] "GET /products/874905363 HTTP/1.1" 404 18242 "-" "Mozilla/5.0 (compatible; SemrushBot/7~bl; +http://www.semrush.com/bot.html)"
85.208.96.211 - - [15/Apr/2026:21:40:44 +0000] "GET /products/13610226417 HTTP/1.1" 404 18236 "-" "Mozilla/5.0 (compatible; SemrushBot/7~bl; +http://www.semrush.com/bot.html)"
185.244.36.210 - - [15/Apr/2026:21:40:52 +0000] "POST /wp-cron.php?doing_wp_cron=1776289252.8201479911804199218750 HTTP/1.1" 200 0 "-" "WordPress/6.9.4; https://bn55downoad.com.pk"
185.191.171.19 - - [15/Apr/2026:21:40:52 +0000] "GET /products/194127759 HTTP/1.1" 404 18242 "-" "Mozilla/5.0 (compatible; SemrushBot/7~bl; +http://www.semrush.com/bot.html)"
40.77.167.152 - - [15/Apr/2026:21:41:27 +0000] "GET /products/13610204157 HTTP/1.1" 404 16502 "-" "Mozilla/5.0 AppleWebKit/537.36 (KHTML, like Gecko; compatible; bingbot/2.0; +http://www.bing.com/bingbot.htm) Chrome/116.0.1938.76 Safari/537.36"
185.244.36.210 - - [15/Apr/2026:21:41:59 +0000] "POST /wp-cron.php?doing_wp_cron=1776289319.7319281101226806640625 HTTP/1.1" 200 0 "-" "WordPress/6.9.4; https://bn55downoad.com.pk"
85.208.96.205 - - [15/Apr/2026:21:42:37 +0000] "GET /products/9827192422 HTTP/1.1" 404 18242 "-" "Mozilla/5.0 (compatible; SemrushBot/7~bl; +http://www.semrush.com/bot.html)"
185.191.171.12 - - [15/Apr/2026:21:43:40 +0000] "GET /products/9827184983 HTTP/1.1" 404 18242 "-" "Mozilla/5.0 (compatible; SemrushBot/7~bl; +http://www.semrush.com/bot.html)"
185.244.36.210 - - [15/Apr/2026:21:43:53 +0000] "POST /wp-cron.php?doing_wp_cron=1776289433.7704648971557617187500 HTTP/1.1" 200 0 "-" "WordPress/6.9.4; https://bn55downoad.com.pk"
57.141.0.8 - - [15/Apr/2026:21:42:04 +0000] "GET /products/8749075750 HTTP/1.1" 404 60172 "-" "meta-externalagent/1.1 (+https://developers.facebook.com/docs/sharing/webmasters/crawler)"
185.191.171.14 - - [15/Apr/2026:21:42:31 +0000] "GET /products/13610198471 HTTP/1.1" 404 18236 "-" "Mozilla/5.0 (compatible; SemrushBot/7~bl; +http://www.semrush.com/bot.html)"
185.244.36.210 - - [15/Apr/2026:21:42:56 +0000] "POST /wp-cron.php?doing_wp_cron=1776289376.2718300819396972656250 HTTP/1.1" 200 0 "-" "WordPress/6.9.4; https://bn55downoad.com.pk"
185.191.171.9 - - [15/Apr/2026:21:42:55 +0000] "GET /products/136108724 HTTP/1.1" 404 18242 "-" "Mozilla/5.0 (compatible; SemrushBot/7~bl; +http://www.semrush.com/bot.html)"
185.191.171.16 - - [15/Apr/2026:21:42:58 +0000] "GET /products/9827190337 HTTP/1.1" 404 18242 "-" "Mozilla/5.0 (compatible; SemrushBot/7~bl; +http://www.semrush.com/bot.html)"
57.141.0.3 - - [15/Apr/2026:21:43:10 +0000] "GET /products/9671457624 HTTP/1.1" 404 60172 "-" "meta-externalagent/1.1 (+https://developers.facebook.com/docs/sharing/webmasters/crawler)"
85.208.96.203 - - [15/Apr/2026:21:43:51 +0000] "GET /products/1361020294 HTTP/1.1" 404 18242 "-" "Mozilla/5.0 (compatible; SemrushBot/7~bl; +http://www.semrush.com/bot.html)"
57.141.0.12 - - [15/Apr/2026:21:44:17 +0000] "GET /products/96714195105 HTTP/1.1" 404 60172 "-" "meta-externalagent/1.1 (+https://developers.facebook.com/docs/sharing/webmasters/crawler)"
185.191.171.11 - - [15/Apr/2026:21:44:36 +0000] "GET /products/13610227122 HTTP/1.1" 404 18242 "-" "Mozilla/5.0 (compatible; SemrushBot/7~bl; +http://www.semrush.com/bot.html)"
85.208.96.205 - - [15/Apr/2026:21:45:01 +0000] "GET /products/136108022 HTTP/1.1" 404 18236 "-" "Mozilla/5.0 (compatible; SemrushBot/7~bl; +http://www.semrush.com/bot.html)"
185.191.171.11 - - [15/Apr/2026:21:45:16 +0000] "GET /products/194129374 HTTP/1.1" 404 18242 "-" "Mozilla/5.0 (compatible; SemrushBot/7~bl; +http://www.semrush.com/bot.html)"
185.191.171.11 - - [15/Apr/2026:21:45:24 +0000] "GET /products/1361016113 HTTP/1.1" 404 18242 "-" "Mozilla/5.0 (compatible; SemrushBot/7~bl; +http://www.semrush.com/bot.html)"
57.141.0.8 - - [15/Apr/2026:21:45:24 +0000] "GET /products/96714232820 HTTP/1.1" 404 60172 "-" "meta-externalagent/1.1 (+https://developers.facebook.com/docs/sharing/webmasters/crawler)"
185.244.36.210 - - [15/Apr/2026:21:46:02 +0000] "POST /wp-cron.php?doing_wp_cron=1776289562.9298849105834960937500 HTTP/1.1" 200 0 "-" "WordPress/6.9.4; https://bn55downoad.com.pk"
185.244.36.210 - - [15/Apr/2026:21:47:00 +0000] "POST /wp-cron.php?doing_wp_cron=1776289620.4939160346984863281250 HTTP/1.1" 200 0 "-" "WordPress/6.9.4; https://bn55downoad.com.pk"
85.208.96.210 - - [15/Apr/2026:21:46:59 +0000] "GET /products/13610176190 HTTP/1.1" 404 18242 "-" "Mozilla/5.0 (compatible; SemrushBot/7~bl; +http://www.semrush.com/bot.html)"
185.191.171.14 - - [15/Apr/2026:21:47:03 +0000] "GET /products/13610158011 HTTP/1.1" 404 18242 "-" "Mozilla/5.0 (compatible; SemrushBot/7~bl; +http://www.semrush.com/bot.html)"
57.141.0.41 - - [15/Apr/2026:21:47:37 +0000] "GET /products/19412156624 HTTP/1.1" 404 60172 "-" "meta-externalagent/1.1 (+https://developers.facebook.com/docs/sharing/webmasters/crawler)"
185.244.36.210 - - [15/Apr/2026:21:48:12 +0000] "POST /wp-cron.php?doing_wp_cron=1776289692.5865080356597900390625 HTTP/1.1" 200 0 "-" "WordPress/6.9.4; https://bn55downoad.com.pk"
185.191.171.2 - - [15/Apr/2026:21:48:40 +0000] "GET /products/838929048 HTTP/1.1" 404 17960 "-" "Mozilla/5.0 (compatible; SemrushBot/7~bl; +http://www.semrush.com/bot.html)"
85.208.96.209 - - [15/Apr/2026:21:48:42 +0000] "GET /products/13610169018 HTTP/1.1" 404 17960 "-" "Mozilla/5.0 (compatible; SemrushBot/7~bl; +http://www.semrush.com/bot.html)"
185.244.36.210 - - [15/Apr/2026:21:48:57 +0000] "POST /wp-cron.php?doing_wp_cron=1776289737.2870988845825195312500 HTTP/1.1" 200 0 "-" "WordPress/6.9.4; https://bn55downoad.com.pk"
85.208.96.204 - - [15/Apr/2026:21:43:53 +0000] "GET /products/838928605 HTTP/1.1" 404 18242 "-" "Mozilla/5.0 (compatible; SemrushBot/7~bl; +http://www.semrush.com/bot.html)"
85.208.96.207 - - [15/Apr/2026:21:44:13 +0000] "GET /products/13610171234 HTTP/1.1" 404 18242 "-" "Mozilla/5.0 (compatible; SemrushBot/7~bl; +http://www.semrush.com/bot.html)"
185.191.171.9 - - [15/Apr/2026:21:44:16 +0000] "GET /products/207309496 HTTP/1.1" 404 18236 "-" "Mozilla/5.0 (compatible; SemrushBot/7~bl; +http://www.semrush.com/bot.html)"
85.208.96.209 - - [15/Apr/2026:21:44:42 +0000] "GET /products/13610193826 HTTP/1.1" 404 18242 "-" "Mozilla/5.0 (compatible; SemrushBot/7~bl; +http://www.semrush.com/bot.html)"
85.208.96.196 - - [15/Apr/2026:21:44:47 +0000] "GET /products/13610186239 HTTP/1.1" 404 18242 "-" "Mozilla/5.0 (compatible; SemrushBot/7~bl; +http://www.semrush.com/bot.html)"
185.244.36.210 - - [15/Apr/2026:21:44:58 +0000] "POST /wp-cron.php?doing_wp_cron=1776289498.1902899742126464843750 HTTP/1.1" 200 0 "-" "WordPress/6.9.4; https://bn55downoad.com.pk"
185.191.171.9 - - [15/Apr/2026:21:44:57 +0000] "GET /products/194125840 HTTP/1.1" 404 18242 "-" "Mozilla/5.0 (compatible; SemrushBot/7~bl; +http://www.semrush.com/bot.html)"
85.208.96.206 - - [15/Apr/2026:21:45:08 +0000] "GET /products/13610213475 HTTP/1.1" 404 18242 "-" "Mozilla/5.0 (compatible; SemrushBot/7~bl; +http://www.semrush.com/bot.html)"
85.208.96.204 - - [15/Apr/2026:21:45:48 +0000] "GET /products/838923993 HTTP/1.1" 404 18242 "-" "Mozilla/5.0 (compatible; SemrushBot/7~bl; +http://www.semrush.com/bot.html)"
92.222.104.222 - - [15/Apr/2026:21:46:02 +0000] "GET /products/96714213217 HTTP/1.1" 404 16502 "-" "Mozilla/5.0 (compatible; AhrefsBot/7.0; +http://ahrefs.com/robot/)"
85.208.96.209 - - [15/Apr/2026:21:46:03 +0000] "GET /products/13610193613 HTTP/1.1" 404 18242 "-" "Mozilla/5.0 (compatible; SemrushBot/7~bl; +http://www.semrush.com/bot.html)"
85.208.96.197 - - [15/Apr/2026:21:46:27 +0000] "GET /products/13610178922 HTTP/1.1" 404 18242 "-" "Mozilla/5.0 (compatible; SemrushBot/7~bl; +http://www.semrush.com/bot.html)"
57.141.0.8 - - [15/Apr/2026:21:46:31 +0000] "GET /products/9671437974 HTTP/1.1" 404 60172 "-" "meta-externalagent/1.1 (+https://developers.facebook.com/docs/sharing/webmasters/crawler)"
185.191.171.16 - - [15/Apr/2026:21:46:32 +0000] "GET /products/13610167994 HTTP/1.1" 404 18242 "-" "Mozilla/5.0 (compatible; SemrushBot/7~bl; +http://www.semrush.com/bot.html)"
185.191.171.2 - - [15/Apr/2026:21:47:15 +0000] "GET /products/13610228779 HTTP/1.1" 404 18236 "-" "Mozilla/5.0 (compatible; SemrushBot/7~bl; +http://www.semrush.com/bot.html)"
85.208.96.203 - - [15/Apr/2026:21:47:21 +0000] "GET /products/13610152729 HTTP/1.1" 404 18236 "-" "Mozilla/5.0 (compatible; SemrushBot/7~bl; +http://www.semrush.com/bot.html)"
185.191.171.14 - - [15/Apr/2026:21:48:11 +0000] "GET /products/13610156408 HTTP/1.1" 404 18242 "-" "Mozilla/5.0 (compatible; SemrushBot/7~bl; +http://www.semrush.com/bot.html)"
85.208.96.209 - - [15/Apr/2026:21:48:14 +0000] "GET /products/13610163137 HTTP/1.1" 404 18242 "-" "Mozilla/5.0 (compatible; SemrushBot/7~bl; +http://www.semrush.com/bot.html)"
85.208.96.199 - - [15/Apr/2026:21:48:17 +0000] "GET /products/9827189288 HTTP/1.1" 404 18236 "-" "Mozilla/5.0 (compatible; SemrushBot/7~bl; +http://www.semrush.com/bot.html)"
57.141.0.17 - - [15/Apr/2026:21:48:45 +0000] "GET /products/87490153092 HTTP/1.1" 404 60172 "-" "meta-externalagent/1.1 (+https://developers.facebook.com/docs/sharing/webmasters/crawler)"
185.191.171.10 - - [15/Apr/2026:21:49:07 +0000] "GET /products/967147320 HTTP/1.1" 404 18242 "-" "Mozilla/5.0 (compatible; SemrushBot/7~bl; +http://www.semrush.com/bot.html)"
185.191.171.2 - - [15/Apr/2026:21:49:14 +0000] "GET /products/13610171639 HTTP/1.1" 404 18242 "-" "Mozilla/5.0 (compatible; SemrushBot/7~bl; +http://www.semrush.com/bot.html)"
185.244.36.210 - - [15/Apr/2026:21:49:52 +0000] "POST /wp-cron.php?doing_wp_cron=1776289792.4670989513397216796875 HTTP/1.1" 200 0 "-" "WordPress/6.9.4; https://bn55downoad.com.pk"
57.141.0.44 - - [15/Apr/2026:21:49:51 +0000] "GET /products/98271214255 HTTP/1.1" 404 60172 "-" "meta-externalagent/1.1 (+https://developers.facebook.com/docs/sharing/webmasters/crawler)"
40.77.167.241 - - [15/Apr/2026:21:50:24 +0000] "GET /products/443024162 HTTP/1.1" 404 16502 "-" "Mozilla/5.0 AppleWebKit/537.36 (KHTML, like Gecko; compatible; bingbot/2.0; +http://www.bing.com/bingbot.htm) Chrome/116.0.1938.76 Safari/537.36"
185.191.171.19 - - [15/Apr/2026:21:50:35 +0000] "GET /products/13610207832 HTTP/1.1" 404 18236 "-" "Mozilla/5.0 (compatible; SemrushBot/7~bl; +http://www.semrush.com/bot.html)"
85.208.96.209 - - [15/Apr/2026:21:50:39 +0000] "GET /products/13610150298 HTTP/1.1" 404 18242 "-" "Mozilla/5.0 (compatible; SemrushBot/7~bl; +http://www.semrush.com/bot.html)"
85.208.96.208 - - [15/Apr/2026:21:50:55 +0000] "GET /products/1361017343 HTTP/1.1" 404 18242 "-" "Mozilla/5.0 (compatible; SemrushBot/7~bl; +http://www.semrush.com/bot.html)"
57.141.0.31 - - [15/Apr/2026:21:50:57 +0000] "GET /products/63040222030 HTTP/1.1" 404 60172 "-" "meta-externalagent/1.1 (+https://developers.facebook.com/docs/sharing/webmasters/crawler)"
45.86.200.165 - - [15/Apr/2026:21:51:16 +0000] "GET /bless.php HTTP/1.1" 404 60172 "-" "Mozilla/5.0 (Windows NT 10.0) AppleWebKit/537.36 (KHTML, like Gecko) Chrome/72.0.3626.121 Safari/537.36"
45.86.200.165 - - [15/Apr/2026:21:51:16 +0000] "GET /O-Simple.php HTTP/1.1" 404 60172 "-" "Mozilla/5.0 (Windows NT 10.0; Win64; x64) AppleWebKit/537.36 (KHTML, like Gecko) Chrome/83.0.4103.97 Safari/537.36"
45.86.200.165 - - [15/Apr/2026:21:51:17 +0000] "GET /lock360.php HTTP/1.1" 404 60172 "-" "Mozilla/5.0 (Windows NT 10.0; Win64; x64) AppleWebKit/537.36 (KHTML, like Gecko) Chrome/77.0.3865.90 Safari/537.36"
45.86.200.165 - - [15/Apr/2026:21:51:17 +0000] "GET /zwso.php HTTP/1.1" 404 60172 "-" "Mozilla/5.0 (Windows NT 10.0; Win64; x64) AppleWebKit/537.36 (KHTML, like Gecko) Chrome/75.0.3770.100 Safari/537.36"
45.86.200.165 - - [15/Apr/2026:21:51:17 +0000] "GET /chosen.php HTTP/1.1" 404 60172 "-" "Mozilla/5.0 (Windows NT 10.0; Win64; x64) AppleWebKit/537.36 (KHTML, like Gecko) Chrome/58.0.3029.110 Safari/537.3"
45.86.200.165 - - [15/Apr/2026:21:51:18 +0000] "GET /about.php HTTP/1.1" 200 0 "-" "Mozilla/5.0 (Windows NT 10.0) AppleWebKit/537.36 (KHTML, like Gecko) Chrome/84.0.4147.105 Safari/537.36"
45.86.200.165 - - [15/Apr/2026:21:51:18 +0000] "GET /admin.php HTTP/1.1" 404 60172 "-" "Mozilla/5.0 (X11; Linux i686; rv:79.0) Gecko/20100101 Firefox/79.0"
45.86.200.165 - - [15/Apr/2026:21:51:18 +0000] "GET /mah.php HTTP/1.1" 200 0 "-" "Mozilla/5.0 (Windows NT 10.0; Win64; x64) AppleWebKit/537.36 (KHTML, like Gecko) Chrome/84.0.4147.105 Safari/537.36"
45.86.200.165 - - [15/Apr/2026:21:51:18 +0000] "GET /.wp/wso.php HTTP/1.1" 403 787 "-" "Mozilla/5.0 (Macintosh; Intel Mac OS X 10.15; rv:79.0) Gecko/20100101 Firefox/79.0"
45.86.200.165 - - [15/Apr/2026:21:51:18 +0000] "GET /core.php HTTP/1.1" 404 60172 "-" "Mozilla/5.0 (Linux x86_64; rv:79.0) Gecko/20100101 Firefox/79.0"
45.86.200.165 - - [15/Apr/2026:21:51:18 +0000] "GET /robots.php HTTP/1.1" 404 60172 "-" "Mozilla/5.0 (Macintosh; Intel Mac OS X 10.15; rv:79.0) Gecko/20100101 Firefox/79.0"
45.86.200.165 - - [15/Apr/2026:21:51:18 +0000] "GET /inputs.php HTTP/1.1" 404 60172 "-" "Mozilla/5.0 (Windows NT 10.0; Win64; x64) AppleWebKit/537.36 (KHTML, like Gecko) Chrome/81.0.4044.129 Safari/537.36"
45.86.200.165 - - [15/Apr/2026:21:51:19 +0000] "GET /mini.php HTTP/1.1" 404 60172 "-" "Mozilla/5.0 (Macintosh; Intel Mac OS X 10.15; rv:79.0) Gecko/20100101 Firefox/79.0"
45.86.200.165 - - [15/Apr/2026:21:51:19 +0000] "GET /goods.php HTTP/1.1" 404 60172 "-" "Mozilla/5.0 (Windows NT 10.0) AppleWebKit/537.36 (KHTML, like Gecko) Chrome/72.0.3626.121 Safari/537.36"
45.86.200.165 - - [15/Apr/2026:21:51:19 +0000] "GET /file5.php HTTP/1.1" 404 60172 "-" "Mozilla/5.0 (X11; Linux x86_64) AppleWebKit/537.36 (KHTML, like Gecko) Chrome/84.0.4147.105 Safari/537.36 OPR/70.0.3728.95"
45.86.200.165 - - [15/Apr/2026:21:51:20 +0000] "GET /ahax.php HTTP/1.1" 404 60172 "-" "Mozilla/5.0 (Windows NT 10.0; Win64; x64; rv:77.0) Gecko/20100101 Firefox/77.0"
45.86.200.165 - - [15/Apr/2026:21:51:20 +0000] "GET /f35.php HTTP/1.1" 404 60172 "-" "Mozilla/5.0 (Windows NT 10.0; Win64; x64) AppleWebKit/537.36 (KHTML, like Gecko) Chrome/79.0.3945.79 Safari/537.36"
45.86.200.165 - - [15/Apr/2026:21:51:21 +0000] "GET /simple.php HTTP/1.1" 404 60172 "-" "Mozilla/5.0 (Windows NT 10.0; Win64; x64) AppleWebKit/537.36 (KHTML, like Gecko) Chrome/58.0.3029.110 Safari/537.3"
45.86.200.165 - - [15/Apr/2026:21:51:21 +0000] "GET /amax.php HTTP/1.1" 404 60172 "-" "Mozilla/5.0 (Windows NT 10.0; Win64; x64; rv:71.0) Gecko/20100101 Firefox/71.0"
45.86.200.165 - - [15/Apr/2026:21:51:22 +0000] "GET /update/f35.php HTTP/1.1" 404 60172 "-" "Mozilla/5.0 (Windows NT 10.0; Win64; x64) AppleWebKit/537.36 (KHTML, like Gecko) Chrome/79.0.3945.88 Safari/537.36"
45.86.200.165 - - [15/Apr/2026:21:51:22 +0000] "GET /wp-content/hello.php HTTP/1.1" 404 60172 "-" "Mozilla/5.0 (Windows NT 10.0; Win64; x64; rv:71.0) Gecko/20100101 Firefox/71.0"
45.86.200.165 - - [15/Apr/2026:21:51:22 +0000] "GET /wp-admin/maint/bootstrap.php HTTP/1.1" 404 60172 "-" "Mozilla/5.0 (Windows NT 6.3; Win64; x64; rv:73.0) Gecko/20100101 Firefox/73.0"
45.86.200.165 - - [15/Apr/2026:21:51:22 +0000] "GET /themes/zMousse/otuz1.php HTTP/1.1" 404 60172 "-" "Mozilla/5.0 (X11; Fedora; Linux x86_64; rv:79.0) Gecko/20100101 Firefox/79.0"
45.86.200.165 - - [15/Apr/2026:21:51:23 +0000] "GET /wp-content/edit-wolf.php HTTP/1.1" 404 60172 "-" "Mozilla/5.0 (Macintosh; Intel Mac OS X 10_12_6) AppleWebKit/537.36 (KHTML, like Gecko) Chrome/58.0.3029.110 Safari/537.3"
45.86.200.165 - - [15/Apr/2026:21:51:23 +0000] "GET /wp-content/plugins/ubh/up.php HTTP/1.1" 403 787 "-" "Mozilla/5.0 (Windows NT 10.0; WOW64) AppleWebKit/537.36 (KHTML, like Gecko) Chrome/72.0.3626.121 Safari/537.36"
45.86.200.165 - - [15/Apr/2026:21:51:23 +0000] "GET /wp-admin/images/bootstrap.php HTTP/1.1" 404 60172 "-" "Mozilla/5.0 (Windows NT 10.0; Win64; x64) AppleWebKit/537.36 (KHTML, like Gecko) Chrome/84.0.4147.105 Safari/537.36"
45.86.200.165 - - [15/Apr/2026:21:51:24 +0000] "GET /images/upload.php HTTP/1.1" 404 60172 "-" "Mozilla/5.0 (Windows NT 10.0) AppleWebKit/537.36 (KHTML, like Gecko) Chrome/84.0.4147.105 Safari/537.36"
45.86.200.165 - - [15/Apr/2026:21:51:24 +0000] "GET /wp-content/plugins/seoplugins/db.php?u HTTP/1.1" 403 787 "-" "Mozilla/5.0 (Macintosh; Intel Mac OS X 10_15_6) AppleWebKit/537.36 (KHTML, like Gecko) Chrome/84.0.4147.105 Safari/537.36 OPR/70.0.3728.95"
45.86.200.165 - - [15/Apr/2026:21:51:25 +0000] "GET /wp-content/themes/pridmag/db.php?u HTTP/1.1" 404 60172 "-" "Mozilla/5.0 (Windows NT 10.0; Win64; x64) AppleWebKit/537.36 (KHTML, like Gecko) Chrome/58.0.3029.110 Safari/537.3"
45.86.200.165 - - [15/Apr/2026:21:51:25 +0000] "GET /wp-content/plugins/linkpreview/db.php?u HTTP/1.1" 404 60172 "-" "Mozilla/5.0 (Windows NT 10.0; WOW64; x64) AppleWebKit/537.36 (KHTML, like Gecko) Chrome/84.0.4147.105 Safari/537.36 OPR/70.0.3728.95"
45.86.200.165 - - [15/Apr/2026:21:51:25 +0000] "GET /admin/uploads/bn_1_1754420677.phtml HTTP/1.1" 404 60172 "-" "Mozilla/5.0 (Windows NT 10.0; Win64; x64; rv:73.0) Gecko/20100101 Firefox/73.0"
45.86.200.165 - - [15/Apr/2026:21:51:26 +0000] "GET /modules/mod_simplefileuploadv1.3/elements/udd.php HTTP/1.1" 404 60172 "-" "Mozilla/5.0 (Windows NT 10.0; WOW64; x64) AppleWebKit/537.36 (KHTML, like Gecko) Chrome/84.0.4147.105 Safari/537.36 OPR/70.0.3728.95"
45.86.200.165 - - [15/Apr/2026:21:51:26 +0000] "GET /wp-content/plugins/pwnd/pwnd.php HTTP/1.1" 403 787 "-" "Mozilla/5.0 (Windows NT 10.0; Win64; x64; rv:77.0) Gecko/20100101 Firefox/77.0"
45.86.200.165 - - [15/Apr/2026:21:51:26 +0000] "GET /wp-content/plugins/pwnd-1/pwnd.php HTTP/1.1" 404 60172 "-" "Mozilla/5.0 (Macintosh; Intel Mac OS X 10_15_6) AppleWebKit/537.36 (KHTML, like Gecko) Chrome/84.0.4147.105 Safari/537.36"
45.86.200.165 - - [15/Apr/2026:21:51:26 +0000] "GET /wp-admin/css/colors/midnight/admin.php HTTP/1.1" 404 60172 "-" "Mozilla/5.0 (Windows NT 10.0; WOW64; x64) AppleWebKit/537.36 (KHTML, like Gecko) Chrome/84.0.4147.105 Safari/537.36 OPR/70.0.3728.95"
45.86.200.165 - - [15/Apr/2026:21:51:27 +0000] "GET /vendor/phpunit/phpunit/src/Util/PHP/kill.php HTTP/1.1" 404 60172 "-" "Mozilla/5.0 (Windows NT 10.0) AppleWebKit/537.36 (KHTML, like Gecko) Chrome/72.0.3626.121 Safari/537.36"
45.86.200.165 - - [15/Apr/2026:21:51:27 +0000] "GET /wp-includes/style-engine/worksec.php HTTP/1.1" 404 60172 "-" "Mozilla/5.0 (compatible; MSIE 10.0; Windows NT 6.1; Trident/6.0)"
45.86.200.165 - - [15/Apr/2026:21:51:28 +0000] "GET /wp-admin/images/wp-conflg.php HTTP/1.1" 404 60172 "-" "Mozilla/5.0 (Windows NT 10.0; Win64; x64; rv:67.0) Gecko/20100101 Firefox/67.0"
45.86.200.165 - - [15/Apr/2026:21:51:29 +0000] "GET /wp-content/plugins/core-plugin/include.php HTTP/1.1" 404 60172 "-" "Mozilla/5.0 (Windows NT 10.0; Win64; x64; rv:77.0) Gecko/20100101 Firefox/77.0"
45.86.200.165 - - [15/Apr/2026:21:51:29 +0000] "GET /wp-content/plugins/envato-css.php HTTP/1.1" 404 60172 "-" "Mozilla/5.0 (Windows NT 10.0; Win64; x64; rv:66.0) Gecko/20100101 Firefox/66.0"
45.86.200.165 - - [15/Apr/2026:21:51:30 +0000] "GET /classwithtostring.php HTTP/1.1" 404 60172 "-" "Mozilla/5.0 (Windows NT 10.0; WOW64) AppleWebKit/537.36 (KHTML, like Gecko) Chrome/72.0.3626.121 Safari/537.36"
45.86.200.165 - - [15/Apr/2026:21:51:31 +0000] "GET /uploads/94056-upload.phtml HTTP/1.1" 404 60172 "-" "Mozilla/5.0 (Windows NT 10.0; Win64; x64; rv:71.0) Gecko/20100101 Firefox/71.0"
45.86.200.165 - - [15/Apr/2026:21:51:31 +0000] "GET /index/function.php HTTP/1.1" 404 60172 "-" "Mozilla/5.0 (Windows NT 6.1; Win64; x64) AppleWebKit/537.36 (KHTML, like Gecko) Chrome/80.0.3987.149 Safari/537.36"
45.86.200.165 - - [15/Apr/2026:21:51:32 +0000] "GET /tinyfilemanager.php HTTP/1.1" 404 60172 "-" "Mozilla/5.0 (Windows NT 10.0; Win64; x64; rv:74.0) Gecko/20100101 Firefox/74.0"
45.86.200.165 - - [15/Apr/2026:21:51:32 +0000] "GET /js/bas.php HTTP/1.1" 404 60172 "-" "Mozilla/5.0 (Windows NT 10.0; Win64; x64) AppleWebKit/537.36 (KHTML, like Gecko) Chrome/81.0.4044.129 Safari/537.36"
45.86.200.165 - - [15/Apr/2026:21:51:33 +0000] "GET /.well-known/pki-validation/moon.php HTTP/1.1" 404 796 "-" "Mozilla/5.0 (Macintosh; Intel Mac OS X 10.15; rv:79.0) Gecko/20100101 Firefox/79.0"
45.86.200.165 - - [15/Apr/2026:21:51:33 +0000] "GET /file.php HTTP/1.1" 404 60172 "-" "Mozilla/5.0 (Macintosh; Intel Mac OS X 10_10_1) AppleWebKit/537.36 (KHTML, like Gecko) Chrome/39.0.2171.95 Safari/537.36"
45.86.200.165 - - [15/Apr/2026:21:51:33 +0000] "GET /wp-includes/js/index.php HTTP/1.1" 301 0 "-" "Mozilla/5.0 (Windows NT 10.0; Win64; x64) AppleWebKit/537.36 (KHTML, like Gecko) Chrome/74.0.3729.169 Safari/537.36"
45.86.200.165 - - [15/Apr/2026:21:51:33 +0000] "GET /wp-content/upgrade/item.php HTTP/1.1" 404 60172 "-" "Mozilla/5.0 (Windows NT 10.0; Win64; x64) AppleWebKit/537.36 (KHTML, like Gecko) Chrome/79.0.3945.130 Safari/537.36"
45.86.200.165 - - [15/Apr/2026:21:51:34 +0000] "GET /buy.php HTTP/1.1" 404 60172 "-" "Mozilla/5.0 (Windows NT 6.1; Win64; x64) AppleWebKit/537.36 (KHTML, like Gecko) Chrome/78.0.3904.108 Safari/537.36"
45.86.200.165 - - [15/Apr/2026:21:51:34 +0000] "GET /wp-content/languages/wp-conflg.php HTTP/1.1" 404 60172 "-" "Mozilla/5.0 (Linux x86_64; rv:79.0) Gecko/20100101 Firefox/79.0"
45.86.200.165 - - [15/Apr/2026:21:51:34 +0000] "GET /wp-content/themes/classwithtostring.php HTTP/1.1" 404 60172 "-" "Mozilla/5.0 (Windows NT 10.0; Win64; x64) AppleWebKit/537.36 (KHTML, like Gecko) Chrome/75.0.3770.100 Safari/537.36"
45.86.200.165 - - [15/Apr/2026:21:51:35 +0000] "GET /wp-content/plugins/elementor/wp-wjvngrh.php HTTP/1.1" 404 60172 "-" "Mozilla/5.0 (Windows NT 10.0; Win64; x64) AppleWebKit/537.36 (KHTML, like Gecko) Chrome/70.0.3538.77 Safari/537.36"
45.86.200.165 - - [15/Apr/2026:21:51:35 +0000] "GET /wp-includes/IXR/fix.php7 HTTP/1.1" 404 60172 "-" "Mozilla/5.0 (Windows NT 10.0; Win64; x64; rv:71.0) Gecko/20100101 Firefox/71.0"
45.86.200.165 - - [15/Apr/2026:21:51:35 +0000] "GET /wp-includes/widgets/dyqvcfqv.php HTTP/1.1" 404 60172 "-" "Mozilla/5.0 (Windows NT 10.0; Win64; x64; rv:74.0) Gecko/20100101 Firefox/74.0"
45.86.200.165 - - [15/Apr/2026:21:51:36 +0000] "GET /admin/function.php HTTP/1.1" 404 60172 "-" "Mozilla/5.0 (Windows NT 10.0; Win64; x64) AppleWebKit/537.36 (KHTML, like Gecko) Chrome/77.0.3865.90 Safari/537.36"
45.86.200.165 - - [15/Apr/2026:21:51:36 +0000] "GET /wp-includes/images/smilies/about.php HTTP/1.1" 404 60172 "-" "Mozilla/5.0 (Windows NT 10.0; Win64; x64) AppleWebKit/537.36 (KHTML, like Gecko) Chrome/79.0.3945.130 Safari/537.36"
45.86.200.165 - - [15/Apr/2026:21:51:37 +0000] "GET /wp-includes/js/crop/admin.php HTTP/1.1" 404 60172 "-" "Mozilla/5.0 (Windows NT 10.0; Win64; x64) AppleWebKit/537.36 (KHTML, like Gecko) Chrome/79.0.3945.79 Safari/537.36"
45.86.200.165 - - [15/Apr/2026:21:51:38 +0000] "GET /wp-includes/PHPMailer/wp-conflg.php HTTP/1.1" 404 60172 "-" "Mozilla/5.0 (Windows NT 10.0; WOW64; x64) AppleWebKit/537.36 (KHTML, like Gecko) Chrome/84.0.4147.105 Safari/537.36 OPR/70.0.3728.95"
45.86.200.165 - - [15/Apr/2026:21:51:38 +0000] "GET /wp-includes/PHPMailer/admin.php HTTP/1.1" 404 60172 "-" "Mozilla/5.0 (Windows NT 10.0; Win64; x64; rv:72.0) Gecko/20100101 Firefox/72.0"
45.86.200.165 - - [15/Apr/2026:21:51:39 +0000] "GET /wp-includes/widgets/wp-login.php HTTP/1.1" 404 60172 "-" "Mozilla/5.0 (X11; Ubuntu; Linux i686; rv:79.0) Gecko/20100101 Firefox/79.0"
85.208.96.207 - - [15/Apr/2026:21:51:40 +0000] "GET /products/9827187535 HTTP/1.1" 404 18242 "-" "Mozilla/5.0 (compatible; SemrushBot/7~bl; +http://www.semrush.com/bot.html)"
45.86.200.165 - - [15/Apr/2026:21:51:41 +0000] "GET /files/index.php HTTP/1.1" 301 0 "-" "Mozilla/5.0 (Windows NT 10.0; Win64; x64) AppleWebKit/537.36 (KHTML, like Gecko) Chrome/70.0.3538.110 Safari/537.36"
45.86.200.165 - - [15/Apr/2026:21:51:42 +0000] "GET /wp-includes/PHPMailer/options.php HTTP/1.1" 404 60172 "-" "Mozilla/5.0 (Windows NT 6.1; Win64; x64) AppleWebKit/537.36 (KHTML, like Gecko) Chrome/78.0.3904.108 Safari/537.36"
45.86.200.165 - - [15/Apr/2026:21:51:42 +0000] "GET /inc.php HTTP/1.1" 404 60172 "-" "Mozilla/5.0 (Windows NT 10.0; WOW64) AppleWebKit/537.36 (KHTML, like Gecko) Chrome/84.0.4147.105 Safari/537.36"
45.86.200.165 - - [15/Apr/2026:21:51:43 +0000] "GET /wp-content/index.php HTTP/1.1" 200 0 "-" "Mozilla/5.0 (Windows NT 10.0; Win64; x64) AppleWebKit/537.36 (KHTML, like Gecko) Chrome/70.0.3538.110 Safari/537.36"
45.86.200.165 - - [15/Apr/2026:21:51:43 +0000] "GET /filemanager.php HTTP/1.1" 404 60172 "-" "Mozilla/5.0 (Windows NT 10.0; Win64; x64; rv:73.0) Gecko/20100101 Firefox/73.0"
45.86.200.165 - - [15/Apr/2026:21:51:44 +0000] "GET /cgi-bin/bypass.php HTTP/1.1" 404 60172 "-" "Mozilla/5.0 (Windows NT 6.3; Win64; x64; rv:73.0) Gecko/20100101 Firefox/73.0"
45.86.200.165 - - [15/Apr/2026:21:51:45 +0000] "GET /.well-known/pki-validation/admin.php HTTP/1.1" 404 796 "-" "Mozilla/5.0 (Windows NT 10.0; Win64; x64; rv:75.0) Gecko/20100101 Firefox/75.0"
45.86.200.165 - - [15/Apr/2026:21:51:45 +0000] "GET /wp-includes/IXR/admin.php HTTP/1.1" 404 60172 "-" "Mozilla/5.0 (Macintosh; Intel Mac OS X 10_15_6) AppleWebKit/537.36 (KHTML, like Gecko) Chrome/84.0.4147.105 Safari/537.36 OPR/70.0.3728.95"
45.86.200.165 - - [15/Apr/2026:21:51:46 +0000] "GET /wp-admin/js/index.php HTTP/1.1" 301 0 "-" "Mozilla/5.0 (Windows NT 10.0; Win64; x64; rv:71.0) Gecko/20100101 Firefox/71.0"
45.86.200.165 - - [15/Apr/2026:21:51:46 +0000] "GET /wp-includes/js/jquery/jquery.php HTTP/1.1" 403 787 "-" "Mozilla/5.0 (X11; Linux x86_64) AppleWebKit/537.36 (KHTML, like Gecko) Chrome/84.0.4147.105 Safari/537.36 OPR/70.0.3728.95"
45.86.200.165 - - [15/Apr/2026:21:51:46 +0000] "GET /function.php HTTP/1.1" 404 60172 "-" "Mozilla/5.0 (X11; Ubuntu; Linux x86_64; rv:79.0) Gecko/20100101 Firefox/79.0"
45.86.200.165 - - [15/Apr/2026:21:51:47 +0000] "GET /wp-includes/block-supports/autoload_classmap.php HTTP/1.1" 404 60172 "-" "Mozilla/5.0 (Macintosh; Intel Mac OS X 10.15; rv:79.0) Gecko/20100101 Firefox/79.0"
45.86.200.165 - - [15/Apr/2026:21:51:48 +0000] "GET /wp-signup.php HTTP/1.1" 302 0 "-" "Mozilla/5.0 (Windows NT 6.1; Win64; x64) AppleWebKit/537.36 (KHTML, like Gecko) Chrome/79.0.3945.130 Safari/537.36"
45.86.200.165 - - [15/Apr/2026:21:51:48 +0000] "GET /wp-admin/network/network.php HTTP/1.1" 404 60172 "-" "Mozilla/5.0 (Windows NT 10.0; Win64; x64) AppleWebKit/537.36 (KHTML, like Gecko) Chrome/80.0.3987.149 Safari/537.36"
45.86.200.165 - - [15/Apr/2026:21:51:49 +0000] "GET /admin/upload/css.php HTTP/1.1" 404 60172 "-" "Mozilla/5.0 (Windows NT 10.0) AppleWebKit/537.36 (KHTML, like Gecko) Chrome/72.0.3626.121 Safari/537.36"
45.86.200.165 - - [15/Apr/2026:21:51:50 +0000] "GET /wp-blog.php HTTP/1.1" 404 60172 "-" "Mozilla/5.0 (Windows NT 10.0; Win64; x64) AppleWebKit/537.36 (KHTML, like Gecko) Chrome/81.0.4044.129 Safari/537.36"
45.86.200.165 - - [15/Apr/2026:21:51:51 +0000] "GET /wp-admin/file.php HTTP/1.1" 404 60172 "-" "Mozilla/5.0 (Windows NT 10.0; Win64; x64) AppleWebKit/537.36 (KHTML, like Gecko) Chrome/70.0.3538.110 Safari/537.36"
45.86.200.165 - - [15/Apr/2026:21:51:51 +0000] "GET /wp-content/plugins/admin.php HTTP/1.1" 404 60172 "-" "Mozilla/5.0 (X11; Linux i686; rv:79.0) Gecko/20100101 Firefox/79.0"
45.86.200.165 - - [15/Apr/2026:21:51:52 +0000] "GET /wp-includes/blocks/table/int/tmpl/index.php HTTP/1.1" 301 0 "-" "Mozilla/5.0 (Macintosh; Intel Mac OS X 10_15_6) AppleWebKit/537.36 (KHTML, like Gecko) Chrome/84.0.4147.105 Safari/537.36"
45.86.200.165 - - [15/Apr/2026:21:51:52 +0000] "GET /wp-l0gin.php HTTP/1.1" 404 60172 "-" "Mozilla/5.0 (Windows NT 6.1; Win64; x64) AppleWebKit/537.36 (KHTML, like Gecko) Chrome/80.0.3987.149 Safari/537.36"
45.86.200.165 - - [15/Apr/2026:21:51:53 +0000] "GET /wp-includes/js/jquery/suggest.php HTTP/1.1" 403 787 "-" "Mozilla/5.0 (X11; Linux x86_64) AppleWebKit/537.36 (KHTML, like Gecko) Chrome/84.0.4147.105 Safari/537.36 OPR/70.0.3728.95"
45.86.200.165 - - [15/Apr/2026:21:51:53 +0000] "GET /new.php HTTP/1.1" 404 60172 "-" "Mozilla/5.0 (Windows NT 10.0; Win64; x64) AppleWebKit/537.36 (KHTML, like Gecko) Chrome/74.0.3729.157 Safari/537.36"
45.86.200.165 - - [15/Apr/2026:21:51:54 +0000] "GET /wp-content/plugins/pwnd-1/admin.php HTTP/1.1" 404 60172 "-" "Mozilla/5.0 (Windows NT 10.0; Win64; x64; rv:71.0) Gecko/20100101 Firefox/71.0"
45.86.200.165 - - [15/Apr/2026:21:51:55 +0000] "GET /wp-includes/defaults.php HTTP/1.1" 404 60172 "-" "Mozilla/5.0 (Windows NT 10.0; Win64; x64) AppleWebKit/537.36 (KHTML, like Gecko) Chrome/80.0.3987.149 Safari/537.36"
45.86.200.165 - - [15/Apr/2026:21:51:56 +0000] "GET /images/DJP9.php HTTP/1.1" 404 60172 "-" "Mozilla/5.0 (Macintosh; Intel Mac OS X 10_12_6) AppleWebKit/537.36 (KHTML, like Gecko) Chrome/58.0.3029.110 Safari/537.3"
45.86.200.165 - - [15/Apr/2026:21:51:56 +0000] "GET /wp-includes/customize/index.php HTTP/1.1" 200 0 "-" "Mozilla/5.0 (Windows NT 10.0; Win64; x64) AppleWebKit/537.36 (KHTML, like Gecko) Chrome/79.0.3945.88 Safari/537.36"
45.86.200.165 - - [15/Apr/2026:21:51:56 +0000] "GET /wp-admin/shell20211028.php HTTP/1.1" 404 60172 "-" "Mozilla/5.0 (Windows NT 6.1; Win64; x64) AppleWebKit/537.36 (KHTML, like Gecko) Chrome/80.0.3987.149 Safari/537.36"
45.86.200.165 - - [15/Apr/2026:21:51:57 +0000] "GET /natural.php HTTP/1.1" 404 60172 "-" "Mozilla/5.0 (Windows NT 10.0; Win64; x64; rv:67.0) Gecko/20100101 Firefox/67.0"
45.86.200.165 - - [15/Apr/2026:21:51:58 +0000] "GET /item.php HTTP/1.1" 404 60172 "-" "Mozilla/5.0 (X11; Linux i686; rv:79.0) Gecko/20100101 Firefox/79.0"
45.86.200.165 - - [15/Apr/2026:21:51:58 +0000] "GET /function/function.php HTTP/1.1" 404 60172 "-" "Mozilla/5.0 (Windows NT 10.0; Win64; x64) AppleWebKit/537.36 (KHTML, like Gecko) Chrome/75.0.3770.100 Safari/537.36"
45.86.200.165 - - [15/Apr/2026:21:51:59 +0000] "GET /wp-includes/SimplePie/index.php HTTP/1.1" 301 0 "-" "Mozilla/5.0 (X11; Linux x86_64) AppleWebKit/537.36 (KHTML, like Gecko) Chrome/84.0.4147.105 Safari/537.36"
45.86.200.165 - - [15/Apr/2026:21:52:00 +0000] "GET /wp-admin/images/admin.php HTTP/1.1" 404 60172 "-" "Mozilla/5.0 (X11; Ubuntu; Linux x86_64; rv:79.0) Gecko/20100101 Firefox/79.0"
45.86.200.165 - - [15/Apr/2026:21:52:01 +0000] "GET /wp-includes/theme-compat/about.php HTTP/1.1" 404 60172 "-" "Mozilla/5.0 (Windows NT 10.0; Win64; x64; rv:77.0) Gecko/20100101 Firefox/77.0"
45.86.200.165 - - [15/Apr/2026:21:52:01 +0000] "GET /about/function.php HTTP/1.1" 404 60172 "-" "Mozilla/5.0 (Windows NT 10.0; Win64; x64) AppleWebKit/537.36 (KHTML, like Gecko) Chrome/70.0.3538.110 Safari/537.36"
45.86.200.165 - - [15/Apr/2026:21:52:02 +0000] "GET /wp-includes/Requests/index.php HTTP/1.1" 301 0 "-" "Mozilla/5.0 (Macintosh; Intel Mac OS X 10_15_6) AppleWebKit/537.36 (KHTML, like Gecko) Chrome/84.0.4147.105 Safari/537.36"
45.86.200.165 - - [15/Apr/2026:21:52:06 +0000] "GET /wp-includes/ID3/about.php/wp-content/x/index.php HTTP/1.1" 301 0 "-" "Mozilla/5.0 (Windows NT 10.0; WOW64) AppleWebKit/537.36 (KHTML, like Gecko) Chrome/84.0.4147.105 Safari/537.36"
45.86.200.165 - - [15/Apr/2026:21:52:07 +0000] "GET /wp-includes/ID3/about.php HTTP/1.1" 404 60172 "-" "Mozilla/5.0 (Windows NT 10.0; Win64; x64) AppleWebKit/537.36 (KHTML, like Gecko) Chrome/75.0.3770.100 Safari/537.36"
45.86.200.165 - - [15/Apr/2026:21:52:08 +0000] "GET /wp-content/languages/404.php HTTP/1.1" 404 60172 "-" "Mozilla/5.0 (Windows NT 10.0; Win64; x64; rv:67.0) Gecko/20100101 Firefox/67.0"
45.86.200.165 - - [15/Apr/2026:21:52:09 +0000] "GET /update/403.php HTTP/1.1" 404 60172 "-" "Mozilla/5.0 (Windows NT 10.0; Win64; x64; rv:77.0) Gecko/20100101 Firefox/77.0"
45.86.200.165 - - [15/Apr/2026:21:52:10 +0000] "GET /default.php HTTP/1.1" 404 60172 "-" "Mozilla/5.0 (Windows NT 10.0; Win64; x64) AppleWebKit/537.36 (KHTML, like Gecko) Chrome/81.0.4044.129 Safari/537.36"
45.86.200.165 - - [15/Apr/2026:21:52:10 +0000] "GET /wp-includes/assets/info.php HTTP/1.1" 404 60172 "-" "Mozilla/5.0 (Macintosh; Intel Mac OS X 10_15_6) AppleWebKit/537.36 (KHTML, like Gecko) Chrome/84.0.4147.125 Safari/537.36"
45.86.200.165 - - [15/Apr/2026:21:52:11 +0000] "GET /wp-includes/class.api.php HTTP/1.1" 404 60172 "-" "Mozilla/5.0 (Windows NT 10.0; Win64; x64; rv:77.0) Gecko/20100101 Firefox/77.0"
45.86.200.165 - - [15/Apr/2026:21:52:12 +0000] "GET /wp-includes/fonts/index.php HTTP/1.1" 200 0 "-" "Mozilla/5.0 (Windows NT 10.0; Win64; x64) AppleWebKit/537.36 (KHTML, like Gecko) Chrome/80.0.3987.149 Safari/537.36"
45.86.200.165 - - [15/Apr/2026:21:52:12 +0000] "GET /wp-admin/chosen.php HTTP/1.1" 404 60172 "-" "Mozilla/5.0 (Windows NT 10.0; Win64; x64) AppleWebKit/537.36 (KHTML, like Gecko) Chrome/84.0.4147.105 Safari/537.36"
45.86.200.165 - - [15/Apr/2026:21:52:12 +0000] "GET /autoload_classmap/bypass.php HTTP/1.1" 404 60172 "-" "Mozilla/5.0 (Windows NT 10.0; Win64; x64; rv:71.0) Gecko/20100101 Firefox/71.0"
45.86.200.165 - - [15/Apr/2026:21:52:13 +0000] "GET /dropdown.php HTTP/1.1" 404 60172 "-" "Mozilla/5.0 (Windows NT 6.1; Win64; x64) AppleWebKit/537.36 (KHTML, like Gecko) Chrome/74.0.3729.169 Safari/537.36"
45.86.200.165 - - [15/Apr/2026:21:52:14 +0000] "GET /images/admin.php HTTP/1.1" 404 60172 "-" "Mozilla/5.0 (Windows NT 10.0; Win64; x64; rv:73.0) Gecko/20100101 Firefox/73.0"
45.86.200.165 - - [15/Apr/2026:21:52:15 +0000] "GET /db.php HTTP/1.1" 404 60172 "-" "Mozilla/5.0 (Macintosh; Intel Mac OS X 10_15_6) AppleWebKit/537.36 (KHTML, like Gecko) Chrome/84.0.4147.125 Safari/537.36"
45.86.200.165 - - [15/Apr/2026:21:52:16 +0000] "GET /.well-known/pki-validation/mariju.php HTTP/1.1" 404 796 "-" "Mozilla/5.0 (Windows NT 6.1; Win64; x64) AppleWebKit/537.36 (KHTML, like Gecko) Chrome/80.0.3987.149 Safari/537.36"
