185.244.36.210 - - [16/Apr/2026:06:02:39 +0000] "POST /wp-cron.php?doing_wp_cron=1776319359.2853870391845703125000 HTTP/1.1" 200 0 "-" "WordPress/6.9.4; https://aceph.pk"
50.87.140.189 - - [16/Apr/2026:06:02:37 +0000] "GET /wp-login.php HTTP/2" 200 1743 "-" "Mozilla/4.0 (compatible; MSIE 7.0; Windows NT 6.2; WOW64; Trident/7.0; .NET4.0E; .NET4.0C; .NET CLR 3.5.30729; .NET CLR 2.0.50727; .NET CLR 3.0.30729)"
50.87.140.189 - - [16/Apr/2026:06:02:42 +0000] "POST /wp-login.php HTTP/2" 200 1872 "https://aceph.pk/wp-login.php" "Mozilla/4.0 (compatible; MSIE 7.0; Windows NT 6.2; WOW64; Trident/7.0; .NET4.0E; .NET4.0C; .NET CLR 3.5.30729; .NET CLR 2.0.50727; .NET CLR 3.0.30729)"
185.244.36.210 - - [16/Apr/2026:06:06:39 +0000] "POST /wp-cron.php?doing_wp_cron=1776319599.9086310863494873046875 HTTP/1.1" 200 0 "-" "WordPress/6.9.4; https://aceph.pk"
185.244.36.210 - - [16/Apr/2026:06:13:34 +0000] "POST /wp-cron.php?doing_wp_cron=1776320014.8007550239562988281250 HTTP/1.1" 200 0 "-" "WordPress/6.9.4; https://aceph.pk"
202.124.204.254 - - [16/Apr/2026:06:13:38 +0000] "GET /wp-login.php HTTP/2" 200 1743 "-" "Mozilla/5.0 (Macintosh; Intel Mac OS X 10.9; rv:60.0) Gecko/20100101 Firefox/60.0"
202.124.204.254 - - [16/Apr/2026:06:13:39 +0000] "POST /wp-login.php HTTP/2" 200 1868 "https://aceph.pk/wp-login.php" "Mozilla/5.0 (Macintosh; Intel Mac OS X 10.9; rv:60.0) Gecko/20100101 Firefox/60.0"
108.179.252.200 - - [16/Apr/2026:06:14:51 +0000] "GET /wp-login.php HTTP/2" 200 1743 "-" "Mozilla/5.0 (Windows NT 6.1; WOW64; Trident/7.0; managedpc; rv:11.0) like Gecko"
108.179.252.200 - - [16/Apr/2026:06:14:52 +0000] "POST /wp-login.php HTTP/2" 200 1872 "https://aceph.pk/wp-login.php" "Mozilla/5.0 (Windows NT 6.1; WOW64; Trident/7.0; managedpc; rv:11.0) like Gecko"
185.244.36.210 - - [16/Apr/2026:06:18:02 +0000] "POST /wp-cron.php?doing_wp_cron=1776320282.5588910579681396484375 HTTP/1.1" 200 0 "-" "WordPress/6.9.4; https://aceph.pk"
217.148.136.104 - - [16/Apr/2026:06:18:02 +0000] "GET /wp-login.php HTTP/2" 200 1743 "-" "Mozilla/5.0 (Macintosh; Intel Mac OS X 10_13_5) AppleWebKit/537.36 (KHTML, like Gecko) Chrome/67.0.3396.87 Safari/537.36"
217.148.136.104 - - [16/Apr/2026:06:18:03 +0000] "POST /wp-login.php HTTP/2" 200 1872 "https://aceph.pk/wp-login.php" "Mozilla/5.0 (Macintosh; Intel Mac OS X 10_13_5) AppleWebKit/537.36 (KHTML, like Gecko) Chrome/67.0.3396.87 Safari/537.36"
185.244.36.210 - - [16/Apr/2026:06:19:12 +0000] "POST /wp-cron.php?doing_wp_cron=1776320352.3650178909301757812500 HTTP/1.1" 200 0 "-" "WordPress/6.9.4; https://aceph.pk"
35.78.103.230 - - [16/Apr/2026:06:19:11 +0000] "POST /wp-login.php HTTP/1.1" 200 5695 "-" "Mozilla/5.0"
185.244.36.210 - - [16/Apr/2026:06:21:04 +0000] "POST /wp-cron.php?doing_wp_cron=1776320464.3031051158905029296875 HTTP/1.1" 200 0 "-" "WordPress/6.9.4; https://aceph.pk"
185.244.36.210 - - [16/Apr/2026:04:26:13 +0000] "POST /wp-cron.php?doing_wp_cron=1776313573.2035360336303710937500 HTTP/1.1" 200 0 "-" "WordPress/6.9.4; https://aceph.pk"
108.167.151.75 - - [16/Apr/2026:04:26:12 +0000] "GET /wp-login.php HTTP/2" 200 1743 "-" "Mozilla/5.0 (Windows NT 6.1; Win64; x64; rv:60.0) Gecko/20100101 Firefox/60.0"
108.167.151.75 - - [16/Apr/2026:04:26:13 +0000] "POST /wp-login.php HTTP/2" 200 1872 "https://aceph.pk/wp-login.php" "Mozilla/5.0 (Windows NT 6.1; Win64; x64; rv:60.0) Gecko/20100101 Firefox/60.0"
173.254.104.177 - - [16/Apr/2026:04:32:35 +0000] "GET /wp-login.php HTTP/2" 200 1743 "-" "Mozilla/5.0 (Macintosh; Intel Mac OS X 10_12) AppleWebKit/602.1.50 (KHTML, like Gecko) Version/10.0 Safari/602.1.50"
173.254.104.177 - - [16/Apr/2026:04:32:37 +0000] "POST /wp-login.php HTTP/2" 200 1872 "https://aceph.pk/wp-login.php" "Mozilla/5.0 (Macintosh; Intel Mac OS X 10_12) AppleWebKit/602.1.50 (KHTML, like Gecko) Version/10.0 Safari/602.1.50"
139.59.217.211 - - [16/Apr/2026:04:35:51 +0000] "GET /wp-login.php HTTP/2" 200 1743 "-" "Mozilla/5.0 (Macintosh; Intel Mac OS X 10.10; rv:60.0) Gecko/20100101 Firefox/60.0"
139.59.217.211 - - [16/Apr/2026:04:35:55 +0000] "POST /wp-login.php HTTP/2" 200 1868 "https://aceph.pk/wp-login.php" "Mozilla/5.0 (Macintosh; Intel Mac OS X 10.10; rv:60.0) Gecko/20100101 Firefox/60.0"
185.244.36.210 - - [16/Apr/2026:05:05:44 +0000] "POST /wp-cron.php?doing_wp_cron=1776315944.3746609687805175781250 HTTP/1.1" 200 0 "-" "WordPress/6.9.4; https://aceph.pk"
35.78.103.230 - - [16/Apr/2026:05:05:41 +0000] "POST /wp-login.php HTTP/1.1" 200 5695 "-" "Mozilla/5.0"
185.244.36.210 - - [16/Apr/2026:05:07:01 +0000] "POST /wp-cron.php?doing_wp_cron=1776316021.0159049034118652343750 HTTP/1.1" 200 0 "-" "WordPress/6.9.4; https://aceph.pk"
156.59.26.142 - - [16/Apr/2026:05:38:19 +0000] "POST /wp-login.php HTTP/1.1" 200 5695 "-" "Mozilla/5.0"
185.244.36.210 - - [16/Apr/2026:05:40:25 +0000] "POST /wp-cron.php?doing_wp_cron=1776318025.5717000961303710937500 HTTP/1.1" 200 0 "-" "WordPress/6.9.4; https://aceph.pk"
185.244.36.210 - - [16/Apr/2026:05:45:02 +0000] "POST /wp-cron.php?doing_wp_cron=1776318302.1932299137115478515625 HTTP/1.1" 200 0 "-" "WordPress/6.9.4; https://aceph.pk"
156.59.26.142 - - [16/Apr/2026:05:45:07 +0000] "POST /wp-login.php HTTP/1.1" 200 5695 "-" "Mozilla/5.0"
185.244.36.210 - - [16/Apr/2026:05:50:32 +0000] "POST /wp-cron.php?doing_wp_cron=1776318631.9959950447082519531250 HTTP/1.1" 200 0 "-" "WordPress/6.9.4; https://aceph.pk"
108.167.188.70 - - [16/Apr/2026:05:50:29 +0000] "GET /wp-login.php HTTP/2" 200 1743 "-" "Mozilla/5.0 (Macintosh; Intel Mac OS X 10_13_1) AppleWebKit/537.36 (KHTML, like Gecko) Chrome/65.0.3325.162 Safari/537.36"
108.167.188.70 - - [16/Apr/2026:05:50:32 +0000] "POST /wp-login.php HTTP/2" 200 1872 "https://aceph.pk/wp-login.php" "Mozilla/5.0 (Macintosh; Intel Mac OS X 10_13_1) AppleWebKit/537.36 (KHTML, like Gecko) Chrome/65.0.3325.162 Safari/537.36"
156.59.26.142 - - [16/Apr/2026:05:52:27 +0000] "POST /wp-login.php HTTP/1.1" 200 5695 "-" "Mozilla/5.0"
35.78.103.230 - - [16/Apr/2026:05:54:41 +0000] "POST /wp-login.php HTTP/1.1" 200 5695 "-" "Mozilla/5.0"
156.59.26.142 - - [16/Apr/2026:05:59:30 +0000] "POST /wp-login.php HTTP/1.1" 200 5695 "-" "Mozilla/5.0"
156.59.26.142 - - [16/Apr/2026:06:06:39 +0000] "POST /wp-login.php HTTP/1.1" 200 5695 "-" "Mozilla/5.0"
156.59.26.142 - - [16/Apr/2026:06:13:34 +0000] "POST /wp-login.php HTTP/1.1" 200 5695 "-" "Mozilla/5.0"
185.244.36.210 - - [16/Apr/2026:06:14:51 +0000] "POST /wp-cron.php?doing_wp_cron=1776320091.5210800170898437500000 HTTP/1.1" 200 0 "-" "WordPress/6.9.4; https://aceph.pk"
156.59.26.142 - - [16/Apr/2026:06:21:03 +0000] "POST /wp-login.php HTTP/1.1" 200 5695 "-" "Mozilla/5.0"
103.28.36.205 - - [16/Apr/2026:06:25:55 +0000] "GET /wp-login.php HTTP/2" 200 1743 "-" "Mozilla/5.0 (Windows NT 10.0; WOW64) AppleWebKit/537.36 (KHTML, like Gecko) Chrome/65.0.3325.181 Safari/537.36 OPR/52.0.2871.40"
103.28.36.205 - - [16/Apr/2026:06:25:56 +0000] "POST /wp-login.php HTTP/2" 200 1868 "https://aceph.pk/wp-login.php" "Mozilla/5.0 (Windows NT 10.0; WOW64) AppleWebKit/537.36 (KHTML, like Gecko) Chrome/65.0.3325.181 Safari/537.36 OPR/52.0.2871.40"
185.244.36.210 - - [16/Apr/2026:06:29:53 +0000] "POST /wp-cron.php?doing_wp_cron=1776320993.5833930969238281250000 HTTP/1.1" 200 0 "-" "WordPress/6.9.4; https://aceph.pk"
185.244.36.210 - - [16/Apr/2026:06:43:44 +0000] "POST /wp-cron.php?doing_wp_cron=1776321824.7949819564819335937500 HTTP/1.1" 200 0 "-" "WordPress/6.9.4; https://aceph.pk"
185.244.36.210 - - [16/Apr/2026:06:24:36 +0000] "POST /wp-cron.php?doing_wp_cron=1776320676.7366359233856201171875 HTTP/1.1" 200 0 "-" "WordPress/6.9.4; https://aceph.pk"
213.55.96.154 - - [16/Apr/2026:06:24:36 +0000] "GET /wp-login.php HTTP/2" 200 1743 "-" "Mozilla/5.0 (MSIE 8.0; Windows NT 6.0; Trident/7.0; rv:11.0) like Gecko"
213.55.96.154 - - [16/Apr/2026:06:24:40 +0000] "POST /wp-login.php HTTP/2" 200 1872 "https://aceph.pk/wp-login.php" "Mozilla/5.0 (MSIE 8.0; Windows NT 6.0; Trident/7.0; rv:11.0) like Gecko"
185.244.36.210 - - [16/Apr/2026:06:25:55 +0000] "POST /wp-cron.php?doing_wp_cron=1776320755.7091319561004638671875 HTTP/1.1" 200 0 "-" "WordPress/6.9.4; https://aceph.pk"
156.59.26.142 - - [16/Apr/2026:06:29:53 +0000] "POST /wp-login.php HTTP/1.1" 200 5695 "-" "Mozilla/5.0"
157.15.40.84 - - [16/Apr/2026:06:38:14 +0000] "GET / HTTP/1.1" 200 35421 "https://www.google.com/" "Mozilla/5.0 (X11; Linux x86_64) AppleWebKit/537.36 Chrome/119.0.0.0 Safari/537.36"
35.78.103.230 - - [16/Apr/2026:06:43:44 +0000] "POST /wp-login.php HTTP/1.1" 200 5695 "-" "Mozilla/5.0"
103.74.123.125 - - [16/Apr/2026:06:43:53 +0000] "GET /wp-login.php HTTP/2" 200 1743 "-" "Mozilla/4.0 (compatible; MSIE 7.0; Windows NT 6.1; Win64; x64; Trident/7.0; .NET CLR 2.0.50727; SLCC2; .NET CLR 3.5.30729; .NET CLR 3.0.30729; Media Center PC 6.0; .NET4.0C; .NET4.0E)"
103.74.123.125 - - [16/Apr/2026:06:43:54 +0000] "POST /wp-login.php HTTP/2" 200 1868 "https://aceph.pk/wp-login.php" "Mozilla/4.0 (compatible; MSIE 7.0; Windows NT 6.1; Win64; x64; Trident/7.0; .NET CLR 2.0.50727; SLCC2; .NET CLR 3.5.30729; .NET CLR 3.0.30729; Media Center PC 6.0; .NET4.0C; .NET4.0E)"
185.244.36.210 - - [16/Apr/2026:07:09:58 +0000] "POST /wp-cron.php?doing_wp_cron=1776323398.6913239955902099609375 HTTP/1.1" 200 0 "-" "WordPress/6.9.4; https://aceph.pk"
185.244.36.210 - - [16/Apr/2026:07:15:55 +0000] "POST /wp-cron.php?doing_wp_cron=1776323755.6647260189056396484375 HTTP/1.1" 200 0 "-" "WordPress/6.9.4; https://aceph.pk"
185.244.36.210 - - [16/Apr/2026:07:42:55 +0000] "POST /wp-cron.php?doing_wp_cron=1776325374.9575109481811523437500 HTTP/1.1" 200 0 "-" "WordPress/6.9.4; https://aceph.pk"
43.153.96.79 - - [16/Apr/2026:07:46:35 +0000] "GET / HTTP/1.1" 200 40181 "http://aceph.pk" "Mozilla/5.0 (iPhone; CPU iPhone OS 13_2_3 like Mac OS X) AppleWebKit/605.1.15 (KHTML, like Gecko) Version/13.0.3 Mobile/15E148 Safari/604.1"
98.159.37.7 - - [16/Apr/2026:07:49:11 +0000] "GET /wp-login.php HTTP/1.1" 200 1964 "-" "Mozilla/5.0"
98.159.37.7 - - [16/Apr/2026:07:49:16 +0000] "GET /?author=1 HTTP/1.1" 301 0 "-" "Mozilla/5.0"
98.159.37.7 - - [16/Apr/2026:07:49:18 +0000] "GET /?rest_route=/wp/v2/users HTTP/1.1" 200 351 "-" "Mozilla/5.0"
69.49.112.74 - - [16/Apr/2026:08:11:22 +0000] "GET /wp-login.php HTTP/2" 200 1743 "-" "Mozilla/5.0 (Windows NT 6.1; WOW64; Trident/7.0; Ypkch32; rv:11.0) like Gecko"
69.49.112.74 - - [16/Apr/2026:08:11:23 +0000] "POST /wp-login.php HTTP/2" 200 1872 "https://aceph.pk/wp-login.php" "Mozilla/5.0 (Windows NT 6.1; WOW64; Trident/7.0; Ypkch32; rv:11.0) like Gecko"
185.244.36.210 - - [16/Apr/2026:07:02:45 +0000] "POST /wp-cron.php?doing_wp_cron=1776322965.0875670909881591796875 HTTP/1.1" 200 0 "-" "WordPress/6.9.4; https://aceph.pk"
82.194.91.137 - - [16/Apr/2026:07:02:44 +0000] "GET /wp-login.php HTTP/2" 200 1743 "-" "Mozilla/4.0 (compatible; MSIE 7.0; Windows NT 6.2; WOW64; Trident/7.0; .NET4.0C; .NET4.0E; .NET CLR 2.0.50727; .NET CLR 3.0.30729; .NET CLR 3.5.30729)"
82.194.91.137 - - [16/Apr/2026:07:02:49 +0000] "POST /wp-login.php HTTP/2" 200 1868 "https://aceph.pk/wp-login.php" "Mozilla/4.0 (compatible; MSIE 7.0; Windows NT 6.2; WOW64; Trident/7.0; .NET4.0C; .NET4.0E; .NET CLR 2.0.50727; .NET CLR 3.0.30729; .NET CLR 3.5.30729)"
100.42.176.42 - - [16/Apr/2026:07:09:57 +0000] "GET /wp-login.php HTTP/2" 200 1743 "-" "Mozilla/5.0 (Windows NT 10.0; WOW64; Trident/7.0; Touch; MDDCJS; rv:11.0) like Gecko"
100.42.176.42 - - [16/Apr/2026:07:09:59 +0000] "POST /wp-login.php HTTP/2" 200 1868 "https://aceph.pk/wp-login.php" "Mozilla/5.0 (Windows NT 10.0; WOW64; Trident/7.0; Touch; MDDCJS; rv:11.0) like Gecko"
108.167.161.22 - - [16/Apr/2026:07:15:55 +0000] "GET /wp-login.php HTTP/2" 200 1743 "-" "Mozilla/5.0 (Windows NT 10.0; WOW64; Trident/7.0; ASTE; rv:11.0) like Gecko"
185.244.36.210 - - [16/Apr/2026:07:16:01 +0000] "POST /wp-cron.php?doing_wp_cron=1776323761.1809730529785156250000 HTTP/1.1" 200 0 "-" "WordPress/6.9.4; https://aceph.pk"
108.167.161.22 - - [16/Apr/2026:07:16:00 +0000] "POST /wp-login.php HTTP/2" 200 1868 "https://aceph.pk/wp-login.php" "Mozilla/5.0 (Windows NT 10.0; WOW64; Trident/7.0; ASTE; rv:11.0) like Gecko"
159.223.76.255 - - [16/Apr/2026:07:42:54 +0000] "GET /wp-login.php HTTP/2" 200 1743 "-" "Mozilla/5.0 (Windows NT 10.0; WOW64) AppleWebKit/537.36 (KHTML, like Gecko) Chrome/66.0.3359.117 Safari/537.36"
159.223.76.255 - - [16/Apr/2026:07:42:55 +0000] "POST /wp-login.php HTTP/2" 200 1872 "https://aceph.pk/wp-login.php" "Mozilla/5.0 (Windows NT 10.0; WOW64) AppleWebKit/537.36 (KHTML, like Gecko) Chrome/66.0.3359.117 Safari/537.36"
185.244.36.210 - - [16/Apr/2026:07:48:58 +0000] "POST /wp-cron.php?doing_wp_cron=1776325738.0880761146545410156250 HTTP/1.1" 200 0 "-" "WordPress/6.9.4; https://aceph.pk"
185.244.36.210 - - [16/Apr/2026:08:11:23 +0000] "POST /wp-cron.php?doing_wp_cron=1776327082.9840009212493896484375 HTTP/1.1" 200 0 "-" "WordPress/6.9.4; https://aceph.pk"
185.244.36.210 - - [16/Apr/2026:08:17:29 +0000] "POST /wp-cron.php?doing_wp_cron=1776327449.7000761032104492187500 HTTP/1.1" 200 0 "-" "WordPress/6.9.4; https://aceph.pk"
13.211.250.169 - - [16/Apr/2026:08:17:29 +0000] "GET /wp-login.php HTTP/2" 200 1743 "-" "Mozilla/5.0 (compatible; MSIE 10.0; Windows NT 6.1; WOW64; Trident/7.0)"
13.211.250.169 - - [16/Apr/2026:08:17:30 +0000] "POST /wp-login.php HTTP/2" 200 1872 "https://aceph.pk/wp-login.php" "Mozilla/5.0 (compatible; MSIE 10.0; Windows NT 6.1; WOW64; Trident/7.0)"
101.33.80.42 - - [16/Apr/2026:08:24:16 +0000] "GET / HTTP/1.1" 200 40181 "http://www.aceph.pk" "Mozilla/5.0 (iPhone; CPU iPhone OS 13_2_3 like Mac OS X) AppleWebKit/605.1.15 (KHTML, like Gecko) Version/13.0.3 Mobile/15E148 Safari/604.1"
98.159.37.194 - - [16/Apr/2026:08:33:18 +0000] "POST /wp-login.php HTTP/1.1" 200 5695 "-" "Mozilla/5.0"
185.244.36.210 - - [16/Apr/2026:08:42:18 +0000] "POST /wp-cron.php?doing_wp_cron=1776328938.0027799606323242187500 HTTP/1.1" 200 0 "-" "WordPress/6.9.4; https://aceph.pk"
103.74.123.125 - - [16/Apr/2026:08:42:17 +0000] "GET /wp-login.php HTTP/2" 200 1743 "-" "Mozilla/5.0 (Windows NT 10.0; Win64; x64) AppleWebKit/537.36 (KHTML, like Gecko) Chrome/67.0.3396.79 Safari/537.36"
103.74.123.125 - - [16/Apr/2026:08:42:23 +0000] "POST /wp-login.php HTTP/2" 200 1872 "https://aceph.pk/wp-login.php" "Mozilla/5.0 (Windows NT 10.0; Win64; x64) AppleWebKit/537.36 (KHTML, like Gecko) Chrome/67.0.3396.79 Safari/537.36"
185.244.36.210 - - [16/Apr/2026:08:49:13 +0000] "POST /wp-cron.php?doing_wp_cron=1776329353.1044170856475830078125 HTTP/1.1" 200 0 "-" "WordPress/6.9.4; https://aceph.pk"
173.239.218.242 - - [16/Apr/2026:08:49:12 +0000] "POST /wp-login.php HTTP/1.1" 200 5695 "-" "Mozilla/5.0"
173.254.104.177 - - [16/Apr/2026:09:12:18 +0000] "GET /wp-login.php HTTP/2" 200 1743 "-" "Mozilla/5.0 (Windows NT 6.1; Win64; x64) AppleWebKit/537.36 (KHTML, like Gecko) Chrome/67.0.3396.87 Safari/537.36"
173.254.104.177 - - [16/Apr/2026:09:12:23 +0000] "POST /wp-login.php HTTP/2" 200 1868 "https://aceph.pk/wp-login.php" "Mozilla/5.0 (Windows NT 6.1; Win64; x64) AppleWebKit/537.36 (KHTML, like Gecko) Chrome/67.0.3396.87 Safari/537.36"
185.244.36.210 - - [16/Apr/2026:09:21:16 +0000] "POST /wp-cron.php?doing_wp_cron=1776331276.4011940956115722656250 HTTP/1.1" 200 0 "-" "WordPress/6.9.4; https://aceph.pk"
98.159.37.12 - - [16/Apr/2026:09:37:33 +0000] "POST /wp-login.php HTTP/1.1" 200 5695 "-" "Mozilla/5.0"
74.220.219.97 - - [16/Apr/2026:09:38:55 +0000] "GET /wp-login.php HTTP/2" 200 1743 "-" "Mozilla/5.0 (Windows NT 6.3; WOW64; Trident/7.0; ASU2JS; rv:11.0) like Gecko"
74.220.219.97 - - [16/Apr/2026:09:38:57 +0000] "POST /wp-login.php HTTP/2" 200 1872 "https://aceph.pk/wp-login.php" "Mozilla/5.0 (Windows NT 6.3; WOW64; Trident/7.0; ASU2JS; rv:11.0) like Gecko"
185.244.36.210 - - [16/Apr/2026:08:27:16 +0000] "POST /wp-cron.php?doing_wp_cron=1776328036.8779890537261962890625 HTTP/1.1" 200 0 "-" "WordPress/6.9.4; https://aceph.pk"
74.7.241.28 - - [16/Apr/2026:08:27:15 +0000] "GET /sitemap_index.xml HTTP/2" 200 259 "-" "Mozilla/5.0 AppleWebKit/537.36 (KHTML, like Gecko; compatible; GPTBot/1.3; +https://openai.com/gptbot)"
74.7.241.180 - - [16/Apr/2026:08:27:15 +0000] "GET /robots.txt HTTP/2" 200 91 "-" "Mozilla/5.0 (Macintosh; Intel Mac OS X 10_15_7) AppleWebKit/537.36 (KHTML, like Gecko) Chrome/131.0.0.0 Safari/537.36; compatible; OAI-SearchBot/1.3; robots.txt; +https://openai.com/searchbot"
185.244.36.210 - - [16/Apr/2026:08:33:19 +0000] "POST /wp-cron.php?doing_wp_cron=1776328398.9893710613250732421875 HTTP/1.1" 200 0 "-" "WordPress/6.9.4; https://aceph.pk"
185.244.36.210 - - [16/Apr/2026:08:47:05 +0000] "POST /wp-cron.php?doing_wp_cron=1776329225.8778851032257080078125 HTTP/1.1" 200 0 "-" "WordPress/6.9.4; https://aceph.pk"
143.95.158.36 - - [16/Apr/2026:08:47:05 +0000] "GET /wp-login.php HTTP/2" 200 1743 "-" "Mozilla/4.0 (compatible; MSIE 7.0; Windows NT 6.1; Trident/7.0; SLCC2; .NET CLR 2.0.50727; .NET CLR 3.5.30729; .NET CLR 3.0.30729; Media Center PC 6.0; .NET4.0C; .NET4.0E; InfoPath.3)"
143.95.158.36 - - [16/Apr/2026:08:47:06 +0000] "POST /wp-login.php HTTP/2" 200 1868 "https://aceph.pk/wp-login.php" "Mozilla/4.0 (compatible; MSIE 7.0; Windows NT 6.1; Trident/7.0; SLCC2; .NET CLR 2.0.50727; .NET CLR 3.5.30729; .NET CLR 3.0.30729; Media Center PC 6.0; .NET4.0C; .NET4.0E; InfoPath.3)"
43.165.65.75 - - [16/Apr/2026:08:57:46 +0000] "GET / HTTP/1.1" 200 40187 "http://aceph.pk" "Mozilla/5.0 (iPhone; CPU iPhone OS 13_2_3 like Mac OS X) AppleWebKit/605.1.15 (KHTML, like Gecko) Version/13.0.3 Mobile/15E148 Safari/604.1"
185.244.36.210 - - [16/Apr/2026:09:12:19 +0000] "POST /wp-cron.php?doing_wp_cron=1776330739.2099449634552001953125 HTTP/1.1" 200 0 "-" "WordPress/6.9.4; https://aceph.pk"
94.136.185.97 - - [16/Apr/2026:09:12:53 +0000] "GET /wp-login.php HTTP/2" 200 1743 "-" "Mozilla/5.0 (Windows NT 6.1; WOW64; Trident/7.0; UHG_Win7_Build 11-15-2010; rv:11.0) like Gecko"
94.136.185.97 - - [16/Apr/2026:09:12:54 +0000] "POST /wp-login.php HTTP/2" 200 1868 "https://aceph.pk/wp-login.php" "Mozilla/5.0 (Windows NT 6.1; WOW64; Trident/7.0; UHG_Win7_Build 11-15-2010; rv:11.0) like Gecko"
98.159.37.185 - - [16/Apr/2026:09:21:15 +0000] "POST /wp-login.php HTTP/1.1" 200 5695 "-" "Mozilla/5.0"
185.244.36.210 - - [16/Apr/2026:09:37:34 +0000] "POST /wp-cron.php?doing_wp_cron=1776332254.2242889404296875000000 HTTP/1.1" 200 0 "-" "WordPress/6.9.4; https://aceph.pk"
185.244.36.210 - - [16/Apr/2026:09:38:56 +0000] "POST /wp-cron.php?doing_wp_cron=1776332336.5690929889678955078125 HTTP/1.1" 200 0 "-" "WordPress/6.9.4; https://aceph.pk"
185.244.36.210 - - [16/Apr/2026:09:44:17 +0000] "POST /wp-cron.php?doing_wp_cron=1776332657.7315959930419921875000 HTTP/1.1" 200 0 "-" "WordPress/6.9.4; https://aceph.pk"
103.121.26.217 - - [16/Apr/2026:09:44:16 +0000] "GET /wp-login.php HTTP/2" 200 1743 "-" "Mozilla/5.0 (X11; CrOS x86_64 10323.67.0) AppleWebKit/537.36 (KHTML, like Gecko) Chrome/65.0.3325.209 Safari/537.36"
103.121.26.217 - - [16/Apr/2026:09:44:18 +0000] "POST /wp-login.php HTTP/2" 200 1868 "https://aceph.pk/wp-login.php" "Mozilla/5.0 (X11; CrOS x86_64 10323.67.0) AppleWebKit/537.36 (KHTML, like Gecko) Chrome/65.0.3325.209 Safari/537.36"
173.239.218.240 - - [16/Apr/2026:09:54:06 +0000] "POST /wp-login.php HTTP/1.1" 200 5695 "-" "Mozilla/5.0"
185.244.36.210 - - [16/Apr/2026:09:54:07 +0000] "POST /wp-cron.php?doing_wp_cron=1776333247.1768410205841064453125 HTTP/1.1" 200 0 "-" "WordPress/6.9.4; https://aceph.pk"
185.244.36.210 - - [16/Apr/2026:09:59:42 +0000] "POST /wp-cron.php?doing_wp_cron=1776333582.2723340988159179687500 HTTP/1.1" 200 0 "-" "WordPress/6.9.4; https://aceph.pk"
69.49.112.62 - - [16/Apr/2026:09:59:41 +0000] "GET /wp-login.php HTTP/2" 200 1743 "-" "Mozilla/5.0 (Macintosh; Intel Mac OS X 10_10_5) AppleWebKit/602.3.12 (KHTML, like Gecko) Version/10.0.2 Safari/602.3.12"
69.49.112.62 - - [16/Apr/2026:09:59:42 +0000] "POST /wp-login.php HTTP/2" 200 1868 "https://aceph.pk/wp-login.php" "Mozilla/5.0 (Macintosh; Intel Mac OS X 10_10_5) AppleWebKit/602.3.12 (KHTML, like Gecko) Version/10.0.2 Safari/602.3.12"
185.244.36.210 - - [16/Apr/2026:10:03:52 +0000] "POST /wp-cron.php?doing_wp_cron=1776333832.2151200771331787109375 HTTP/1.1" 200 0 "-" "WordPress/6.9.4; https://aceph.pk"
185.244.36.210 - - [16/Apr/2026:10:10:35 +0000] "POST /wp-cron.php?doing_wp_cron=1776334235.3084340095520019531250 HTTP/1.1" 200 0 "-" "WordPress/6.9.4; https://aceph.pk"
69.163.186.214 - - [16/Apr/2026:10:13:02 +0000] "GET /wp-login.php HTTP/2" 200 1743 "-" "Mozilla/5.0 (Macintosh; Intel Mac OS X 10_13_4) AppleWebKit/537.36 (KHTML, like Gecko) Chrome/67.0.3396.87 Safari/537.36"
69.163.186.214 - - [16/Apr/2026:10:13:06 +0000] "POST /wp-login.php HTTP/2" 200 1872 "https://aceph.pk/wp-login.php" "Mozilla/5.0 (Macintosh; Intel Mac OS X 10_13_4) AppleWebKit/537.36 (KHTML, like Gecko) Chrome/67.0.3396.87 Safari/537.36"
185.244.36.210 - - [16/Apr/2026:10:27:02 +0000] "POST /wp-cron.php?doing_wp_cron=1776335222.3340260982513427734375 HTTP/1.1" 200 0 "-" "WordPress/6.9.4; https://aceph.pk"
216.172.173.0 - - [16/Apr/2026:10:30:17 +0000] "GET /wp-login.php HTTP/2" 200 1743 "-" "Mozilla/5.0 (Windows NT 6.1; WOW64; Trident/7.0; NISSC; rv:11.0) like Gecko"
216.172.173.0 - - [16/Apr/2026:10:30:18 +0000] "POST /wp-login.php HTTP/2" 200 1868 "https://aceph.pk/wp-login.php" "Mozilla/5.0 (Windows NT 6.1; WOW64; Trident/7.0; NISSC; rv:11.0) like Gecko"
185.244.36.210 - - [16/Apr/2026:10:01:32 +0000] "POST /wp-cron.php?doing_wp_cron=1776333692.7889270782470703125000 HTTP/1.1" 200 0 "-" "WordPress/6.9.4; https://aceph.pk"
108.167.161.22 - - [16/Apr/2026:10:01:31 +0000] "GET /wp-login.php HTTP/2" 200 1743 "-" "Mozilla/5.0 (Macintosh; Intel Mac OS X 10_13_2) AppleWebKit/537.36 (KHTML, like Gecko) Chrome/65.0.3325.162 Safari/537.36"
108.167.161.22 - - [16/Apr/2026:10:01:37 +0000] "POST /wp-login.php HTTP/2" 200 1872 "https://aceph.pk/wp-login.php" "Mozilla/5.0 (Macintosh; Intel Mac OS X 10_13_2) AppleWebKit/537.36 (KHTML, like Gecko) Chrome/65.0.3325.162 Safari/537.36"
39.97.110.217 - - [16/Apr/2026:10:03:50 +0000] "GET /wp-login.php HTTP/2" 200 1743 "-" "Mozilla/5.0 (Windows NT 10.0; Win64; x64; rv:61.0) Gecko/20100101 Firefox/61.0"
39.97.110.217 - - [16/Apr/2026:10:03:55 +0000] "POST /wp-login.php HTTP/2" 200 1868 "https://aceph.pk/wp-login.php" "Mozilla/5.0 (Windows NT 10.0; Win64; x64; rv:61.0) Gecko/20100101 Firefox/61.0"
98.159.37.195 - - [16/Apr/2026:10:10:34 +0000] "POST /wp-login.php HTTP/1.1" 200 5695 "-" "Mozilla/5.0"
185.244.36.210 - - [16/Apr/2026:10:13:03 +0000] "POST /wp-cron.php?doing_wp_cron=1776334383.4175729751586914062500 HTTP/1.1" 200 0 "-" "WordPress/6.9.4; https://aceph.pk"
98.159.37.11 - - [16/Apr/2026:10:27:01 +0000] "POST /wp-login.php HTTP/1.1" 200 5695 "-" "Mozilla/5.0"
185.244.36.210 - - [16/Apr/2026:10:30:17 +0000] "POST /wp-cron.php?doing_wp_cron=1776335417.9649000167846679687500 HTTP/1.1" 200 0 "-" "WordPress/6.9.4; https://aceph.pk"
185.244.36.210 - - [16/Apr/2026:10:38:03 +0000] "POST /wp-cron.php?doing_wp_cron=1776335882.9173240661621093750000 HTTP/1.1" 200 0 "-" "WordPress/6.9.4; https://aceph.pk"
185.244.36.210 - - [16/Apr/2026:10:42:46 +0000] "POST /wp-cron.php?doing_wp_cron=1776336166.6647999286651611328125 HTTP/1.1" 200 0 "-" "WordPress/6.9.4; https://aceph.pk"
98.159.37.204 - - [16/Apr/2026:10:43:29 +0000] "POST /wp-login.php HTTP/1.1" 200 5695 "-" "Mozilla/5.0"
185.244.36.210 - - [16/Apr/2026:10:50:58 +0000] "POST /wp-cron.php?doing_wp_cron=1776336658.8498411178588867187500 HTTP/1.1" 200 0 "-" "WordPress/6.9.4; https://aceph.pk"
100.42.176.42 - - [16/Apr/2026:10:50:58 +0000] "GET /wp-login.php HTTP/2" 200 1743 "-" "Mozilla/5.0 (Macintosh; Intel Mac OS X 10_12_6) AppleWebKit/604.3.5 (KHTML, like Gecko) Version/11.0.1 Safari/604.3.5"
100.42.176.42 - - [16/Apr/2026:10:50:58 +0000] "POST /wp-login.php HTTP/2" 200 1872 "https://aceph.pk/wp-login.php" "Mozilla/5.0 (Macintosh; Intel Mac OS X 10_12_6) AppleWebKit/604.3.5 (KHTML, like Gecko) Version/11.0.1 Safari/604.3.5"
185.244.36.210 - - [16/Apr/2026:10:56:06 +0000] "POST /wp-cron.php?doing_wp_cron=1776336966.2949531078338623046875 HTTP/1.1" 200 0 "-" "WordPress/6.9.4; https://aceph.pk"
162.240.233.32 - - [16/Apr/2026:10:56:05 +0000] "GET /wp-login.php HTTP/2" 200 1743 "-" "Mozilla/5.0 (Windows NT 10.0; WOW64; Trident/7.0; yie11; rv:11.0) like Gecko"
162.240.233.32 - - [16/Apr/2026:10:56:08 +0000] "POST /wp-login.php HTTP/2" 200 1868 "https://aceph.pk/wp-login.php" "Mozilla/5.0 (Windows NT 10.0; WOW64; Trident/7.0; yie11; rv:11.0) like Gecko"
185.244.36.210 - - [16/Apr/2026:11:00:16 +0000] "POST /wp-cron.php?doing_wp_cron=1776337216.6778070926666259765625 HTTP/1.1" 200 0 "-" "WordPress/6.9.4; https://aceph.pk"
192.185.4.146 - - [16/Apr/2026:10:38:02 +0000] "GET /wp-login.php HTTP/2" 200 1743 "-" "Mozilla/5.0 (Windows NT 6.3; ARM; Trident/7.0; Touch; ARMBJS; rv:11.0) like Gecko"
192.185.4.146 - - [16/Apr/2026:10:38:04 +0000] "POST /wp-login.php HTTP/2" 200 1872 "https://aceph.pk/wp-login.php" "Mozilla/5.0 (Windows NT 6.3; ARM; Trident/7.0; Touch; ARMBJS; rv:11.0) like Gecko"
154.0.171.161 - - [16/Apr/2026:10:42:45 +0000] "GET /wp-login.php HTTP/2" 200 1743 "-" "Mozilla/5.0 (Windows NT 10.0; WOW64; Trident/7.0; yie11; rv:11.0) like Gecko"
154.0.171.161 - - [16/Apr/2026:10:42:47 +0000] "POST /wp-login.php HTTP/2" 200 1872 "https://aceph.pk/wp-login.php" "Mozilla/5.0 (Windows NT 10.0; WOW64; Trident/7.0; yie11; rv:11.0) like Gecko"
185.244.36.210 - - [16/Apr/2026:10:43:29 +0000] "POST /wp-cron.php?doing_wp_cron=1776336209.7700159549713134765625 HTTP/1.1" 200 0 "-" "WordPress/6.9.4; https://aceph.pk"
185.244.36.210 - - [16/Apr/2026:10:57:23 +0000] "POST /wp-cron.php?doing_wp_cron=1776337043.1458060741424560546875 HTTP/1.1" 200 0 "-" "WordPress/6.9.4; https://aceph.pk"
100.26.246.145 - - [16/Apr/2026:10:57:22 +0000] "GET /wp-login.php HTTP/2" 200 1743 "-" "Mozilla/5.0 (MSIE 10.0; Windows NT 6.1; WOW64; Trident/7.0; rv:11.0) like Gecko"
100.26.246.145 - - [16/Apr/2026:10:57:26 +0000] "POST /wp-login.php HTTP/2" 200 1872 "https://aceph.pk/wp-login.php" "Mozilla/5.0 (MSIE 10.0; Windows NT 6.1; WOW64; Trident/7.0; rv:11.0) like Gecko"
162.241.61.250 - - [16/Apr/2026:10:57:30 +0000] "GET /wp-login.php HTTP/2" 200 1743 "-" "Mozilla/5.0 (Windows NT 6.1; WOW64; Trident/7.0; EIE10;ENUSWOL; rv:11.0) like Gecko"
162.241.61.250 - - [16/Apr/2026:10:57:31 +0000] "POST /wp-login.php HTTP/2" 200 1872 "https://aceph.pk/wp-login.php" "Mozilla/5.0 (Windows NT 6.1; WOW64; Trident/7.0; EIE10;ENUSWOL; rv:11.0) like Gecko"
173.239.218.241 - - [16/Apr/2026:11:00:15 +0000] "POST /wp-login.php HTTP/1.1" 200 5695 "-" "Mozilla/5.0"
173.239.218.241 - - [16/Apr/2026:11:16:57 +0000] "POST /wp-login.php HTTP/1.1" 200 5695 "-" "Mozilla/5.0"
185.244.36.210 - - [16/Apr/2026:11:26:00 +0000] "POST /wp-cron.php?doing_wp_cron=1776338760.1858539581298828125000 HTTP/1.1" 200 0 "-" "WordPress/6.9.4; https://aceph.pk"
178.157.82.205 - - [16/Apr/2026:11:25:59 +0000] "GET /wp-login.php HTTP/2" 200 1743 "-" "Mozilla/5.0 (X11; Datanyze; Linux x86_64) AppleWebKit/537.36 (KHTML, like Gecko) Chrome/65.0.3325.181 Safari/537.36"
178.157.82.205 - - [16/Apr/2026:11:26:00 +0000] "POST /wp-login.php HTTP/2" 200 1872 "https://aceph.pk/wp-login.php" "Mozilla/5.0 (X11; Datanyze; Linux x86_64) AppleWebKit/537.36 (KHTML, like Gecko) Chrome/65.0.3325.181 Safari/537.36"
98.159.37.194 - - [16/Apr/2026:11:33:43 +0000] "POST /wp-login.php HTTP/1.1" 200 5695 "-" "Mozilla/5.0"
185.244.36.210 - - [16/Apr/2026:11:42:09 +0000] "POST /wp-cron.php?doing_wp_cron=1776339729.4741148948669433593750 HTTP/1.1" 200 0 "-" "WordPress/6.9.4; https://aceph.pk"
213.55.96.154 - - [16/Apr/2026:11:42:08 +0000] "GET /wp-login.php HTTP/2" 200 1743 "-" "Mozilla/5.0 (Windows NT 6.1; WOW64; Trident/7.0; MANM; rv:11.0) like Gecko"
213.55.96.154 - - [16/Apr/2026:11:42:11 +0000] "POST /wp-login.php HTTP/2" 200 1872 "https://aceph.pk/wp-login.php" "Mozilla/5.0 (Windows NT 6.1; WOW64; Trident/7.0; MANM; rv:11.0) like Gecko"
167.172.226.134 - - [16/Apr/2026:11:43:05 +0000] "GET /wp-login.php HTTP/2" 200 1743 "-" "Mozilla/5.0 (Windows NT 6.0; Win64; x64) AppleWebKit/537.36 (KHTML, like Gecko) Chrome/65.0.3325.181 Safari/537.36 OPR/52.0.2871.99"
167.172.226.134 - - [16/Apr/2026:11:43:07 +0000] "POST /wp-login.php HTTP/2" 200 1868 "https://aceph.pk/wp-login.php" "Mozilla/5.0 (Windows NT 6.0; Win64; x64) AppleWebKit/537.36 (KHTML, like Gecko) Chrome/65.0.3325.181 Safari/537.36 OPR/52.0.2871.99"
185.244.36.210 - - [16/Apr/2026:11:48:06 +0000] "POST /wp-cron.php?doing_wp_cron=1776340086.6605861186981201171875 HTTP/1.1" 200 0 "-" "WordPress/6.9.4; https://aceph.pk"
49.13.78.50 - - [16/Apr/2026:11:48:06 +0000] "GET /wp-login.php HTTP/2" 200 1743 "-" "Mozilla/5.0 (MSIE 8.0; Windows NT 6.0; Trident/7.0; rv:11.0) like Gecko"
49.13.78.50 - - [16/Apr/2026:11:48:06 +0000] "POST /wp-login.php HTTP/2" 200 1872 "https://aceph.pk/wp-login.php" "Mozilla/5.0 (MSIE 8.0; Windows NT 6.0; Trident/7.0; rv:11.0) like Gecko"
185.244.36.210 - - [16/Apr/2026:11:50:26 +0000] "POST /wp-cron.php?doing_wp_cron=1776340226.8640689849853515625000 HTTP/1.1" 200 0 "-" "WordPress/6.9.4; https://aceph.pk"
185.244.36.210 - - [16/Apr/2026:11:52:45 +0000] "POST /wp-cron.php?doing_wp_cron=1776340365.0287439823150634765625 HTTP/1.1" 200 0 "-" "WordPress/6.9.4; https://aceph.pk"
91.250.249.150 - - [16/Apr/2026:11:53:35 +0000] "GET / HTTP/2" 200 40187 "-" "req/v3 (https://github.com/imroc/req)"
185.244.36.210 - - [16/Apr/2026:11:56:16 +0000] "POST /wp-cron.php?doing_wp_cron=1776340576.6928970813751220703125 HTTP/1.1" 200 0 "-" "WordPress/6.9.4; https://aceph.pk"
167.71.226.156 - - [16/Apr/2026:11:56:16 +0000] "GET /wp-login.php HTTP/2" 200 1743 "-" "Mozilla/4.0 (compatible; MSIE 7.0; Windows NT 6.2; WOW64; Trident/7.0; .NET4.0E; .NET4.0C; InfoPath.3; .NET CLR 3.5.30729; .NET CLR 2.0.50727; .NET CLR 3.0.30729)"
167.71.226.156 - - [16/Apr/2026:11:56:19 +0000] "POST /wp-login.php HTTP/2" 200 1868 "https://aceph.pk/wp-login.php" "Mozilla/4.0 (compatible; MSIE 7.0; Windows NT 6.2; WOW64; Trident/7.0; .NET4.0E; .NET4.0C; InfoPath.3; .NET CLR 3.5.30729; .NET CLR 2.0.50727; .NET CLR 3.0.30729)"
162.223.226.141 - - [16/Apr/2026:12:13:04 +0000] "GET /wp-login.php HTTP/2" 200 1742 "-" "Mozilla/5.0 (Windows NT 6.1; Win64; x64) AppleWebKit/537.36 (KHTML, like Gecko) Chrome/63.0.3239.132 Safari/537.36 OPR/50.0.2762.67"
162.223.226.141 - - [16/Apr/2026:12:13:05 +0000] "POST /wp-login.php HTTP/2" 200 1872 "https://aceph.pk/wp-login.php" "Mozilla/5.0 (Windows NT 6.1; Win64; x64) AppleWebKit/537.36 (KHTML, like Gecko) Chrome/63.0.3239.132 Safari/537.36 OPR/50.0.2762.67"
173.239.218.246 - - [16/Apr/2026:12:24:35 +0000] "POST /wp-login.php HTTP/1.1" 200 5695 "-" "Mozilla/5.0"
162.240.233.32 - - [16/Apr/2026:11:26:42 +0000] "GET /wp-login.php HTTP/2" 200 1743 "-" "Mozilla/5.0 (Windows NT 5.1; WOW64; Trident/7.0; rv:11.0) like Gecko"
162.240.233.32 - - [16/Apr/2026:11:26:44 +0000] "POST /wp-login.php HTTP/2" 200 1868 "https://aceph.pk/wp-login.php" "Mozilla/5.0 (Windows NT 5.1; WOW64; Trident/7.0; rv:11.0) like Gecko"
45.156.87.93 - - [16/Apr/2026:11:32:18 +0000] "GET /.git/config HTTP/1.1" 403 787 "-" "Mozilla/5.0 (Windows NT 6.2; ARM; Trident/7.0; Touch; rv:11.0; WPDesktop; NOKIA; Lumia 920) like Geckoo"
185.244.36.210 - - [16/Apr/2026:11:33:44 +0000] "POST /wp-cron.php?doing_wp_cron=1776339224.8933370113372802734375 HTTP/1.1" 200 0 "-" "WordPress/6.9.4; https://aceph.pk"
185.244.36.210 - - [16/Apr/2026:11:43:05 +0000] "POST /wp-cron.php?doing_wp_cron=1776339785.8740520477294921875000 HTTP/1.1" 200 0 "-" "WordPress/6.9.4; https://aceph.pk"
98.159.37.3 - - [16/Apr/2026:11:50:26 +0000] "POST /wp-login.php HTTP/1.1" 200 5695 "-" "Mozilla/5.0"
115.187.19.110 - - [16/Apr/2026:11:52:44 +0000] "GET /wp-login.php HTTP/2" 200 1743 "-" "Mozilla/5.0 (Windows NT 10.0) AppleWebKit/537.36 (KHTML, like Gecko) Chrome/58.0.3029.110 Safari/537.36 Edge/16.16299"
115.187.19.110 - - [16/Apr/2026:11:52:47 +0000] "POST /wp-login.php HTTP/2" 200 1872 "https://aceph.pk/wp-login.php" "Mozilla/5.0 (Windows NT 10.0) AppleWebKit/537.36 (KHTML, like Gecko) Chrome/58.0.3029.110 Safari/537.36 Edge/16.16299"
185.244.36.210 - - [16/Apr/2026:11:53:16 +0000] "POST /wp-cron.php?doing_wp_cron=1776340396.4265758991241455078125 HTTP/1.1" 200 0 "-" "WordPress/6.9.4; https://aceph.pk"
3.110.254.12 - - [16/Apr/2026:11:53:15 +0000] "GET /wp-login.php HTTP/2" 200 1743 "-" "Mozilla/5.0 (Windows NT 6.1; Win64; x64; Trident/7.0; managedpc; rv:11.0) like Gecko"
3.110.254.12 - - [16/Apr/2026:11:53:16 +0000] "POST /wp-login.php HTTP/2" 200 1868 "https://aceph.pk/wp-login.php" "Mozilla/5.0 (Windows NT 6.1; Win64; x64; Trident/7.0; managedpc; rv:11.0) like Gecko"
185.244.36.210 - - [16/Apr/2026:12:07:54 +0000] "POST /wp-cron.php?doing_wp_cron=1776341274.6423881053924560546875 HTTP/1.1" 200 0 "-" "WordPress/6.9.4; https://aceph.pk"
173.239.218.250 - - [16/Apr/2026:12:07:54 +0000] "POST /wp-login.php HTTP/1.1" 200 5695 "-" "Mozilla/5.0"
185.244.36.210 - - [16/Apr/2026:12:13:05 +0000] "POST /wp-cron.php?doing_wp_cron=1776341585.2738959789276123046875 HTTP/1.1" 200 0 "-" "WordPress/6.9.4; https://aceph.pk"
185.244.36.210 - - [16/Apr/2026:12:21:57 +0000] "POST /wp-cron.php?doing_wp_cron=1776342117.2393779754638671875000 HTTP/1.1" 200 0 "-" "WordPress/6.9.4; https://aceph.pk"
162.223.226.141 - - [16/Apr/2026:12:21:56 +0000] "GET /wp-login.php HTTP/2" 200 1742 "-" "Mozilla/5.0 (Macintosh; Intel Mac OS X 10_12_4) AppleWebKit/603.1.30 (KHTML, like Gecko) Version/10.1 Safari/603.1.30"
185.244.36.210 - - [16/Apr/2026:12:22:06 +0000] "POST /wp-cron.php?doing_wp_cron=1776342126.1238799095153808593750 HTTP/1.1" 200 0 "-" "WordPress/6.9.4; https://aceph.pk"
162.223.226.141 - - [16/Apr/2026:12:22:05 +0000] "POST /wp-login.php HTTP/2" 200 1868 "https://aceph.pk/wp-login.php" "Mozilla/5.0 (Macintosh; Intel Mac OS X 10_12_4) AppleWebKit/603.1.30 (KHTML, like Gecko) Version/10.1 Safari/603.1.30"
185.244.36.210 - - [16/Apr/2026:12:24:35 +0000] "POST /wp-cron.php?doing_wp_cron=1776342275.9186251163482666015625 HTTP/1.1" 200 0 "-" "WordPress/6.9.4; https://aceph.pk"
185.66.91.225 - - [16/Apr/2026:12:30:14 +0000] "GET /wp-login.php HTTP/2" 200 1742 "-" "Mozilla/5.0 (Windows NT 10.0; Win64; x64) AppleWebKit/537.36 (KHTML, like Gecko) Chrome/66.0.3359.170 Safari/537.36 OPR/53.0.2907.99"
185.66.91.225 - - [16/Apr/2026:12:30:14 +0000] "POST /wp-login.php HTTP/2" 200 1872 "https://aceph.pk/wp-login.php" "Mozilla/5.0 (Windows NT 10.0; Win64; x64) AppleWebKit/537.36 (KHTML, like Gecko) Chrome/66.0.3359.170 Safari/537.36 OPR/53.0.2907.99"
62.77.224.108 - - [16/Apr/2026:12:35:32 +0000] "GET /wp-login.php HTTP/2" 200 1742 "-" "Mozilla/5.0 (Macintosh; Intel Mac OS X 10_13_4) AppleWebKit/537.36 (KHTML, like Gecko) Chrome/67.0.3396.87 Safari/537.36"
62.77.224.108 - - [16/Apr/2026:12:35:33 +0000] "POST /wp-login.php HTTP/2" 200 1868 "https://aceph.pk/wp-login.php" "Mozilla/5.0 (Macintosh; Intel Mac OS X 10_13_4) AppleWebKit/537.36 (KHTML, like Gecko) Chrome/67.0.3396.87 Safari/537.36"
5.104.84.136 - - [16/Apr/2026:12:36:53 +0000] "GET /wp-login.php HTTP/2" 200 1742 "-" "Mozilla/4.0 (compatible; MSIE 7.0; Windows NT 6.2; WOW64; Trident/7.0; .NET4.0C; .NET4.0E; .NET CLR 2.0.50727; .NET CLR 3.0.30729; .NET CLR 3.5.30729; Tablet PC 2.0; InfoPath.3)"
5.104.84.136 - - [16/Apr/2026:12:36:55 +0000] "POST /wp-login.php HTTP/2" 200 1872 "https://aceph.pk/wp-login.php" "Mozilla/4.0 (compatible; MSIE 7.0; Windows NT 6.2; WOW64; Trident/7.0; .NET4.0C; .NET4.0E; .NET CLR 2.0.50727; .NET CLR 3.0.30729; .NET CLR 3.5.30729; Tablet PC 2.0; InfoPath.3)"
185.244.36.210 - - [16/Apr/2026:12:38:14 +0000] "POST /wp-cron.php?doing_wp_cron=1776343094.1896519660949707031250 HTTP/1.1" 200 0 "-" "WordPress/6.9.4; https://aceph.pk"
5.189.149.175 - - [16/Apr/2026:12:38:13 +0000] "GET /wp-login.php HTTP/2" 200 1742 "-" "Mozilla/5.0 (Windows NT 10.0; WOW64; Trident/7.0; Touch; MAARJS; rv:11.0) like Gecko"
5.189.149.175 - - [16/Apr/2026:12:38:14 +0000] "POST /wp-login.php HTTP/2" 200 1868 "https://aceph.pk/wp-login.php" "Mozilla/5.0 (Windows NT 10.0; WOW64; Trident/7.0; Touch; MAARJS; rv:11.0) like Gecko"
185.244.36.210 - - [16/Apr/2026:12:41:22 +0000] "POST /wp-cron.php?doing_wp_cron=1776343282.7593159675598144531250 HTTP/1.1" 200 0 "-" "WordPress/6.9.4; https://aceph.pk"
173.239.218.243 - - [16/Apr/2026:12:41:21 +0000] "POST /wp-login.php HTTP/1.1" 200 5695 "-" "Mozilla/5.0"
185.244.36.210 - - [16/Apr/2026:12:43:18 +0000] "POST /wp-cron.php?doing_wp_cron=1776343398.0963261127471923828125 HTTP/1.1" 200 0 "-" "WordPress/6.9.4; https://aceph.pk"
100.29.50.249 - - [16/Apr/2026:12:43:17 +0000] "GET /wp-login.php HTTP/2" 200 1742 "-" "Mozilla/5.0 (Macintosh; Intel Mac OS X 10_11_6) AppleWebKit/603.3.8 (KHTML, like Gecko) Version/10.1.2 Safari/603.3.8"
100.29.50.249 - - [16/Apr/2026:12:43:18 +0000] "POST /wp-login.php HTTP/2" 200 1872 "https://aceph.pk/wp-login.php" "Mozilla/5.0 (Macintosh; Intel Mac OS X 10_11_6) AppleWebKit/603.3.8 (KHTML, like Gecko) Version/10.1.2 Safari/603.3.8"
185.244.36.210 - - [16/Apr/2026:12:46:07 +0000] "POST /wp-cron.php?doing_wp_cron=1776343567.2009510993957519531250 HTTP/1.1" 200 0 "-" "WordPress/6.9.4; https://aceph.pk"
185.244.36.210 - - [16/Apr/2026:12:49:32 +0000] "POST /wp-cron.php?doing_wp_cron=1776343772.2014911174774169921875 HTTP/1.1" 200 0 "-" "WordPress/6.9.4; https://aceph.pk"
185.244.36.210 - - [16/Apr/2026:12:52:56 +0000] "POST /wp-cron.php?doing_wp_cron=1776343976.8504331111907958984375 HTTP/1.1" 200 0 "-" "WordPress/6.9.4; https://aceph.pk"
23.94.100.146 - - [16/Apr/2026:12:52:56 +0000] "GET /wp-login.php HTTP/2" 200 1742 "-" "Mozilla/5.0 (Windows NT 6.3; WOW64; Trident/7.0; MALCJS; rv:11.0) like Gecko"
185.244.36.210 - - [16/Apr/2026:12:52:59 +0000] "POST /wp-cron.php?doing_wp_cron=1776343979.4290640354156494140625 HTTP/1.1" 200 0 "-" "WordPress/6.9.4; https://aceph.pk"
23.94.100.146 - - [16/Apr/2026:12:52:58 +0000] "POST /wp-login.php HTTP/2" 200 1872 "https://aceph.pk/wp-login.php" "Mozilla/5.0 (Windows NT 6.3; WOW64; Trident/7.0; MALCJS; rv:11.0) like Gecko"
185.244.36.210 - - [16/Apr/2026:12:55:05 +0000] "POST /wp-cron.php?doing_wp_cron=1776344105.2875790596008300781250 HTTP/1.1" 200 0 "-" "WordPress/6.9.4; https://aceph.pk"
176.32.91.90 - - [16/Apr/2026:12:55:04 +0000] "GET /wp-login.php HTTP/2" 200 1742 "-" "Mozilla/5.0 (Macintosh; Intel Mac OS X 10_11_6) AppleWebKit/537.36 (KHTML, like Gecko) Chrome/67.0.3396.87 Safari/537.36"
176.32.91.90 - - [16/Apr/2026:12:55:05 +0000] "POST /wp-login.php HTTP/2" 200 1868 "https://aceph.pk/wp-login.php" "Mozilla/5.0 (Macintosh; Intel Mac OS X 10_11_6) AppleWebKit/537.36 (KHTML, like Gecko) Chrome/67.0.3396.87 Safari/537.36"
185.244.36.210 - - [16/Apr/2026:12:30:14 +0000] "POST /wp-cron.php?doing_wp_cron=1776342614.7975230216979980468750 HTTP/1.1" 200 0 "-" "WordPress/6.9.4; https://aceph.pk"
185.244.36.210 - - [16/Apr/2026:12:35:32 +0000] "POST /wp-cron.php?doing_wp_cron=1776342932.9195699691772460937500 HTTP/1.1" 200 0 "-" "WordPress/6.9.4; https://aceph.pk"
185.244.36.210 - - [16/Apr/2026:12:36:54 +0000] "POST /wp-cron.php?doing_wp_cron=1776343014.5100209712982177734375 HTTP/1.1" 200 0 "-" "WordPress/6.9.4; https://aceph.pk"
185.244.36.210 - - [16/Apr/2026:12:42:15 +0000] "POST /wp-cron.php?doing_wp_cron=1776343335.2869479656219482421875 HTTP/1.1" 200 0 "-" "WordPress/6.9.4; https://aceph.pk"
135.181.92.122 - - [16/Apr/2026:12:42:14 +0000] "GET /wp-login.php HTTP/2" 200 1742 "-" "Mozilla/5.0 (Windows NT 10.0) AppleWebKit/537.36 (KHTML, like Gecko) Chrome/66.0.3359.117 Safari/537.36"
135.181.92.122 - - [16/Apr/2026:12:42:15 +0000] "POST /wp-login.php HTTP/2" 200 1868 "https://aceph.pk/wp-login.php" "Mozilla/5.0 (Windows NT 10.0) AppleWebKit/537.36 (KHTML, like Gecko) Chrome/66.0.3359.117 Safari/537.36"
82.165.124.144 - - [16/Apr/2026:12:46:06 +0000] "GET /wp-login.php HTTP/2" 200 1742 "-" "Mozilla/5.0 (Windows NT 6.3; Win64; x64; Trident/7.0; ASU2JS; rv:11.0) like Gecko"
82.165.124.144 - - [16/Apr/2026:12:46:09 +0000] "POST /wp-login.php HTTP/2" 200 1872 "https://aceph.pk/wp-login.php" "Mozilla/5.0 (Windows NT 6.3; Win64; x64; Trident/7.0; ASU2JS; rv:11.0) like Gecko"
165.22.116.110 - - [16/Apr/2026:12:49:31 +0000] "GET /wp-login.php HTTP/2" 200 1742 "-" "Mozilla/5.0 (compatible; MSIE 10.0; Windows NT 10.0; WOW64; Trident/7.0)"
165.22.116.110 - - [16/Apr/2026:12:49:32 +0000] "POST /wp-login.php HTTP/2" 200 1872 "https://aceph.pk/wp-login.php" "Mozilla/5.0 (compatible; MSIE 10.0; Windows NT 10.0; WOW64; Trident/7.0)"
185.244.36.210 - - [16/Apr/2026:12:58:26 +0000] "POST /wp-cron.php?doing_wp_cron=1776344306.9619228839874267578125 HTTP/1.1" 200 0 "-" "WordPress/6.9.4; https://aceph.pk"
103.9.65.30 - - [16/Apr/2026:12:59:52 +0000] "GET /wp-login.php HTTP/2" 200 1742 "-" "Mozilla/4.0 (compatible; MSIE 7.0; Windows NT 6.1; WOW64; Trident/7.0; SLCC2; .NET CLR 2.0.50727; .NET CLR 3.5.30729; .NET CLR 3.0.30729; InfoPath.2; .NET4.0C; .NET4.0E)"
103.9.65.30 - - [16/Apr/2026:12:59:54 +0000] "POST /wp-login.php HTTP/2" 200 1872 "https://aceph.pk/wp-login.php" "Mozilla/4.0 (compatible; MSIE 7.0; Windows NT 6.1; WOW64; Trident/7.0; SLCC2; .NET CLR 2.0.50727; .NET CLR 3.5.30729; .NET CLR 3.0.30729; InfoPath.2; .NET4.0C; .NET4.0E)"
185.244.36.210 - - [16/Apr/2026:13:06:46 +0000] "POST /wp-cron.php?doing_wp_cron=1776344806.4555869102478027343750 HTTP/1.1" 200 0 "-" "WordPress/6.9.4; https://aceph.pk"
185.244.36.210 - - [16/Apr/2026:13:07:01 +0000] "POST /wp-cron.php?doing_wp_cron=1776344821.9560880661010742187500 HTTP/1.1" 200 0 "-" "WordPress/6.9.4; https://aceph.pk"
185.244.36.210 - - [16/Apr/2026:13:14:35 +0000] "POST /wp-cron.php?doing_wp_cron=1776345275.2369830608367919921875 HTTP/1.1" 200 0 "-" "WordPress/6.9.4; https://aceph.pk"
185.244.36.210 - - [16/Apr/2026:13:18:10 +0000] "POST /wp-cron.php?doing_wp_cron=1776345490.6033151149749755859375 HTTP/1.1" 200 0 "-" "WordPress/6.9.4; https://aceph.pk"
167.71.226.156 - - [16/Apr/2026:13:19:16 +0000] "GET /wp-login.php HTTP/2" 200 1742 "-" "Mozilla/5.0 (Windows NT 6.0; Win64; x64) AppleWebKit/537.36 (KHTML, like Gecko) Chrome/58.0.3029.110 Safari/537.36 Edge/16.16299"
167.71.226.156 - - [16/Apr/2026:13:19:18 +0000] "POST /wp-login.php HTTP/2" 200 1868 "https://aceph.pk/wp-login.php" "Mozilla/5.0 (Windows NT 6.0; Win64; x64) AppleWebKit/537.36 (KHTML, like Gecko) Chrome/58.0.3029.110 Safari/537.36 Edge/16.16299"
185.244.36.210 - - [16/Apr/2026:13:20:35 +0000] "POST /wp-cron.php?doing_wp_cron=1776345635.7440390586853027343750 HTTP/1.1" 200 0 "-" "WordPress/6.9.4; https://aceph.pk"
20.118.17.81 - - [16/Apr/2026:13:20:55 +0000] "GET /wp-login.php HTTP/2" 200 1742 "-" "Mozilla/5.0 (Windows NT 6.2; Win64; x64) AppleWebKit/537.36 (KHTML, like Gecko) Chrome/65.0.3325.181 Safari/537.36"
74.220.219.97 - - [16/Apr/2026:12:58:26 +0000] "GET /wp-login.php HTTP/2" 200 1742 "-" "Mozilla/5.0 (Windows NT 5.1; Win64; x64) AppleWebKit/537.36 (KHTML, like Gecko) Chrome/65.0.3325.181 Safari/537.36 OPR/52.0.2871.99"
74.220.219.97 - - [16/Apr/2026:12:58:27 +0000] "POST /wp-login.php HTTP/2" 200 1868 "https://aceph.pk/wp-login.php" "Mozilla/5.0 (Windows NT 5.1; Win64; x64) AppleWebKit/537.36 (KHTML, like Gecko) Chrome/65.0.3325.181 Safari/537.36 OPR/52.0.2871.99"
185.244.36.210 - - [16/Apr/2026:12:59:52 +0000] "POST /wp-cron.php?doing_wp_cron=1776344392.8652141094207763671875 HTTP/1.1" 200 0 "-" "WordPress/6.9.4; https://aceph.pk"
159.69.126.101 - - [16/Apr/2026:13:06:45 +0000] "GET /wp-login.php HTTP/2" 200 1742 "-" "Mozilla/5.0 (X11; Linux x86_64) AppleWebKit/537.36 (KHTML, like Gecko) Chrome/66.0.3359.139 Safari/537.36"
159.69.126.101 - - [16/Apr/2026:13:06:48 +0000] "POST /wp-login.php HTTP/2" 200 1872 "https://aceph.pk/wp-login.php" "Mozilla/5.0 (X11; Linux x86_64) AppleWebKit/537.36 (KHTML, like Gecko) Chrome/66.0.3359.139 Safari/537.36"
66.102.135.126 - - [16/Apr/2026:13:14:34 +0000] "GET /wp-login.php HTTP/2" 200 1742 "-" "Mozilla/5.0 (Windows NT 6.1; WOW64; Trident/7.0; managedpc; rv:11.0) like Gecko"
66.102.135.126 - - [16/Apr/2026:13:14:35 +0000] "POST /wp-login.php HTTP/2" 200 1872 "https://aceph.pk/wp-login.php" "Mozilla/5.0 (Windows NT 6.1; WOW64; Trident/7.0; managedpc; rv:11.0) like Gecko"
98.159.37.10 - - [16/Apr/2026:13:14:52 +0000] "POST /wp-login.php HTTP/1.1" 200 5695 "-" "Mozilla/5.0"
185.244.36.210 - - [16/Apr/2026:13:19:17 +0000] "POST /wp-cron.php?doing_wp_cron=1776345557.2454268932342529296875 HTTP/1.1" 200 0 "-" "WordPress/6.9.4; https://aceph.pk"
103.253.178.3 - - [16/Apr/2026:13:20:35 +0000] "GET /wp-login.php HTTP/2" 200 1742 "-" "Mozilla/5.0 (Macintosh; Intel Mac OS X 10_12_6) AppleWebKit/537.36 (KHTML, like Gecko) Chrome/67.0.3396.79 Safari/537.36"
103.253.178.3 - - [16/Apr/2026:13:20:38 +0000] "POST /wp-login.php HTTP/2" 200 1868 "https://aceph.pk/wp-login.php" "Mozilla/5.0 (Macintosh; Intel Mac OS X 10_12_6) AppleWebKit/537.36 (KHTML, like Gecko) Chrome/67.0.3396.79 Safari/537.36"
62.77.224.107 - - [16/Apr/2026:13:20:38 +0000] "GET /wp-login.php HTTP/2" 200 1742 "-" "Mozilla/5.0 (Windows NT 6.3; WOW64; Trident/7.0; MAMIJS; rv:11.0) like Gecko"
62.77.224.107 - - [16/Apr/2026:13:20:39 +0000] "POST /wp-login.php HTTP/2" 200 1872 "https://aceph.pk/wp-login.php" "Mozilla/5.0 (Windows NT 6.3; WOW64; Trident/7.0; MAMIJS; rv:11.0) like Gecko"
185.244.36.210 - - [16/Apr/2026:13:23:59 +0000] "POST /wp-cron.php?doing_wp_cron=1776345838.9899249076843261718750 HTTP/1.1" 200 0 "-" "WordPress/6.9.4; https://aceph.pk"
34.74.88.113 - - [16/Apr/2026:13:23:58 +0000] "GET /wp-login.php HTTP/2" 200 1742 "-" "Mozilla/5.0 (Windows NT 6.1) AppleWebKit/537.36 (KHTML, like Gecko) Chrome/65.0.3325.146 Safari/537.36"
34.74.88.113 - - [16/Apr/2026:13:23:59 +0000] "POST /wp-login.php HTTP/2" 200 1868 "https://aceph.pk/wp-login.php" "Mozilla/5.0 (Windows NT 6.1) AppleWebKit/537.36 (KHTML, like Gecko) Chrome/65.0.3325.146 Safari/537.36"
185.244.36.210 - - [16/Apr/2026:13:26:29 +0000] "POST /wp-cron.php?doing_wp_cron=1776345989.3058419227600097656250 HTTP/1.1" 200 0 "-" "WordPress/6.9.4; https://aceph.pk"
135.181.92.122 - - [16/Apr/2026:13:27:44 +0000] "GET /wp-login.php HTTP/2" 200 1742 "-" "Mozilla/5.0 (Windows NT 6.1; WOW64; Trident/7.0; LCJB; rv:11.0) like Gecko"
135.181.92.122 - - [16/Apr/2026:13:27:45 +0000] "POST /wp-login.php HTTP/2" 200 1872 "https://aceph.pk/wp-login.php" "Mozilla/5.0 (Windows NT 6.1; WOW64; Trident/7.0; LCJB; rv:11.0) like Gecko"
185.244.36.210 - - [16/Apr/2026:13:30:12 +0000] "POST /wp-cron.php?doing_wp_cron=1776346212.8908760547637939453125 HTTP/1.1" 200 0 "-" "WordPress/6.9.4; https://aceph.pk"
185.244.36.210 - - [16/Apr/2026:13:34:22 +0000] "POST /wp-cron.php?doing_wp_cron=1776346462.7092700004577636718750 HTTP/1.1" 200 0 "-" "WordPress/6.9.4; https://aceph.pk"
20.118.17.81 - - [16/Apr/2026:13:20:56 +0000] "POST /wp-login.php HTTP/2" 200 1872 "https://aceph.pk/wp-login.php" "Mozilla/5.0 (Windows NT 6.2; Win64; x64) AppleWebKit/537.36 (KHTML, like Gecko) Chrome/65.0.3325.181 Safari/537.36"
176.32.91.90 - - [16/Apr/2026:13:26:28 +0000] "GET /wp-login.php HTTP/2" 200 1742 "-" "Mozilla/5.0 (Windows NT 6.2; ARM; Trident/7.0; Touch; rv:11.0; WPDesktop; NOKIA; Lumia 520) like Gecko"
176.32.91.90 - - [16/Apr/2026:13:26:36 +0000] "POST /wp-login.php HTTP/2" 200 1868 "https://aceph.pk/wp-login.php" "Mozilla/5.0 (Windows NT 6.2; ARM; Trident/7.0; Touch; rv:11.0; WPDesktop; NOKIA; Lumia 520) like Gecko"
185.244.36.210 - - [16/Apr/2026:13:27:45 +0000] "POST /wp-cron.php?doing_wp_cron=1776346065.0206630229949951171875 HTTP/1.1" 200 0 "-" "WordPress/6.9.4; https://aceph.pk"
194.163.172.43 - - [16/Apr/2026:13:30:12 +0000] "GET /wp-login.php HTTP/2" 200 1742 "-" "Mozilla/5.0 (Windows NT 6.3; Win64; x64; Trident/7.0; Touch; LCJB; rv:11.0) like Gecko"
194.163.172.43 - - [16/Apr/2026:13:30:13 +0000] "POST /wp-login.php HTTP/2" 200 1868 "https://aceph.pk/wp-login.php" "Mozilla/5.0 (Windows NT 6.3; Win64; x64; Trident/7.0; Touch; LCJB; rv:11.0) like Gecko"
185.244.36.210 - - [16/Apr/2026:13:31:42 +0000] "POST /wp-cron.php?doing_wp_cron=1776346302.2978699207305908203125 HTTP/1.1" 200 0 "-" "WordPress/6.9.4; https://aceph.pk"
98.159.37.185 - - [16/Apr/2026:13:31:41 +0000] "POST /wp-login.php HTTP/1.1" 200 5695 "-" "Mozilla/5.0"
152.228.213.32 - - [16/Apr/2026:13:34:21 +0000] "GET /wp-login.php HTTP/2" 200 1742 "-" "Mozilla/4.0 (compatible; MSIE 7.0; Windows NT 6.1; Trident/7.0; SLCC2; Media Center PC 6.0; .NET CLR 3.5.30729; .NET CLR 3.0.30729; .NET CLR 2.0.50727; .NET4.0C; .NET4.0E)"
152.228.213.32 - - [16/Apr/2026:13:34:22 +0000] "POST /wp-login.php HTTP/2" 200 1872 "https://aceph.pk/wp-login.php" "Mozilla/4.0 (compatible; MSIE 7.0; Windows NT 6.1; Trident/7.0; SLCC2; Media Center PC 6.0; .NET CLR 3.5.30729; .NET CLR 3.0.30729; .NET CLR 2.0.50727; .NET4.0C; .NET4.0E)"
185.244.36.210 - - [16/Apr/2026:13:36:37 +0000] "POST /wp-cron.php?doing_wp_cron=1776346597.9450891017913818359375 HTTP/1.1" 200 0 "-" "WordPress/6.9.4; https://aceph.pk"
185.244.36.210 - - [16/Apr/2026:13:39:43 +0000] "POST /wp-cron.php?doing_wp_cron=1776346783.0054140090942382812500 HTTP/1.1" 200 0 "-" "WordPress/6.9.4; https://aceph.pk"
45.92.8.180 - - [16/Apr/2026:13:39:42 +0000] "GET /wp-login.php HTTP/2" 200 1742 "-" "Mozilla/5.0 (Windows NT 6.1; Win64; x64) AppleWebKit/537.36 (KHTML, like Gecko) Chrome/64.0.3282.186 Safari/537.36 OPR/51.0.2830.55"
45.92.8.180 - - [16/Apr/2026:13:39:43 +0000] "POST /wp-login.php HTTP/2" 200 1872 "https://aceph.pk/wp-login.php" "Mozilla/5.0 (Windows NT 6.1; Win64; x64) AppleWebKit/537.36 (KHTML, like Gecko) Chrome/64.0.3282.186 Safari/537.36 OPR/51.0.2830.55"
62.146.183.198 - - [16/Apr/2026:13:40:06 +0000] "GET /wp-login.php HTTP/2" 200 1742 "-" "Mozilla/5.0 (Macintosh; Intel Mac OS X 10_9_5) AppleWebKit/537.36 (KHTML, like Gecko) Chrome/66.0.3359.181 Safari/537.36"
62.146.183.198 - - [16/Apr/2026:13:40:08 +0000] "POST /wp-login.php HTTP/2" 200 1868 "https://aceph.pk/wp-login.php" "Mozilla/5.0 (Macintosh; Intel Mac OS X 10_9_5) AppleWebKit/537.36 (KHTML, like Gecko) Chrome/66.0.3359.181 Safari/537.36"
