Sid Gifari From Gifari Industries - BD Cyber Security Team
Home
/
usr
/
local
/
apache
/
domlogs
/
millwino
/
✏️
Editing: aceph.pk.millwin.org-ssl_log
185.244.36.210 - - [15/Apr/2026:17:20:57 +0000] "POST /wp-cron.php?doing_wp_cron=1776273657.1966340541839599609375 HTTP/1.1" 200 0 "-" "WordPress/6.9.4; https://aceph.pk"
100.26.246.145 - - [15/Apr/2026:17:20:55 +0000] "GET /wp-login.php HTTP/2" 200 1744 "-" "Mozilla/5.0 (Macintosh; Intel Mac OS X 10_13_4) AppleWebKit/537.36 (KHTML, like Gecko) Chrome/67.0.3396.62 Safari/537.36"
185.244.36.210 - - [15/Apr/2026:17:21:01 +0000] "POST /wp-cron.php?doing_wp_cron=1776273660.8693649768829345703125 HTTP/1.1" 200 0 "-" "WordPress/6.9.4; https://aceph.pk"
100.26.246.145 - - [15/Apr/2026:17:20:58 +0000] "POST /wp-login.php HTTP/2" 200 1869 "https://aceph.pk/wp-login.php" "Mozilla/5.0 (Macintosh; Intel Mac OS X 10_13_4) AppleWebKit/537.36 (KHTML, like Gecko) Chrome/67.0.3396.62 Safari/537.36"
185.244.36.210 - - [15/Apr/2026:17:26:29 +0000] "POST /wp-cron.php?doing_wp_cron=1776273989.0003008842468261718750 HTTP/1.1" 200 0 "-" "WordPress/6.9.4; https://aceph.pk"
211.21.61.225 - - [15/Apr/2026:17:34:04 +0000] "GET /wp-login.php HTTP/2" 200 1744 "-" "Mozilla/5.0 (Windows NT 6.3; Win64; x64; rv:61.0) Gecko/20100101 Firefox/61.0"
211.21.61.225 - - [15/Apr/2026:17:34:07 +0000] "POST /wp-login.php HTTP/2" 200 1873 "https://aceph.pk/wp-login.php" "Mozilla/5.0 (Windows NT 6.3; Win64; x64; rv:61.0) Gecko/20100101 Firefox/61.0"
185.244.36.210 - - [15/Apr/2026:17:46:03 +0000] "POST /wp-cron.php?doing_wp_cron=1776275163.4450590610504150390625 HTTP/1.1" 200 0 "-" "WordPress/6.9.4; https://aceph.pk"
185.244.36.210 - - [15/Apr/2026:18:09:58 +0000] "POST /wp-cron.php?doing_wp_cron=1776276597.8866240978240966796875 HTTP/1.1" 200 0 "-" "WordPress/6.9.4; https://aceph.pk"
69.49.112.61 - - [15/Apr/2026:18:09:55 +0000] "GET /wp-login.php HTTP/2" 200 1744 "-" "Mozilla/4.0 (compatible; MSIE 7.0; Windows NT 6.1; WOW64; Trident/7.0; SLCC2; .NET CLR 2.0.50727; .NET CLR 3.5.30729; .NET CLR 3.0.30729; Media Center PC 6.0; .NET4.0C; .NET4.0E; InfoPath.3)"
69.49.112.61 - - [15/Apr/2026:18:09:59 +0000] "POST /wp-login.php HTTP/2" 200 1873 "https://aceph.pk/wp-login.php" "Mozilla/4.0 (compatible; MSIE 7.0; Windows NT 6.1; WOW64; Trident/7.0; SLCC2; .NET CLR 2.0.50727; .NET CLR 3.5.30729; .NET CLR 3.0.30729; Media Center PC 6.0; .NET4.0C; .NET4.0E; InfoPath.3)"
185.244.36.210 - - [15/Apr/2026:18:11:07 +0000] "POST /wp-cron.php?doing_wp_cron=1776276666.9952039718627929687500 HTTP/1.1" 200 0 "-" "WordPress/6.9.4; https://aceph.pk"
185.244.36.210 - - [15/Apr/2026:18:33:29 +0000] "POST /wp-cron.php?doing_wp_cron=1776278009.0787849426269531250000 HTTP/1.1" 200 0 "-" "WordPress/6.9.4; https://aceph.pk"
212.227.125.241 - - [15/Apr/2026:18:33:26 +0000] "GET /wp-login.php HTTP/2" 200 1744 "-" "Mozilla/5.0 (Macintosh; Intel Mac OS X 10_11_6) AppleWebKit/603.2.5 (KHTML, like Gecko) Version/10.1.1 Safari/603.2.5"
185.244.36.210 - - [15/Apr/2026:18:36:19 +0000] "POST /wp-cron.php?doing_wp_cron=1776278179.6682779788970947265625 HTTP/1.1" 200 0 "-" "WordPress/6.9.4; https://aceph.pk"
185.244.36.210 - - [15/Apr/2026:18:45:40 +0000] "POST /wp-cron.php?doing_wp_cron=1776278740.7933909893035888671875 HTTP/1.1" 200 0 "-" "WordPress/6.9.4; https://aceph.pk"
185.244.36.210 - - [15/Apr/2026:18:51:42 +0000] "POST /wp-cron.php?doing_wp_cron=1776279102.7900350093841552734375 HTTP/1.1" 200 0 "-" "WordPress/6.9.4; https://aceph.pk"
65.254.225.219 - - [15/Apr/2026:18:51:39 +0000] "GET /wp-login.php HTTP/2" 200 1744 "-" "Mozilla/5.0 (Macintosh; Intel Mac OS X 10_11_6) AppleWebKit/602.4.8 (KHTML, like Gecko) Version/10.0.3 Safari/602.4.8"
65.254.225.219 - - [15/Apr/2026:18:51:43 +0000] "POST /wp-login.php HTTP/2" 200 1873 "https://aceph.pk/wp-login.php" "Mozilla/5.0 (Macintosh; Intel Mac OS X 10_11_6) AppleWebKit/602.4.8 (KHTML, like Gecko) Version/10.0.3 Safari/602.4.8"
185.244.36.210 - - [15/Apr/2026:18:54:04 +0000] "POST /wp-cron.php?doing_wp_cron=1776279244.2884969711303710937500 HTTP/1.1" 200 0 "-" "WordPress/6.9.4; https://aceph.pk"
103.91.245.241 - - [15/Apr/2026:18:54:02 +0000] "GET /wp-login.php HTTP/2" 200 1744 "-" "Mozilla/5.0 (Macintosh; Intel Mac OS X 10_13) AppleWebKit/603.1.13 (KHTML, like Gecko) Version/10.1 Safari/603.1.13"
103.91.245.241 - - [15/Apr/2026:18:54:04 +0000] "POST /wp-login.php HTTP/2" 200 1873 "https://aceph.pk/wp-login.php" "Mozilla/5.0 (Macintosh; Intel Mac OS X 10_13) AppleWebKit/603.1.13 (KHTML, like Gecko) Version/10.1 Safari/603.1.13"
188.214.156.135 - - [15/Apr/2026:19:29:41 +0000] "GET /wp-login.php HTTP/2" 200 1744 "-" "Mozilla/5.0 (Windows NT 6.3; ARM; Trident/7.0; Touch; ARMBJS; rv:11.0) like Gecko"
188.214.156.135 - - [15/Apr/2026:19:29:44 +0000] "POST /wp-login.php HTTP/2" 200 1869 "https://aceph.pk/wp-login.php" "Mozilla/5.0 (Windows NT 6.3; ARM; Trident/7.0; Touch; ARMBJS; rv:11.0) like Gecko"
185.244.36.210 - - [15/Apr/2026:19:34:52 +0000] "POST /wp-cron.php?doing_wp_cron=1776281691.9882650375366210937500 HTTP/1.1" 200 0 "-" "WordPress/6.9.4; https://aceph.pk"
185.244.36.210 - - [15/Apr/2026:19:37:54 +0000] "POST /wp-cron.php?doing_wp_cron=1776281873.9823949337005615234375 HTTP/1.1" 200 0 "-" "WordPress/6.9.4; https://aceph.pk"
203.81.238.81 - - [15/Apr/2026:19:37:51 +0000] "GET / HTTP/2" 200 26821 "https://www.google.com/" "Mozilla/5.0 (Windows NT 10.0; Win64; x64) AppleWebKit/537.36 (KHTML, like Gecko) Chrome/147.0.0.0 Safari/537.36"
203.81.238.81 - - [15/Apr/2026:19:37:54 +0000] "GET /wp-content/plugins/ultimate-blocks/dist/blocks.style.build.css?ver=3.5.4 HTTP/2" 200 12651 "https://aceph.pk/" "Mozilla/5.0 (Windows NT 10.0; Win64; x64) AppleWebKit/537.36 (KHTML, like Gecko) Chrome/147.0.0.0 Safari/537.36"
203.81.238.81 - - [15/Apr/2026:19:37:54 +0000] "GET /wp-content/themes/kadence/assets/css/footer.min.css?ver=1.4.5 HTTP/2" 200 1675 "https://aceph.pk/" "Mozilla/5.0 (Windows NT 10.0; Win64; x64) AppleWebKit/537.36 (KHTML, like Gecko) Chrome/147.0.0.0 Safari/537.36"
203.81.238.81 - - [15/Apr/2026:19:37:54 +0000] "GET /wp-content/themes/kadence/assets/css/global.min.css?ver=1.4.5 HTTP/2" 200 5026 "https://aceph.pk/" "Mozilla/5.0 (Windows NT 10.0; Win64; x64) AppleWebKit/537.36 (KHTML, like Gecko) Chrome/147.0.0.0 Safari/537.36"
203.81.238.81 - - [15/Apr/2026:19:37:54 +0000] "GET /wp-content/themes/kadence/assets/css/content.min.css?ver=1.4.5 HTTP/2" 200 5818 "https://aceph.pk/" "Mozilla/5.0 (Windows NT 10.0; Win64; x64) AppleWebKit/537.36 (KHTML, like Gecko) Chrome/147.0.0.0 Safari/537.36"
203.81.238.81 - - [15/Apr/2026:19:37:54 +0000] "GET /wp-content/themes/kadence/assets/css/header.min.css?ver=1.4.5 HTTP/2" 200 4240 "https://aceph.pk/" "Mozilla/5.0 (Windows NT 10.0; Win64; x64) AppleWebKit/537.36 (KHTML, like Gecko) Chrome/147.0.0.0 Safari/537.36"
203.81.238.81 - - [15/Apr/2026:19:37:54 +0000] "GET /wp-content/plugins/ultimate-blocks/src/extensions/style.css?ver=6.9.4 HTTP/2" 200 93 "https://aceph.pk/" "Mozilla/5.0 (Windows NT 10.0; Win64; x64) AppleWebKit/537.36 (KHTML, like Gecko) Chrome/147.0.0.0 Safari/537.36"
203.81.238.81 - - [15/Apr/2026:19:37:54 +0000] "GET /wp-content/plugins/kadence-blocks/dist/style-blocks-column.css?ver=3.6.7 HTTP/2" 200 427 "https://aceph.pk/" "Mozilla/5.0 (Windows NT 10.0; Win64; x64) AppleWebKit/537.36 (KHTML, like Gecko) Chrome/147.0.0.0 Safari/537.36"
203.81.238.81 - - [15/Apr/2026:19:37:54 +0000] "GET /wp-content/plugins/kadence-blocks/dist/style-blocks-rowlayout.css?ver=3.6.7 HTTP/2" 200 1770 "https://aceph.pk/" "Mozilla/5.0 (Windows NT 10.0; Win64; x64) AppleWebKit/537.36 (KHTML, like Gecko) Chrome/147.0.0.0 Safari/537.36"
203.81.238.81 - - [15/Apr/2026:19:37:54 +0000] "GET /wp-content/plugins/kadence-blocks/dist/style-blocks-advancedbtn.css?ver=3.6.7 HTTP/2" 200 704 "https://aceph.pk/" "Mozilla/5.0 (Windows NT 10.0; Win64; x64) AppleWebKit/537.36 (KHTML, like Gecko) Chrome/147.0.0.0 Safari/537.36"
203.81.238.81 - - [15/Apr/2026:19:37:54 +0000] "GET /wp-content/plugins/kadence-blocks/dist/style-blocks-spacer.css?ver=3.6.7 HTTP/2" 200 384 "https://aceph.pk/" "Mozilla/5.0 (Windows NT 10.0; Win64; x64) AppleWebKit/537.36 (KHTML, like Gecko) Chrome/147.0.0.0 Safari/537.36"
203.81.238.81 - - [15/Apr/2026:19:37:54 +0000] "GET /wp-content/themes/kadence/assets/css/rankmath.min.css?ver=1.4.5 HTTP/2" 200 39 "https://aceph.pk/" "Mozilla/5.0 (Windows NT 10.0; Win64; x64) AppleWebKit/537.36 (KHTML, like Gecko) Chrome/147.0.0.0 Safari/537.36"
203.81.238.81 - - [15/Apr/2026:19:37:54 +0000] "GET /wp-content/plugins/seo-by-rank-math/includes/modules/schema/blocks/toc/assets/css/toc_list_style.css?ver=1.0.267 HTTP/2" 200 105 "https://aceph.pk/" "Mozilla/5.0 (Windows NT 10.0; Win64; x64) AppleWebKit/537.36 (KHTML, like Gecko) Chrome/147.0.0.0 Safari/537.36"
203.81.238.81 - - [15/Apr/2026:19:37:54 +0000] "GET /wp-content/uploads/2026/04/cropped-ACEPH-Game.webp HTTP/2" 200 15506 "https://aceph.pk/" "Mozilla/5.0 (Windows NT 10.0; Win64; x64) AppleWebKit/537.36 (KHTML, like Gecko) Chrome/147.0.0.0 Safari/537.36"
203.81.238.81 - - [15/Apr/2026:19:37:54 +0000] "GET /wp-content/uploads/2026/04/ACEPH-Game.webp HTTP/2" 200 37690 "https://aceph.pk/" "Mozilla/5.0 (Windows NT 10.0; Win64; x64) AppleWebKit/537.36 (KHTML, like Gecko) Chrome/147.0.0.0 Safari/537.36"
203.81.238.81 - - [15/Apr/2026:19:37:54 +0000] "GET /wp-content/themes/kadence/assets/js/navigation.min.js?ver=1.4.5 HTTP/2" 200 5095 "https://aceph.pk/" "Mozilla/5.0 (Windows NT 10.0; Win64; x64) AppleWebKit/537.36 (KHTML, like Gecko) Chrome/147.0.0.0 Safari/537.36"
203.81.238.81 - - [15/Apr/2026:19:37:54 +0000] "GET /wp-content/plugins/ultimate-blocks/src/blocks/content-toggle/front.build.js?ver=3.5.4 HTTP/2" 200 1900 "https://aceph.pk/" "Mozilla/5.0 (Windows NT 10.0; Win64; x64) AppleWebKit/537.36 (KHTML, like Gecko) Chrome/147.0.0.0 Safari/537.36"
203.81.238.81 - - [15/Apr/2026:19:37:55 +0000] "GET /favicon.ico HTTP/2" 404 796 "https://aceph.pk/" "Mozilla/5.0 (Windows NT 10.0; Win64; x64) AppleWebKit/537.36 (KHTML, like Gecko) Chrome/147.0.0.0 Safari/537.36"
203.81.238.81 - - [15/Apr/2026:19:37:55 +0000] "GET /wp-includes/js/wp-emoji-release.min.js?ver=6.9.4 HTTP/2" 200 4949 "https://aceph.pk/" "Mozilla/5.0 (Windows NT 10.0; Win64; x64) AppleWebKit/537.36 (KHTML, like Gecko) Chrome/147.0.0.0 Safari/537.36"
203.81.238.81 - - [15/Apr/2026:19:37:58 +0000] "GET /wp-content/uploads/2026/04/ACEPH-Game-Login-1024x512.webp HTTP/2" 200 84752 "https://aceph.pk/" "Mozilla/5.0 (Windows NT 10.0; Win64; x64) AppleWebKit/537.36 (KHTML, like Gecko) Chrome/147.0.0.0 Safari/537.36"
203.81.238.81 - - [15/Apr/2026:19:38:01 +0000] "GET /wp-content/uploads/2026/04/ACEPH-Game-Download-1024x512.webp HTTP/2" 200 82058 "https://aceph.pk/" "Mozilla/5.0 (Windows NT 10.0; Win64; x64) AppleWebKit/537.36 (KHTML, like Gecko) Chrome/147.0.0.0 Safari/537.36"
185.244.36.210 - - [15/Apr/2026:19:43:24 +0000] "POST /wp-cron.php?doing_wp_cron=1776282203.9747951030731201171875 HTTP/1.1" 200 0 "-" "WordPress/6.9.4; https://aceph.pk"
139.59.217.211 - - [15/Apr/2026:19:58:03 +0000] "GET /wp-login.php HTTP/2" 200 1744 "-" "Mozilla/4.0 (compatible; MSIE 7.0; Windows NT 6.1; WOW64; Trident/7.0; SLCC2; .NET CLR 2.0.50727; .NET CLR 3.5.30729; .NET CLR 3.0.30729; Media Center PC 6.0; .NET4.0C; .NET4.0E)"
185.244.36.210 - - [15/Apr/2026:19:58:21 +0000] "POST /wp-cron.php?doing_wp_cron=1776283101.7750060558319091796875 HTTP/1.1" 200 0 "-" "WordPress/6.9.4; https://aceph.pk"
139.59.217.211 - - [15/Apr/2026:19:58:17 +0000] "POST /wp-login.php HTTP/2" 200 1873 "https://aceph.pk/wp-login.php" "Mozilla/4.0 (compatible; MSIE 7.0; Windows NT 6.1; WOW64; Trident/7.0; SLCC2; .NET CLR 2.0.50727; .NET CLR 3.5.30729; .NET CLR 3.0.30729; Media Center PC 6.0; .NET4.0C; .NET4.0E)"
185.244.36.210 - - [15/Apr/2026:19:58:28 +0000] "POST /wp-cron.php?doing_wp_cron=1776283108.4675369262695312500000 HTTP/1.1" 200 0 "-" "WordPress/6.9.4; https://aceph.pk"
185.244.36.210 - - [15/Apr/2026:17:27:09 +0000] "POST /wp-cron.php?doing_wp_cron=1776274029.9040949344635009765625 HTTP/1.1" 200 0 "-" "WordPress/6.9.4; https://aceph.pk"
185.244.36.210 - - [15/Apr/2026:17:34:06 +0000] "POST /wp-cron.php?doing_wp_cron=1776274446.2183101177215576171875 HTTP/1.1" 200 0 "-" "WordPress/6.9.4; https://aceph.pk"
45.239.148.226 - - [15/Apr/2026:17:46:02 +0000] "GET /wp-login.php HTTP/2" 200 1744 "-" "Mozilla/5.0 (Windows NT 6.1; WOW64; Trident/7.0; MATM; rv:11.0) like Gecko"
45.239.148.226 - - [15/Apr/2026:17:46:03 +0000] "POST /wp-login.php HTTP/2" 200 1873 "https://aceph.pk/wp-login.php" "Mozilla/5.0 (Windows NT 6.1; WOW64; Trident/7.0; MATM; rv:11.0) like Gecko"
43.155.188.157 - - [15/Apr/2026:18:03:18 +0000] "GET / HTTP/1.1" 200 30823 "http://www.aceph.pk" "Mozilla/5.0 (iPhone; CPU iPhone OS 13_2_3 like Mac OS X) AppleWebKit/605.1.15 (KHTML, like Gecko) Version/13.0.3 Mobile/15E148 Safari/604.1"
185.244.36.210 - - [15/Apr/2026:18:28:43 +0000] "POST /wp-cron.php?doing_wp_cron=1776277723.8066771030426025390625 HTTP/1.1" 200 0 "-" "WordPress/6.9.4; https://aceph.pk"
185.244.36.210 - - [15/Apr/2026:19:06:04 +0000] "POST /wp-cron.php?doing_wp_cron=1776279964.3339550495147705078125 HTTP/1.1" 200 0 "-" "WordPress/6.9.4; https://aceph.pk"
185.244.36.210 - - [15/Apr/2026:19:29:44 +0000] "POST /wp-cron.php?doing_wp_cron=1776281384.0035390853881835937500 HTTP/1.1" 200 0 "-" "WordPress/6.9.4; https://aceph.pk"
35.78.103.230 - - [15/Apr/2026:19:34:50 +0000] "GET /wp-login.php HTTP/1.1" 200 1965 "-" "Mozilla/5.0"
35.78.103.230 - - [15/Apr/2026:19:34:52 +0000] "GET /?author=1 HTTP/1.1" 301 0 "-" "Mozilla/5.0"
35.78.103.230 - - [15/Apr/2026:19:34:55 +0000] "GET /?rest_route=/wp/v2/users HTTP/1.1" 200 351 "-" "Mozilla/5.0"
173.254.104.177 - - [15/Apr/2026:19:43:20 +0000] "GET /wp-login.php HTTP/2" 200 1744 "-" "Mozilla/5.0 (Windows NT 6.3; WOW64; Trident/7.0; Touch; TNJB; rv:11.0) like Gecko"
173.254.104.177 - - [15/Apr/2026:19:43:24 +0000] "POST /wp-login.php HTTP/2" 200 1869 "https://aceph.pk/wp-login.php" "Mozilla/5.0 (Windows NT 6.3; WOW64; Trident/7.0; Touch; TNJB; rv:11.0) like Gecko"
185.244.36.210 - - [15/Apr/2026:19:48:37 +0000] "POST /wp-cron.php?doing_wp_cron=1776282516.9971261024475097656250 HTTP/1.1" 200 0 "-" "WordPress/6.9.4; https://aceph.pk"
185.244.36.210 - - [15/Apr/2026:19:49:18 +0000] "POST /wp-cron.php?doing_wp_cron=1776282558.5833320617675781250000 HTTP/1.1" 200 0 "-" "WordPress/6.9.4; https://aceph.pk"
69.49.112.74 - - [15/Apr/2026:20:03:37 +0000] "GET /wp-login.php HTTP/2" 200 1744 "-" "Mozilla/5.0 (Macintosh; Intel Mac OS X 10.11; rv:60.0) Gecko/20100101 Firefox/60.0"
69.49.112.74 - - [15/Apr/2026:20:03:41 +0000] "POST /wp-login.php HTTP/2" 200 1869 "https://aceph.pk/wp-login.php" "Mozilla/5.0 (Macintosh; Intel Mac OS X 10.11; rv:60.0) Gecko/20100101 Firefox/60.0"
185.244.36.210 - - [15/Apr/2026:20:08:47 +0000] "POST /wp-cron.php?doing_wp_cron=1776283727.6764709949493408203125 HTTP/1.1" 200 0 "-" "WordPress/6.9.4; https://aceph.pk"
185.244.36.210 - - [15/Apr/2026:20:09:32 +0000] "POST /wp-cron.php?doing_wp_cron=1776283772.4183371067047119140625 HTTP/1.1" 200 0 "-" "WordPress/6.9.4; https://aceph.pk"
185.244.36.210 - - [15/Apr/2026:20:03:41 +0000] "POST /wp-cron.php?doing_wp_cron=1776283421.1758959293365478515625 HTTP/1.1" 200 0 "-" "WordPress/6.9.4; https://aceph.pk"
51.91.254.43 - - [15/Apr/2026:20:08:45 +0000] "GET / HTTP/1.1" 200 34400 "-" "Mozilla/5.0 (Windows NT 10.0; Win64; x64) AppleWebKit/537.36 (KHTML, like Gecko) Chrome/139.0.0.0 Safari/537.36"
212.227.125.241 - - [15/Apr/2026:20:09:30 +0000] "GET /wp-login.php HTTP/2" 200 1744 "-" "Mozilla/5.0 (Macintosh; Intel Mac OS X 10_11_6) AppleWebKit/604.5.6 (KHTML, like Gecko) Version/11.0.3 Safari/604.5.6"
212.227.125.241 - - [15/Apr/2026:20:09:32 +0000] "POST /wp-login.php HTTP/2" 200 1873 "https://aceph.pk/wp-login.php" "Mozilla/5.0 (Macintosh; Intel Mac OS X 10_11_6) AppleWebKit/604.5.6 (KHTML, like Gecko) Version/11.0.3 Safari/604.5.6"
185.244.36.210 - - [15/Apr/2026:20:27:44 +0000] "POST /wp-cron.php?doing_wp_cron=1776284864.4823911190032958984375 HTTP/1.1" 200 0 "-" "WordPress/6.9.4; https://aceph.pk"
185.244.36.210 - - [15/Apr/2026:20:32:05 +0000] "POST /wp-cron.php?doing_wp_cron=1776285125.4668459892272949218750 HTTP/1.1" 200 0 "-" "WordPress/6.9.4; https://aceph.pk"
212.227.125.241 - - [15/Apr/2026:20:32:03 +0000] "GET /wp-login.php HTTP/2" 200 1744 "-" "Mozilla/5.0 (Windows NT 5.1; Win64; x64) AppleWebKit/537.36 (KHTML, like Gecko) Chrome/58.0.3029.110 Safari/537.36 Edge/16.16299"
212.227.125.241 - - [15/Apr/2026:20:32:06 +0000] "POST /wp-login.php HTTP/2" 200 1873 "https://aceph.pk/wp-login.php" "Mozilla/5.0 (Windows NT 5.1; Win64; x64) AppleWebKit/537.36 (KHTML, like Gecko) Chrome/58.0.3029.110 Safari/537.36 Edge/16.16299"
78.47.203.112 - - [15/Apr/2026:20:32:11 +0000] "HEAD / HTTP/1.1" 200 0 "-" "-"
134.209.100.212 - - [15/Apr/2026:20:32:42 +0000] "GET /wp-login.php HTTP/2" 200 1744 "-" "Mozilla/5.0 (Windows NT 6.3; WOW64; Trident/7.0; Touch; MALNJS; rv:11.0) like Gecko"
134.209.100.212 - - [15/Apr/2026:20:32:44 +0000] "POST /wp-login.php HTTP/2" 200 1869 "https://aceph.pk/wp-login.php" "Mozilla/5.0 (Windows NT 6.3; WOW64; Trident/7.0; Touch; MALNJS; rv:11.0) like Gecko"
185.244.36.210 - - [15/Apr/2026:20:45:25 +0000] "POST /wp-cron.php?doing_wp_cron=1776285925.3690190315246582031250 HTTP/1.1" 200 0 "-" "WordPress/6.9.4; https://aceph.pk"
185.244.36.210 - - [15/Apr/2026:21:02:09 +0000] "POST /wp-cron.php?doing_wp_cron=1776286929.8708391189575195312500 HTTP/1.1" 200 0 "-" "WordPress/6.9.4; https://aceph.pk"
50.87.253.32 - - [15/Apr/2026:21:10:00 +0000] "GET /wp-login.php HTTP/2" 200 1744 "-" "Mozilla/5.0 (compatible; MSIE 9.0; Windows NT 6.3; WOW64; Trident/7.0)"
50.87.253.32 - - [15/Apr/2026:21:10:04 +0000] "POST /wp-login.php HTTP/2" 200 1869 "https://aceph.pk/wp-login.php" "Mozilla/5.0 (compatible; MSIE 9.0; Windows NT 6.3; WOW64; Trident/7.0)"
185.244.36.210 - - [15/Apr/2026:21:11:19 +0000] "POST /wp-cron.php?doing_wp_cron=1776287479.8899519443511962890625 HTTP/1.1" 200 0 "-" "WordPress/6.9.4; https://aceph.pk"
69.49.112.74 - - [15/Apr/2026:21:11:19 +0000] "GET /wp-login.php HTTP/2" 200 1744 "-" "Mozilla/5.0 (compatible, MSIE 11, Windows NT 6.3; Trident/7.0; rv:11.0) like Gecko"
69.49.112.74 - - [15/Apr/2026:21:11:20 +0000] "POST /wp-login.php HTTP/2" 200 1869 "https://aceph.pk/wp-login.php" "Mozilla/5.0 (compatible, MSIE 11, Windows NT 6.3; Trident/7.0; rv:11.0) like Gecko"
82.196.25.136 - - [15/Apr/2026:21:14:03 +0000] "GET /wp-login.php HTTP/2" 200 1744 "-" "Mozilla/5.0 (Windows NT 6.3; WOW64; Trident/7.0; MAPBJS; rv:11.0) like Gecko"
82.196.25.136 - - [15/Apr/2026:21:14:08 +0000] "POST /wp-login.php HTTP/2" 200 1873 "https://aceph.pk/wp-login.php" "Mozilla/5.0 (Windows NT 6.3; WOW64; Trident/7.0; MAPBJS; rv:11.0) like Gecko"
185.244.36.210 - - [15/Apr/2026:21:31:10 +0000] "POST /wp-cron.php?doing_wp_cron=1776288670.8742620944976806640625 HTTP/1.1" 200 0 "-" "WordPress/6.9.4; https://aceph.pk"
139.59.217.211 - - [15/Apr/2026:21:34:47 +0000] "GET /wp-login.php HTTP/2" 200 1744 "-" "Mozilla/5.0 (Macintosh; Intel Mac OS X 10_12_6) AppleWebKit/605.1.15 (KHTML, like Gecko) Version/11.1.2 Safari/605.1.15"
139.59.217.211 - - [15/Apr/2026:21:34:55 +0000] "POST /wp-login.php HTTP/2" 200 1869 "https://aceph.pk/wp-login.php" "Mozilla/5.0 (Macintosh; Intel Mac OS X 10_12_6) AppleWebKit/605.1.15 (KHTML, like Gecko) Version/11.1.2 Safari/605.1.15"
185.244.36.210 - - [15/Apr/2026:21:46:00 +0000] "POST /wp-cron.php?doing_wp_cron=1776289560.2234859466552734375000 HTTP/1.1" 200 0 "-" "WordPress/6.9.4; https://aceph.pk"
185.244.36.210 - - [15/Apr/2026:20:18:42 +0000] "POST /wp-cron.php?doing_wp_cron=1776284322.3748779296875000000000 HTTP/1.1" 200 0 "-" "WordPress/6.9.4; https://aceph.pk"
185.244.36.210 - - [15/Apr/2026:20:26:14 +0000] "POST /wp-cron.php?doing_wp_cron=1776284773.8810429573059082031250 HTTP/1.1" 200 0 "-" "WordPress/6.9.4; https://aceph.pk"
161.97.77.0 - - [15/Apr/2026:20:26:18 +0000] "GET /wp-login.php HTTP/2" 200 1744 "-" "Mozilla/5.0 (Windows NT 6.2; ARM; Trident/7.0; Touch; rv:11.0; WPDesktop; NOKIA; Lumia 530) like Gecko"
161.97.77.0 - - [15/Apr/2026:20:26:22 +0000] "POST /wp-login.php HTTP/2" 200 1869 "https://aceph.pk/wp-login.php" "Mozilla/5.0 (Windows NT 6.2; ARM; Trident/7.0; Touch; rv:11.0; WPDesktop; NOKIA; Lumia 530) like Gecko"
34.21.160.22 - - [15/Apr/2026:20:45:22 +0000] "GET /wp-login.php HTTP/2" 200 1744 "-" "Mozilla/5.0 (Windows NT 6.1; WOW64) AppleWebKit/537.36 (KHTML, like Gecko) Chrome/67.0.3396.62 Safari/537.36"
34.21.160.22 - - [15/Apr/2026:20:45:25 +0000] "POST /wp-login.php HTTP/2" 200 1869 "https://aceph.pk/wp-login.php" "Mozilla/5.0 (Windows NT 6.1; WOW64) AppleWebKit/537.36 (KHTML, like Gecko) Chrome/67.0.3396.62 Safari/537.36"
185.244.36.210 - - [15/Apr/2026:20:50:24 +0000] "POST /wp-cron.php?doing_wp_cron=1776286223.9868121147155761718750 HTTP/1.1" 200 0 "-" "WordPress/6.9.4; https://aceph.pk"
203.81.238.81 - - [15/Apr/2026:20:59:36 +0000] "GET /wp-content/uploads/2026/04/ACEPH-Game.webp HTTP/2" 200 37690 "https://www.google.com/" "Mozilla/5.0 (Windows NT 10.0; Win64; x64) AppleWebKit/537.36 (KHTML, like Gecko) Chrome/147.0.0.0 Safari/537.36"
203.81.238.81 - - [15/Apr/2026:20:59:38 +0000] "GET / HTTP/2" 200 34588 "https://www.google.com/" "Mozilla/5.0 (Windows NT 10.0; Win64; x64) AppleWebKit/537.36 (KHTML, like Gecko) Chrome/147.0.0.0 Safari/537.36"
69.163.186.214 - - [15/Apr/2026:21:02:07 +0000] "GET /wp-login.php HTTP/2" 200 1744 "-" "Mozilla/5.0 (Windows NT 6.1; WOW64; Trident/7.0; EIE10;ENUSMSE; rv:11.0) like Gecko"
69.163.186.214 - - [15/Apr/2026:21:02:12 +0000] "POST /wp-login.php HTTP/2" 200 1873 "https://aceph.pk/wp-login.php" "Mozilla/5.0 (Windows NT 6.1; WOW64; Trident/7.0; EIE10;ENUSMSE; rv:11.0) like Gecko"
185.244.36.210 - - [15/Apr/2026:21:10:03 +0000] "POST /wp-cron.php?doing_wp_cron=1776287402.9986529350280761718750 HTTP/1.1" 200 0 "-" "WordPress/6.9.4; https://aceph.pk"
185.244.36.210 - - [15/Apr/2026:21:14:07 +0000] "POST /wp-cron.php?doing_wp_cron=1776287647.0682039260864257812500 HTTP/1.1" 200 0 "-" "WordPress/6.9.4; https://aceph.pk"
185.244.36.210 - - [15/Apr/2026:21:34:51 +0000] "POST /wp-cron.php?doing_wp_cron=1776288891.3699460029602050781250 HTTP/1.1" 200 0 "-" "WordPress/6.9.4; https://aceph.pk"
51.210.216.21 - - [15/Apr/2026:21:43:29 +0000] "GET / HTTP/1.1" 200 39110 "-" "Mozilla/5.0 (X11; Linux x86_64) AppleWebKit/537.36 (KHTML, like Gecko) Chrome/131.0.0.0 Safari/537.36"
185.244.36.210 - - [15/Apr/2026:22:03:55 +0000] "POST /wp-cron.php?doing_wp_cron=1776290635.9578449726104736328125 HTTP/1.1" 200 0 "-" "WordPress/6.9.4; https://aceph.pk"
185.244.36.210 - - [15/Apr/2026:22:11:15 +0000] "POST /wp-cron.php?doing_wp_cron=1776291074.9688899517059326171875 HTTP/1.1" 200 0 "-" "WordPress/6.9.4; https://aceph.pk"
165.232.124.247 - - [15/Apr/2026:22:27:11 +0000] "GET /wp-login.php HTTP/2" 200 1744 "-" "Mozilla/5.0 (Windows NT 6.3; WOW64; Trident/7.0; MASPJS; rv:11.0) like Gecko"
165.232.124.247 - - [15/Apr/2026:22:27:13 +0000] "POST /wp-login.php HTTP/2" 200 1873 "https://aceph.pk/wp-login.php" "Mozilla/5.0 (Windows NT 6.3; WOW64; Trident/7.0; MASPJS; rv:11.0) like Gecko"
185.244.36.210 - - [15/Apr/2026:22:40:21 +0000] "POST /wp-cron.php?doing_wp_cron=1776292821.7808721065521240234375 HTTP/1.1" 200 0 "-" "WordPress/6.9.4; https://aceph.pk"
43.165.69.68 - - [15/Apr/2026:21:58:53 +0000] "GET / HTTP/1.1" 200 39110 "http://www.aceph.pk" "Mozilla/5.0 (iPhone; CPU iPhone OS 13_2_3 like Mac OS X) AppleWebKit/605.1.15 (KHTML, like Gecko) Version/13.0.3 Mobile/15E148 Safari/604.1"
185.244.36.210 - - [15/Apr/2026:22:04:13 +0000] "POST /wp-cron.php?doing_wp_cron=1776290653.7672939300537109375000 HTTP/1.1" 200 0 "-" "WordPress/6.9.4; https://aceph.pk"
103.121.26.217 - - [15/Apr/2026:22:11:13 +0000] "GET /wp-login.php HTTP/2" 200 1744 "-" "Mozilla/5.0 (Windows NT 6.3; Win64; x64) AppleWebKit/537.36 (KHTML, like Gecko) Chrome/67.0.3396.87 Safari/537.36"
103.121.26.217 - - [15/Apr/2026:22:11:15 +0000] "POST /wp-login.php HTTP/2" 200 1869 "https://aceph.pk/wp-login.php" "Mozilla/5.0 (Windows NT 6.3; Win64; x64) AppleWebKit/537.36 (KHTML, like Gecko) Chrome/67.0.3396.87 Safari/537.36"
185.244.36.210 - - [15/Apr/2026:22:27:12 +0000] "POST /wp-cron.php?doing_wp_cron=1776292032.8711791038513183593750 HTTP/1.1" 200 0 "-" "WordPress/6.9.4; https://aceph.pk"
185.244.36.210 - - [15/Apr/2026:22:40:59 +0000] "POST /wp-cron.php?doing_wp_cron=1776292859.6593201160430908203125 HTTP/1.1" 200 0 "-" "WordPress/6.9.4; https://aceph.pk"
165.232.124.247 - - [15/Apr/2026:22:40:57 +0000] "GET /wp-login.php HTTP/2" 200 1744 "-" "Mozilla/5.0 (Windows NT 6.3; WOW64) AppleWebKit/537.36 (KHTML, like Gecko) Chrome/66.0.3359.139 Safari/537.36"
165.232.124.247 - - [15/Apr/2026:22:41:02 +0000] "POST /wp-login.php HTTP/2" 200 1869 "https://aceph.pk/wp-login.php" "Mozilla/5.0 (Windows NT 6.3; WOW64) AppleWebKit/537.36 (KHTML, like Gecko) Chrome/66.0.3359.139 Safari/537.36"
185.244.36.210 - - [15/Apr/2026:22:48:59 +0000] "POST /wp-cron.php?doing_wp_cron=1776293339.6694450378417968750000 HTTP/1.1" 200 0 "-" "WordPress/6.9.4; https://aceph.pk"
69.49.112.62 - - [15/Apr/2026:22:48:59 +0000] "GET /wp-login.php HTTP/2" 200 1744 "-" "Mozilla/5.0 (Windows NT 6.3; Win64; x64) AppleWebKit/537.36 (KHTML, like Gecko) Chrome/65.0.3325.181 Safari/537.36 OPR/52.0.2871.99"
69.49.112.62 - - [15/Apr/2026:22:48:59 +0000] "POST /wp-login.php HTTP/2" 200 1869 "https://aceph.pk/wp-login.php" "Mozilla/5.0 (Windows NT 6.3; Win64; x64) AppleWebKit/537.36 (KHTML, like Gecko) Chrome/65.0.3325.181 Safari/537.36 OPR/52.0.2871.99"
185.244.36.210 - - [15/Apr/2026:23:21:02 +0000] "POST /wp-cron.php?doing_wp_cron=1776295262.9582779407501220703125 HTTP/1.1" 200 0 "-" "WordPress/6.9.4; https://aceph.pk"
65.254.225.232 - - [15/Apr/2026:23:26:32 +0000] "GET /wp-login.php HTTP/2" 200 1744 "-" "Mozilla/5.0 (Windows NT 6.3; Win64; x64) AppleWebKit/537.36 (KHTML, like Gecko) Chrome/66.0.3359.139 Safari/537.36"
65.254.225.232 - - [15/Apr/2026:23:26:34 +0000] "POST /wp-login.php HTTP/2" 200 1873 "https://aceph.pk/wp-login.php" "Mozilla/5.0 (Windows NT 6.3; Win64; x64) AppleWebKit/537.36 (KHTML, like Gecko) Chrome/66.0.3359.139 Safari/537.36"
185.244.36.210 - - [15/Apr/2026:23:27:25 +0000] "POST /wp-cron.php?doing_wp_cron=1776295644.9694030284881591796875 HTTP/1.1" 200 0 "-" "WordPress/6.9.4; https://aceph.pk"
185.244.36.210 - - [15/Apr/2026:23:34:29 +0000] "POST /wp-cron.php?doing_wp_cron=1776296069.4565200805664062500000 HTTP/1.1" 200 0 "-" "WordPress/6.9.4; https://aceph.pk"
35.78.103.230 - - [15/Apr/2026:23:34:23 +0000] "POST /wp-login.php HTTP/1.1" 200 5695 "-" "Mozilla/5.0"
185.244.36.210 - - [15/Apr/2026:23:43:06 +0000] "POST /wp-cron.php?doing_wp_cron=1776296586.0666449069976806640625 HTTP/1.1" 200 0 "-" "WordPress/6.9.4; https://aceph.pk"
69.49.112.62 - - [15/Apr/2026:23:43:55 +0000] "GET /wp-login.php HTTP/2" 200 1744 "-" "Mozilla/4.0 (compatible; MSIE 7.0; Windows NT 6.2; WOW64; Trident/7.0; .NET4.0C; .NET4.0E; .NET CLR 2.0.50727; .NET CLR 3.0.30729; .NET CLR 3.5.30729; LCTE)"
69.49.112.62 - - [15/Apr/2026:23:44:00 +0000] "POST /wp-login.php HTTP/2" 200 1869 "https://aceph.pk/wp-login.php" "Mozilla/4.0 (compatible; MSIE 7.0; Windows NT 6.2; WOW64; Trident/7.0; .NET4.0C; .NET4.0E; .NET CLR 2.0.50727; .NET CLR 3.0.30729; .NET CLR 3.5.30729; LCTE)"
185.244.36.210 - - [15/Apr/2026:23:58:42 +0000] "POST /wp-cron.php?doing_wp_cron=1776297522.6649539470672607421875 HTTP/1.1" 200 0 "-" "WordPress/6.9.4; https://aceph.pk"
35.78.103.230 - - [15/Apr/2026:23:20:57 +0000] "POST /wp-login.php HTTP/1.1" 200 5695 "-" "Mozilla/5.0"
66.116.198.179 - - [15/Apr/2026:23:25:52 +0000] "GET /wp-login.php HTTP/2" 200 0 "-" "Mozilla/5.0 (Macintosh; Intel Mac OS X 10_9_5) AppleWebKit/537.36 (KHTML, like Gecko) Chrome/67.0.3396.87 Safari/537.36"
185.244.36.210 - - [15/Apr/2026:23:25:56 +0000] "POST /wp-cron.php?doing_wp_cron=1776295556.6671841144561767578125 HTTP/1.1" 200 0 "-" "WordPress/6.9.4; https://aceph.pk"
35.78.103.230 - - [15/Apr/2026:23:27:21 +0000] "POST /wp-login.php HTTP/1.1" 200 5695 "-" "Mozilla/5.0"
185.244.36.210 - - [15/Apr/2026:23:43:59 +0000] "POST /wp-cron.php?doing_wp_cron=1776296639.6648910045623779296875 HTTP/1.1" 200 0 "-" "WordPress/6.9.4; https://aceph.pk"
185.244.36.210 - - [15/Apr/2026:23:54:37 +0000] "POST /wp-cron.php?doing_wp_cron=1776297277.7703649997711181640625 HTTP/1.1" 200 0 "-" "WordPress/6.9.4; https://aceph.pk"
35.78.103.230 - - [15/Apr/2026:23:54:33 +0000] "POST /wp-login.php HTTP/1.1" 200 5695 "-" "Mozilla/5.0"
185.244.36.210 - - [16/Apr/2026:00:20:16 +0000] "POST /wp-cron.php?doing_wp_cron=1776298816.4897770881652832031250 HTTP/1.1" 200 0 "-" "WordPress/6.9.4; https://aceph.pk"
45.239.148.226 - - [16/Apr/2026:00:20:24 +0000] "GET /wp-login.php HTTP/2" 200 1743 "-" "Mozilla/5.0 (Windows NT 10.0; WOW64; Trident/7.0; Touch; LCTE; rv:11.0) like Gecko"
45.239.148.226 - - [16/Apr/2026:00:20:29 +0000] "POST /wp-login.php HTTP/2" 200 1868 "https://aceph.pk/wp-login.php" "Mozilla/5.0 (Windows NT 10.0; WOW64; Trident/7.0; Touch; LCTE; rv:11.0) like Gecko"
185.244.36.210 - - [16/Apr/2026:00:42:17 +0000] "POST /wp-cron.php?doing_wp_cron=1776300136.8679890632629394531250 HTTP/1.1" 200 0 "-" "WordPress/6.9.4; https://aceph.pk"
35.78.103.230 - - [16/Apr/2026:00:42:10 +0000] "POST /wp-login.php HTTP/1.1" 200 5695 "-" "Mozilla/5.0"
185.244.36.210 - - [16/Apr/2026:00:45:54 +0000] "POST /wp-cron.php?doing_wp_cron=1776300354.4621269702911376953125 HTTP/1.1" 200 0 "-" "WordPress/6.9.4; https://aceph.pk"
23.22.108.251 - - [16/Apr/2026:00:45:51 +0000] "GET /robots.txt HTTP/1.1" 200 107 "-" "Mozilla/5.0 (Macintosh; Intel Mac OS X 10_10_1) AppleWebKit/600.2.5 (KHTML, like Gecko) Version/8.0.2 Safari/600.2.5 (Gort)"
185.244.36.210 - - [16/Apr/2026:00:53:23 +0000] "POST /wp-cron.php?doing_wp_cron=1776300803.1928670406341552734375 HTTP/1.1" 200 0 "-" "WordPress/6.9.4; https://aceph.pk"
69.49.112.62 - - [16/Apr/2026:00:53:43 +0000] "GET /wp-login.php HTTP/2" 200 1743 "-" "Mozilla/5.0 (Windows NT 6.1; WOW64; Trident/7.0; MANM; rv:11.0) like Gecko"
69.49.112.62 - - [16/Apr/2026:00:53:46 +0000] "POST /wp-login.php HTTP/2" 200 1868 "https://aceph.pk/wp-login.php" "Mozilla/5.0 (Windows NT 6.1; WOW64; Trident/7.0; MANM; rv:11.0) like Gecko"
185.244.36.210 - - [16/Apr/2026:00:57:36 +0000] "POST /wp-cron.php?doing_wp_cron=1776301056.2653820514678955078125 HTTP/1.1" 200 0 "-" "WordPress/6.9.4; https://aceph.pk"
185.244.36.210 - - [16/Apr/2026:01:20:04 +0000] "POST /wp-cron.php?doing_wp_cron=1776302404.7718911170959472656250 HTTP/1.1" 200 0 "-" "WordPress/6.9.4; https://aceph.pk"
185.244.36.210 - - [16/Apr/2026:01:29:40 +0000] "POST /wp-cron.php?doing_wp_cron=1776302980.8670780658721923828125 HTTP/1.1" 200 0 "-" "WordPress/6.9.4; https://aceph.pk"
43.134.141.244 - - [16/Apr/2026:01:30:31 +0000] "GET / HTTP/1.1" 200 39110 "http://aceph.pk" "Mozilla/5.0 (iPhone; CPU iPhone OS 13_2_3 like Mac OS X) AppleWebKit/605.1.15 (KHTML, like Gecko) Version/13.0.3 Mobile/15E148 Safari/604.1"
185.244.36.210 - - [16/Apr/2026:01:35:32 +0000] "POST /wp-cron.php?doing_wp_cron=1776303332.5583529472351074218750 HTTP/1.1" 200 0 "-" "WordPress/6.9.4; https://aceph.pk"
156.59.26.142 - - [16/Apr/2026:01:35:27 +0000] "GET /wp-login.php HTTP/1.1" 200 1964 "-" "Mozilla/5.0"
156.59.26.142 - - [16/Apr/2026:01:35:33 +0000] "GET /?author=1 HTTP/1.1" 301 0 "-" "Mozilla/5.0"
156.59.26.142 - - [16/Apr/2026:01:35:38 +0000] "GET /?rest_route=/wp/v2/users HTTP/1.1" 200 351 "-" "Mozilla/5.0"
185.244.36.210 - - [16/Apr/2026:01:50:54 +0000] "POST /wp-cron.php?doing_wp_cron=1776304254.1707789897918701171875 HTTP/1.1" 200 0 "-" "WordPress/6.9.4; https://aceph.pk"
185.244.36.210 - - [16/Apr/2026:01:54:43 +0000] "POST /wp-cron.php?doing_wp_cron=1776304482.9607329368591308593750 HTTP/1.1" 200 0 "-" "WordPress/6.9.4; https://aceph.pk"
185.244.36.210 - - [16/Apr/2026:02:17:20 +0000] "POST /wp-cron.php?doing_wp_cron=1776305840.7678530216217041015625 HTTP/1.1" 200 0 "-" "WordPress/6.9.4; https://aceph.pk"
35.78.103.230 - - [16/Apr/2026:02:17:17 +0000] "POST /wp-login.php HTTP/1.1" 200 5695 "-" "Mozilla/5.0"
185.244.36.210 - - [16/Apr/2026:02:38:22 +0000] "POST /wp-cron.php?doing_wp_cron=1776307102.6703670024871826171875 HTTP/1.1" 200 0 "-" "WordPress/6.9.4; https://aceph.pk"
185.244.36.210 - - [16/Apr/2026:02:39:16 +0000] "POST /wp-cron.php?doing_wp_cron=1776307156.8466970920562744140625 HTTP/1.1" 200 0 "-" "WordPress/6.9.4; https://aceph.pk"
185.244.36.210 - - [16/Apr/2026:00:18:33 +0000] "POST /wp-cron.php?doing_wp_cron=1776298712.9718921184539794921875 HTTP/1.1" 200 0 "-" "WordPress/6.9.4; https://aceph.pk"
35.78.103.230 - - [16/Apr/2026:00:18:26 +0000] "POST /wp-login.php HTTP/1.1" 200 5695 "-" "Mozilla/5.0"
69.5.20.170 - - [16/Apr/2026:00:20:12 +0000] "GET /wp-login.php HTTP/2" 200 1743 "-" "Mozilla/5.0 (Macintosh; Intel Mac OS X 10_13_4) AppleWebKit/537.36 (KHTML, like Gecko) Chrome/67.0.3396.79 Safari/537.36"
69.5.20.170 - - [16/Apr/2026:00:20:17 +0000] "POST /wp-login.php HTTP/2" 200 1868 "https://aceph.pk/wp-login.php" "Mozilla/5.0 (Macintosh; Intel Mac OS X 10_13_4) AppleWebKit/537.36 (KHTML, like Gecko) Chrome/67.0.3396.79 Safari/537.36"
185.244.36.210 - - [16/Apr/2026:00:33:28 +0000] "POST /wp-cron.php?doing_wp_cron=1776299608.4628169536590576171875 HTTP/1.1" 200 0 "-" "WordPress/6.9.4; https://aceph.pk"
185.244.36.210 - - [16/Apr/2026:00:41:33 +0000] "POST /wp-cron.php?doing_wp_cron=1776300093.3165690898895263671875 HTTP/1.1" 200 0 "-" "WordPress/6.9.4; https://aceph.pk"
185.244.36.210 - - [16/Apr/2026:01:05:55 +0000] "POST /wp-cron.php?doing_wp_cron=1776301554.9644939899444580078125 HTTP/1.1" 200 0 "-" "WordPress/6.9.4; https://aceph.pk"
35.78.103.230 - - [16/Apr/2026:01:05:49 +0000] "POST /wp-login.php HTTP/1.1" 200 5695 "-" "Mozilla/5.0"
170.106.72.93 - - [16/Apr/2026:01:10:44 +0000] "GET / HTTP/1.1" 200 39103 "http://aceph.pk" "Mozilla/5.0 (iPhone; CPU iPhone OS 13_2_3 like Mac OS X) AppleWebKit/605.1.15 (KHTML, like Gecko) Version/13.0.3 Mobile/15E148 Safari/604.1"
51.79.254.190 - - [16/Apr/2026:01:20:01 +0000] "GET /wp-login.php HTTP/2" 200 1743 "-" "Mozilla/5.0 (Windows NT 6.1; WOW64; Trident/7.0; TNJB; rv:11.0) like Gecko"
51.79.254.190 - - [16/Apr/2026:01:20:05 +0000] "POST /wp-login.php HTTP/2" 200 1872 "https://aceph.pk/wp-login.php" "Mozilla/5.0 (Windows NT 6.1; WOW64; Trident/7.0; TNJB; rv:11.0) like Gecko"
35.78.103.230 - - [16/Apr/2026:01:29:38 +0000] "POST /wp-login.php HTTP/1.1" 200 5695 "-" "Mozilla/5.0"
139.59.217.211 - - [16/Apr/2026:01:50:48 +0000] "GET /wp-login.php HTTP/2" 200 1743 "-" "Mozilla/5.0 (Windows NT 10.0; Win64; x64; WebView/3.0) AppleWebKit/537.36 (KHTML, like Gecko) Chrome/52.0.2743.116 Safari/537.36 Edge/15.15063"
139.59.217.211 - - [16/Apr/2026:01:50:55 +0000] "POST /wp-login.php HTTP/2" 200 1872 "https://aceph.pk/wp-login.php" "Mozilla/5.0 (Windows NT 10.0; Win64; x64; WebView/3.0) AppleWebKit/537.36 (KHTML, like Gecko) Chrome/52.0.2743.116 Safari/537.36 Edge/15.15063"
185.244.36.210 - - [16/Apr/2026:01:53:32 +0000] "POST /wp-cron.php?doing_wp_cron=1776304412.2685809135437011718750 HTTP/1.1" 200 0 "-" "WordPress/6.9.4; https://aceph.pk"
35.78.103.230 - - [16/Apr/2026:01:53:25 +0000] "POST /wp-login.php HTTP/1.1" 200 5695 "-" "Mozilla/5.0"
185.244.36.210 - - [16/Apr/2026:01:55:06 +0000] "POST /wp-cron.php?doing_wp_cron=1776304506.0218648910522460937500 HTTP/1.1" 200 0 "-" "WordPress/6.9.4; https://aceph.pk"
49.51.73.183 - - [16/Apr/2026:02:03:43 +0000] "GET / HTTP/1.1" 200 39103 "http://www.aceph.pk" "Mozilla/5.0 (iPhone; CPU iPhone OS 13_2_3 like Mac OS X) AppleWebKit/605.1.15 (KHTML, like Gecko) Version/13.0.3 Mobile/15E148 Safari/604.1"
43.157.170.126 - - [16/Apr/2026:02:11:18 +0000] "GET / HTTP/1.1" 200 39110 "http://www.aceph.pk" "Mozilla/5.0 (iPhone; CPU iPhone OS 13_2_3 like Mac OS X) AppleWebKit/605.1.15 (KHTML, like Gecko) Version/13.0.3 Mobile/15E148 Safari/604.1"
185.244.36.210 - - [16/Apr/2026:02:21:13 +0000] "POST /wp-cron.php?doing_wp_cron=1776306073.8580229282379150390625 HTTP/1.1" 200 0 "-" "WordPress/6.9.4; https://aceph.pk"
103.143.207.15 - - [16/Apr/2026:02:21:10 +0000] "GET /wp-login.php HTTP/2" 200 1743 "-" "Mozilla/5.0 (X11; Linux x86_64) AppleWebKit/537.36 (KHTML, like Gecko) Chrome/67.0.3396.62 Safari/537.36"
103.143.207.15 - - [16/Apr/2026:02:21:14 +0000] "POST /wp-login.php HTTP/2" 200 1868 "https://aceph.pk/wp-login.php" "Mozilla/5.0 (X11; Linux x86_64) AppleWebKit/537.36 (KHTML, like Gecko) Chrome/67.0.3396.62 Safari/537.36"
160.153.180.59 - - [16/Apr/2026:02:39:43 +0000] "GET /wp-login.php HTTP/2" 200 1743 "-" "Mozilla/4.0 (compatible; MSIE 7.0; Windows NT 6.1; Trident/7.0; SLCC2; Media Center PC 6.0; .NET CLR 3.5.30729; .NET CLR 3.0.30729; .NET CLR 2.0.50727; .NET4.0C; .NET4.0E)"
160.153.180.59 - - [16/Apr/2026:02:39:44 +0000] "POST /wp-login.php HTTP/2" 200 1868 "https://aceph.pk/wp-login.php" "Mozilla/4.0 (compatible; MSIE 7.0; Windows NT 6.1; Trident/7.0; SLCC2; Media Center PC 6.0; .NET CLR 3.5.30729; .NET CLR 3.0.30729; .NET CLR 2.0.50727; .NET4.0C; .NET4.0E)"
185.244.36.210 - - [16/Apr/2026:02:40:51 +0000] "POST /wp-cron.php?doing_wp_cron=1776307251.9275341033935546875000 HTTP/1.1" 200 0 "-" "WordPress/6.9.4; https://aceph.pk"
185.244.36.210 - - [16/Apr/2026:02:41:15 +0000] "POST /wp-cron.php?doing_wp_cron=1776307275.7025990486145019531250 HTTP/1.1" 200 0 "-" "WordPress/6.9.4; https://aceph.pk"
35.78.103.230 - - [16/Apr/2026:03:05:06 +0000] "POST /wp-login.php HTTP/1.1" 200 5695 "-" "Mozilla/5.0"
35.78.103.230 - - [16/Apr/2026:03:29:03 +0000] "POST /wp-login.php HTTP/1.1" 200 5695 "-" "Mozilla/5.0"
185.244.36.210 - - [16/Apr/2026:03:41:41 +0000] "POST /wp-cron.php?doing_wp_cron=1776310901.7066171169281005859375 HTTP/1.1" 200 0 "-" "WordPress/6.9.4; https://aceph.pk"
185.244.36.210 - - [16/Apr/2026:03:50:34 +0000] "POST /wp-cron.php?doing_wp_cron=1776311434.9779639244079589843750 HTTP/1.1" 200 0 "-" "WordPress/6.9.4; https://aceph.pk"
185.244.36.210 - - [16/Apr/2026:03:58:59 +0000] "POST /wp-cron.php?doing_wp_cron=1776311939.1578190326690673828125 HTTP/1.1" 200 0 "-" "WordPress/6.9.4; https://aceph.pk"
185.244.36.210 - - [16/Apr/2026:04:03:00 +0000] "POST /wp-cron.php?doing_wp_cron=1776312180.0908451080322265625000 HTTP/1.1" 200 0 "-" "WordPress/6.9.4; https://aceph.pk"
185.244.36.210 - - [16/Apr/2026:04:06:05 +0000] "POST /wp-cron.php?doing_wp_cron=1776312365.4895830154418945312500 HTTP/1.1" 200 0 "-" "WordPress/6.9.4; https://aceph.pk"
66.249.69.64 - - [16/Apr/2026:04:06:03 +0000] "GET /robots.txt HTTP/1.1" 200 91 "-" "Mozilla/5.0 (compatible; Googlebot/2.1; +http://www.google.com/bot.html)"
66.249.69.64 - - [16/Apr/2026:04:06:05 +0000] "GET /page-sitemap.xml HTTP/1.1" 200 441 "-" "Mozilla/5.0 (compatible; Googlebot/2.1; +http://www.google.com/bot.html)"
66.249.69.65 - - [16/Apr/2026:04:07:55 +0000] "GET /sitemap_index.xml HTTP/1.1" 200 259 "-" "Mozilla/5.0 (compatible; Googlebot/2.1; +http://www.google.com/bot.html)"
185.244.36.210 - - [16/Apr/2026:04:15:28 +0000] "POST /wp-cron.php?doing_wp_cron=1776312928.4802680015563964843750 HTTP/1.1" 200 0 "-" "WordPress/6.9.4; https://aceph.pk"
198.44.249.36 - - [16/Apr/2026:04:15:26 +0000] "POST / HTTP/1.1" 200 39110 "-" "Mozilla/5.0 (Windows NT 10.0; Win64; x64) AppleWebKit/537.36 (KHTML, like Gecko) Chrome/141.0.0.0 Safari/537.36"
198.44.249.36 - - [16/Apr/2026:04:15:28 +0000] "POST /index.php HTTP/1.1" 200 39103 "-" "Mozilla/5.0 (Windows NT 10.0; Win64; x64) AppleWebKit/537.36 (KHTML, like Gecko) Chrome/141.0.0.0 Safari/537.36"
198.44.249.36 - - [16/Apr/2026:04:15:30 +0000] "POST /admin HTTP/1.1" 302 0 "-" "Mozilla/5.0 (Windows NT 10.0; Win64; x64) AppleWebKit/537.36 (KHTML, like Gecko) Chrome/141.0.0.0 Safari/537.36"
198.44.249.36 - - [16/Apr/2026:04:15:32 +0000] "GET /wp-admin/ HTTP/1.1" 302 0 "https://aceph.pk:443/admin" "Mozilla/5.0 (Windows NT 10.0; Win64; x64) AppleWebKit/537.36 (KHTML, like Gecko) Chrome/141.0.0.0 Safari/537.36"
198.44.249.36 - - [16/Apr/2026:04:15:34 +0000] "GET /wp-login.php?redirect_to=https%3A%2F%2Faceph.pk%2Fwp-admin%2F&reauth=1 HTTP/1.1" 200 1964 "https://aceph.pk/wp-admin/" "Mozilla/5.0 (Windows NT 10.0; Win64; x64) AppleWebKit/537.36 (KHTML, like Gecko) Chrome/141.0.0.0 Safari/537.36"
198.44.249.36 - - [16/Apr/2026:04:15:34 +0000] "POST /api HTTP/1.1" 404 19832 "-" "Mozilla/5.0 (Windows NT 10.0; Win64; x64) AppleWebKit/537.36 (KHTML, like Gecko) Chrome/141.0.0.0 Safari/537.36"
35.78.103.230 - - [16/Apr/2026:04:17:08 +0000] "POST /wp-login.php HTTP/1.1" 200 5695 "-" "Mozilla/5.0"
35.78.103.230 - - [16/Apr/2026:02:41:13 +0000] "POST /wp-login.php HTTP/1.1" 200 5695 "-" "Mozilla/5.0"
185.244.36.210 - - [16/Apr/2026:03:05:07 +0000] "POST /wp-cron.php?doing_wp_cron=1776308707.3712899684906005859375 HTTP/1.1" 200 0 "-" "WordPress/6.9.4; https://aceph.pk"
185.244.36.210 - - [16/Apr/2026:03:10:08 +0000] "POST /wp-cron.php?doing_wp_cron=1776309008.6924490928649902343750 HTTP/1.1" 200 0 "-" "WordPress/6.9.4; https://aceph.pk"
185.244.36.210 - - [16/Apr/2026:03:29:06 +0000] "POST /wp-cron.php?doing_wp_cron=1776310146.0868000984191894531250 HTTP/1.1" 200 0 "-" "WordPress/6.9.4; https://aceph.pk"
185.244.36.210 - - [16/Apr/2026:03:32:38 +0000] "POST /wp-cron.php?doing_wp_cron=1776310358.3724410533905029296875 HTTP/1.1" 200 0 "-" "WordPress/6.9.4; https://aceph.pk"
67.222.38.94 - - [16/Apr/2026:03:32:36 +0000] "GET /wp-login.php HTTP/2" 200 1743 "-" "Mozilla/5.0 (Windows NT 10.0; WOW64) AppleWebKit/537.36 (KHTML, like Gecko) Chrome/65.0.3325.181 Safari/537.36 OPR/52.0.2871.64"
67.222.38.94 - - [16/Apr/2026:03:32:38 +0000] "POST /wp-login.php HTTP/2" 200 1872 "https://aceph.pk/wp-login.php" "Mozilla/5.0 (Windows NT 10.0; WOW64) AppleWebKit/537.36 (KHTML, like Gecko) Chrome/65.0.3325.181 Safari/537.36 OPR/52.0.2871.64"
185.244.36.210 - - [16/Apr/2026:03:39:14 +0000] "POST /wp-cron.php?doing_wp_cron=1776310754.0969889163970947265625 HTTP/1.1" 200 0 "-" "WordPress/6.9.4; https://aceph.pk"
109.123.255.195 - - [16/Apr/2026:03:50:34 +0000] "GET /wp-login.php HTTP/2" 200 1743 "-" "Mozilla/5.0 (Macintosh; Intel Mac OS X 10_12_6) AppleWebKit/604.4.7 (KHTML, like Gecko) Version/11.0.2 Safari/604.4.7"
109.123.255.195 - - [16/Apr/2026:03:50:35 +0000] "POST /wp-login.php HTTP/2" 200 1872 "https://aceph.pk/wp-login.php" "Mozilla/5.0 (Macintosh; Intel Mac OS X 10_12_6) AppleWebKit/604.4.7 (KHTML, like Gecko) Version/11.0.2 Safari/604.4.7"
185.244.36.210 - - [16/Apr/2026:03:53:03 +0000] "POST /wp-cron.php?doing_wp_cron=1776311583.0953330993652343750000 HTTP/1.1" 200 0 "-" "WordPress/6.9.4; https://aceph.pk"
35.78.103.230 - - [16/Apr/2026:03:53:02 +0000] "POST /wp-login.php HTTP/1.1" 200 5695 "-" "Mozilla/5.0"
185.244.36.210 - - [16/Apr/2026:04:02:54 +0000] "POST /wp-cron.php?doing_wp_cron=1776312174.6176168918609619140625 HTTP/1.1" 200 0 "-" "WordPress/6.9.4; https://aceph.pk"
185.244.36.210 - - [16/Apr/2026:04:07:56 +0000] "POST /wp-cron.php?doing_wp_cron=1776312476.3690550327301025390625 HTTP/1.1" 200 0 "-" "WordPress/6.9.4; https://aceph.pk"
185.244.36.210 - - [16/Apr/2026:04:17:09 +0000] "POST /wp-cron.php?doing_wp_cron=1776313029.3811509609222412109375 HTTP/1.1" 200 0 "-" "WordPress/6.9.4; https://aceph.pk"
185.244.36.210 - - [16/Apr/2026:04:32:36 +0000] "POST /wp-cron.php?doing_wp_cron=1776313956.0909531116485595703125 HTTP/1.1" 200 0 "-" "WordPress/6.9.4; https://aceph.pk"
185.244.36.210 - - [16/Apr/2026:04:35:52 +0000] "POST /wp-cron.php?doing_wp_cron=1776314152.4147830009460449218750 HTTP/1.1" 200 0 "-" "WordPress/6.9.4; https://aceph.pk"
185.244.36.210 - - [16/Apr/2026:04:41:27 +0000] "POST /wp-cron.php?doing_wp_cron=1776314487.5752749443054199218750 HTTP/1.1" 200 0 "-" "WordPress/6.9.4; https://aceph.pk"
35.78.103.230 - - [16/Apr/2026:04:41:24 +0000] "POST /wp-login.php HTTP/1.1" 200 5695 "-" "Mozilla/5.0"
185.244.36.210 - - [16/Apr/2026:05:06:15 +0000] "POST /wp-cron.php?doing_wp_cron=1776315975.6604149341583251953125 HTTP/1.1" 200 0 "-" "WordPress/6.9.4; https://aceph.pk"
8.229.236.73 - - [16/Apr/2026:05:06:14 +0000] "GET /.env.local HTTP/1.1" 404 19859 "-" "Mozilla/5.0 (Windows NT 10.0; Win64; x64) AppleWebKit/537.36"
8.229.236.73 - - [16/Apr/2026:05:06:16 +0000] "GET /.env.production HTTP/1.1" 404 19859 "-" "Mozilla/5.0 (Windows NT 10.0; Win64; x64) AppleWebKit/537.36"
8.229.236.73 - - [16/Apr/2026:05:06:24 +0000] "GET /.env.development HTTP/1.1" 404 19859 "-" "Mozilla/5.0 (Windows NT 10.0; Win64; x64) AppleWebKit/537.36"
8.229.236.73 - - [16/Apr/2026:05:06:26 +0000] "GET /.env.staging HTTP/1.1" 404 19586 "-" "Mozilla/5.0 (Windows NT 10.0; Win64; x64) AppleWebKit/537.36"
8.229.236.73 - - [16/Apr/2026:05:06:30 +0000] "GET /.env.backup HTTP/1.1" 404 19853 "-" "Mozilla/5.0 (Windows NT 10.0; Win64; x64) AppleWebKit/537.36"
8.229.236.73 - - [16/Apr/2026:05:06:32 +0000] "GET /.env.bak HTTP/1.1" 404 19853 "-" "Mozilla/5.0 (Windows NT 10.0; Win64; x64) AppleWebKit/537.36"
8.229.236.73 - - [16/Apr/2026:05:06:39 +0000] "GET /.env.old HTTP/1.1" 404 19859 "-" "Mozilla/5.0 (Windows NT 10.0; Win64; x64) AppleWebKit/537.36"
8.229.236.73 - - [16/Apr/2026:05:06:41 +0000] "GET /.env.example HTTP/1.1" 404 19859 "-" "Mozilla/5.0 (Windows NT 10.0; Win64; x64) AppleWebKit/537.36"
8.229.236.73 - - [16/Apr/2026:05:06:44 +0000] "GET /.env.save HTTP/1.1" 404 19859 "-" "Mozilla/5.0 (Windows NT 10.0; Win64; x64) AppleWebKit/537.36"
8.229.236.73 - - [16/Apr/2026:05:06:47 +0000] "GET /core/.env HTTP/1.1" 403 787 "-" "Mozilla/5.0 (Windows NT 10.0; Win64; x64) AppleWebKit/537.36"
8.229.236.73 - - [16/Apr/2026:05:06:47 +0000] "GET /api/.env HTTP/1.1" 403 787 "-" "Mozilla/5.0 (Windows NT 10.0; Win64; x64) AppleWebKit/537.36"
8.229.236.73 - - [16/Apr/2026:05:06:54 +0000] "GET /backend/.env HTTP/1.1" 403 787 "-" "Mozilla/5.0 (Windows NT 10.0; Win64; x64) AppleWebKit/537.36"
8.229.236.73 - - [16/Apr/2026:05:06:55 +0000] "GET /laravel/.env HTTP/1.1" 403 787 "-" "Mozilla/5.0 (Windows NT 10.0; Win64; x64) AppleWebKit/537.36"
8.229.236.73 - - [16/Apr/2026:05:06:55 +0000] "GET /app/.env HTTP/1.1" 403 787 "-" "Mozilla/5.0 (Windows NT 10.0; Win64; x64) AppleWebKit/537.36"
8.229.236.73 - - [16/Apr/2026:05:06:56 +0000] "GET /web/.env HTTP/1.1" 403 787 "-" "Mozilla/5.0 (Windows NT 10.0; Win64; x64) AppleWebKit/537.36"
8.229.236.73 - - [16/Apr/2026:05:06:57 +0000] "GET /src/.env HTTP/1.1" 403 787 "-" "Mozilla/5.0 (Windows NT 10.0; Win64; x64) AppleWebKit/537.36"
8.229.236.73 - - [16/Apr/2026:05:06:58 +0000] "GET /server/.env HTTP/1.1" 403 787 "-" "Mozilla/5.0 (Windows NT 10.0; Win64; x64) AppleWebKit/537.36"
8.229.236.73 - - [16/Apr/2026:05:06:58 +0000] "GET /config/.env HTTP/1.1" 403 787 "-" "Mozilla/5.0 (Windows NT 10.0; Win64; x64) AppleWebKit/537.36"
8.229.236.73 - - [16/Apr/2026:05:06:59 +0000] "GET /shared/.env HTTP/1.1" 403 787 "-" "Mozilla/5.0 (Windows NT 10.0; Win64; x64) AppleWebKit/537.36"
8.229.236.73 - - [16/Apr/2026:05:06:59 +0000] "GET /public/.env HTTP/1.1" 403 787 "-" "Mozilla/5.0 (Windows NT 10.0; Win64; x64) AppleWebKit/537.36"
8.229.236.73 - - [16/Apr/2026:05:07:00 +0000] "GET /_next/static/env.js HTTP/1.1" 404 19859 "-" "Mozilla/5.0 (Windows NT 10.0; Win64; x64) AppleWebKit/537.36"
8.229.236.73 - - [16/Apr/2026:05:07:01 +0000] "GET /.vercel/.env.production.local HTTP/1.1" 404 19859 "-" "Mozilla/5.0 (Windows NT 10.0; Win64; x64) AppleWebKit/537.36"
8.229.236.73 - - [16/Apr/2026:05:07:02 +0000] "GET /.git/config HTTP/1.1" 403 787 "-" "Mozilla/5.0 (Windows NT 10.0; Win64; x64) AppleWebKit/537.36"
8.229.236.73 - - [16/Apr/2026:05:07:08 +0000] "GET /actuator/env HTTP/1.1" 404 19859 "-" "Mozilla/5.0 (Windows NT 10.0; Win64; x64) AppleWebKit/537.36"
8.229.236.73 - - [16/Apr/2026:05:07:10 +0000] "GET /debug/default/view HTTP/1.1" 404 19853 "-" "Mozilla/5.0 (Windows NT 10.0; Win64; x64) AppleWebKit/537.36"
185.244.36.210 - - [16/Apr/2026:05:12:49 +0000] "POST /wp-cron.php?doing_wp_cron=1776316369.7030920982360839843750 HTTP/1.1" 200 0 "-" "WordPress/6.9.4; https://aceph.pk"
185.244.36.210 - - [16/Apr/2026:05:30:11 +0000] "POST /wp-cron.php?doing_wp_cron=1776317410.8661959171295166015625 HTTP/1.1" 200 0 "-" "WordPress/6.9.4; https://aceph.pk"
35.78.103.230 - - [16/Apr/2026:05:30:08 +0000] "POST /wp-login.php HTTP/1.1" 200 5695 "-" "Mozilla/5.0"
185.244.36.210 - - [16/Apr/2026:05:38:21 +0000] "POST /wp-cron.php?doing_wp_cron=1776317901.6575200557708740234375 HTTP/1.1" 200 0 "-" "WordPress/6.9.4; https://aceph.pk"
69.49.112.74 - - [16/Apr/2026:05:40:23 +0000] "GET /wp-login.php HTTP/2" 200 1743 "-" "Mozilla/5.0 (Windows NT 6.3; WOW64; Trident/7.0; rv:11.0; i-Macros-Web-Automation) like Gecko"
69.49.112.74 - - [16/Apr/2026:05:40:25 +0000] "POST /wp-login.php HTTP/2" 200 1868 "https://aceph.pk/wp-login.php" "Mozilla/5.0 (Windows NT 6.3; WOW64; Trident/7.0; rv:11.0; i-Macros-Web-Automation) like Gecko"
192.185.2.84 - - [16/Apr/2026:05:44:59 +0000] "GET /wp-login.php HTTP/2" 200 1743 "-" "Mozilla/5.0 (Windows NT 6.1; WOW64; Trident/7.0; ASJB; ASJB; MAAU; rv:11.0) like Gecko"
192.185.2.84 - - [16/Apr/2026:05:45:02 +0000] "POST /wp-login.php HTTP/2" 200 1872 "https://aceph.pk/wp-login.php" "Mozilla/5.0 (Windows NT 6.1; WOW64; Trident/7.0; ASJB; ASJB; MAAU; rv:11.0) like Gecko"
185.244.36.210 - - [16/Apr/2026:05:52:30 +0000] "POST /wp-cron.php?doing_wp_cron=1776318749.9680750370025634765625 HTTP/1.1" 200 0 "-" "WordPress/6.9.4; https://aceph.pk"
185.244.36.210 - - [16/Apr/2026:05:54:44 +0000] "POST /wp-cron.php?doing_wp_cron=1776318884.3768548965454101562500 HTTP/1.1" 200 0 "-" "WordPress/6.9.4; https://aceph.pk"
185.244.36.210 - - [16/Apr/2026:05:59:34 +0000] "POST /wp-cron.php?doing_wp_cron=1776319174.7767250537872314453125 HTTP/1.1" 200 0 "-" "WordPress/6.9.4; https://aceph.pk"
117.33.163.216 - - [16/Apr/2026:06:00:36 +0000] "GET / HTTP/1.1" 200 40187 "http://aceph.pk" "Mozilla/5.0 (iPhone; CPU iPhone OS 13_2_3 like Mac OS X) AppleWebKit/605.1.15 (KHTML, like Gecko) Version/13.0.3 Mobile/15E148 Safari/604.1"
