34.72.111.115 - - [17/Apr/2026:10:25:31 +0000] "POST //xmlrpc.php HTTP/1.1" 200 403 "-" "Mozilla/5.0 (Windows NT 10.0; Win64; x64) AppleWebKit/537.36 (KHTML, like Gecko) Chrome/78.0.3904.108 Safari/537.36"
185.244.36.210 - - [17/Apr/2026:10:26:01 +0000] "POST /wp-cron.php?doing_wp_cron=1776421561.6815550327301025390625 HTTP/1.1" 200 0 "-" "WordPress/6.9.4; https://aceph.pk"
34.72.111.115 - - [17/Apr/2026:10:25:46 +0000] "POST //xmlrpc.php HTTP/1.1" 200 401 "-" "Mozilla/5.0 (Windows NT 10.0; Win64; x64) AppleWebKit/537.36 (KHTML, like Gecko) Chrome/78.0.3904.108 Safari/537.36"
34.72.111.115 - - [17/Apr/2026:10:26:01 +0000] "POST //xmlrpc.php HTTP/1.1" 200 401 "-" "Mozilla/5.0 (Windows NT 10.0; Win64; x64) AppleWebKit/537.36 (KHTML, like Gecko) Chrome/78.0.3904.108 Safari/537.36"
34.72.111.115 - - [17/Apr/2026:10:26:16 +0000] "POST //xmlrpc.php HTTP/1.1" 200 401 "-" "Mozilla/5.0 (Windows NT 10.0; Win64; x64) AppleWebKit/537.36 (KHTML, like Gecko) Chrome/78.0.3904.108 Safari/537.36"
34.72.111.115 - - [17/Apr/2026:10:26:31 +0000] "POST //xmlrpc.php HTTP/1.1" 200 401 "-" "Mozilla/5.0 (Windows NT 10.0; Win64; x64) AppleWebKit/537.36 (KHTML, like Gecko) Chrome/78.0.3904.108 Safari/537.36"
185.244.36.210 - - [17/Apr/2026:10:27:01 +0000] "POST /wp-cron.php?doing_wp_cron=1776421621.4943320751190185546875 HTTP/1.1" 200 0 "-" "WordPress/6.9.4; https://aceph.pk"
34.72.111.115 - - [17/Apr/2026:10:26:46 +0000] "POST //xmlrpc.php HTTP/1.1" 200 401 "-" "Mozilla/5.0 (Windows NT 10.0; Win64; x64) AppleWebKit/537.36 (KHTML, like Gecko) Chrome/78.0.3904.108 Safari/537.36"
34.72.111.115 - - [17/Apr/2026:10:27:01 +0000] "POST //xmlrpc.php HTTP/1.1" 200 401 "-" "Mozilla/5.0 (Windows NT 10.0; Win64; x64) AppleWebKit/537.36 (KHTML, like Gecko) Chrome/78.0.3904.108 Safari/537.36"
170.64.221.162 - - [17/Apr/2026:10:27:22 +0000] "POST /wp-login.php HTTP/1.1" 200 5695 "-" "Mozilla/5.0"
170.64.221.162 - - [17/Apr/2026:10:27:22 +0000] "POST /wp-login.php HTTP/1.1" 200 5713 "-" "Mozilla/5.0"
170.64.221.162 - - [17/Apr/2026:10:27:22 +0000] "POST /wp-login.php HTTP/1.1" 200 5697 "-" "Mozilla/5.0"
34.72.111.115 - - [17/Apr/2026:10:27:16 +0000] "POST //xmlrpc.php HTTP/1.1" 200 401 "-" "Mozilla/5.0 (Windows NT 10.0; Win64; x64) AppleWebKit/537.36 (KHTML, like Gecko) Chrome/78.0.3904.108 Safari/537.36"
34.72.111.115 - - [17/Apr/2026:10:27:31 +0000] "POST //xmlrpc.php HTTP/1.1" 200 401 "-" "Mozilla/5.0 (Windows NT 10.0; Win64; x64) AppleWebKit/537.36 (KHTML, like Gecko) Chrome/78.0.3904.108 Safari/537.36"
185.244.36.210 - - [17/Apr/2026:10:28:01 +0000] "POST /wp-cron.php?doing_wp_cron=1776421681.4727709293365478515625 HTTP/1.1" 200 0 "-" "WordPress/6.9.4; https://aceph.pk"
34.72.111.115 - - [17/Apr/2026:10:27:47 +0000] "POST //xmlrpc.php HTTP/1.1" 200 401 "-" "Mozilla/5.0 (Windows NT 10.0; Win64; x64) AppleWebKit/537.36 (KHTML, like Gecko) Chrome/78.0.3904.108 Safari/537.36"
34.72.111.115 - - [17/Apr/2026:10:28:01 +0000] "POST //xmlrpc.php HTTP/1.1" 200 401 "-" "Mozilla/5.0 (Windows NT 10.0; Win64; x64) AppleWebKit/537.36 (KHTML, like Gecko) Chrome/78.0.3904.108 Safari/537.36"
34.72.111.115 - - [17/Apr/2026:10:28:16 +0000] "POST //xmlrpc.php HTTP/1.1" 200 401 "-" "Mozilla/5.0 (Windows NT 10.0; Win64; x64) AppleWebKit/537.36 (KHTML, like Gecko) Chrome/78.0.3904.108 Safari/537.36"
34.72.111.115 - - [17/Apr/2026:10:28:32 +0000] "POST //xmlrpc.php HTTP/1.1" 200 401 "-" "Mozilla/5.0 (Windows NT 10.0; Win64; x64) AppleWebKit/537.36 (KHTML, like Gecko) Chrome/78.0.3904.108 Safari/537.36"
185.244.36.210 - - [17/Apr/2026:10:29:01 +0000] "POST /wp-cron.php?doing_wp_cron=1776421741.4667780399322509765625 HTTP/1.1" 200 0 "-" "WordPress/6.9.4; https://aceph.pk"
34.72.111.115 - - [17/Apr/2026:10:28:46 +0000] "POST //xmlrpc.php HTTP/1.1" 200 401 "-" "Mozilla/5.0 (Windows NT 10.0; Win64; x64) AppleWebKit/537.36 (KHTML, like Gecko) Chrome/78.0.3904.108 Safari/537.36"
34.72.111.115 - - [17/Apr/2026:10:29:01 +0000] "POST //xmlrpc.php HTTP/1.1" 200 401 "-" "Mozilla/5.0 (Windows NT 10.0; Win64; x64) AppleWebKit/537.36 (KHTML, like Gecko) Chrome/78.0.3904.108 Safari/537.36"
34.72.111.115 - - [17/Apr/2026:10:29:16 +0000] "POST //xmlrpc.php HTTP/1.1" 200 401 "-" "Mozilla/5.0 (Windows NT 10.0; Win64; x64) AppleWebKit/537.36 (KHTML, like Gecko) Chrome/78.0.3904.108 Safari/537.36"
34.72.111.115 - - [17/Apr/2026:10:29:31 +0000] "POST //xmlrpc.php HTTP/1.1" 200 401 "-" "Mozilla/5.0 (Windows NT 10.0; Win64; x64) AppleWebKit/537.36 (KHTML, like Gecko) Chrome/78.0.3904.108 Safari/537.36"
185.244.36.210 - - [17/Apr/2026:10:30:02 +0000] "POST /wp-cron.php?doing_wp_cron=1776421802.2546169757843017578125 HTTP/1.1" 200 0 "-" "WordPress/6.9.4; https://aceph.pk"
34.72.111.115 - - [17/Apr/2026:10:29:47 +0000] "POST //xmlrpc.php HTTP/1.1" 200 401 "-" "Mozilla/5.0 (Windows NT 10.0; Win64; x64) AppleWebKit/537.36 (KHTML, like Gecko) Chrome/78.0.3904.108 Safari/537.36"
34.72.111.115 - - [17/Apr/2026:10:30:02 +0000] "POST //xmlrpc.php HTTP/1.1" 200 401 "-" "Mozilla/5.0 (Windows NT 10.0; Win64; x64) AppleWebKit/537.36 (KHTML, like Gecko) Chrome/78.0.3904.108 Safari/537.36"
34.72.111.115 - - [17/Apr/2026:10:30:17 +0000] "POST //xmlrpc.php HTTP/1.1" 200 401 "-" "Mozilla/5.0 (Windows NT 10.0; Win64; x64) AppleWebKit/537.36 (KHTML, like Gecko) Chrome/78.0.3904.108 Safari/537.36"
34.72.111.115 - - [17/Apr/2026:10:30:31 +0000] "POST //xmlrpc.php HTTP/1.1" 200 401 "-" "Mozilla/5.0 (Windows NT 10.0; Win64; x64) AppleWebKit/537.36 (KHTML, like Gecko) Chrome/78.0.3904.108 Safari/537.36"
217.154.37.58 - - [17/Apr/2026:10:30:52 +0000] "GET /wp-login.php HTTP/2" 200 1743 "-" "Mozilla/5.0 (Windows NT 10.0; WOW64; Trident/7.0; LCJB; rv:11.0) like Gecko"
217.154.37.58 - - [17/Apr/2026:10:30:52 +0000] "POST /wp-login.php HTTP/2" 200 1868 "https://aceph.pk/wp-login.php" "Mozilla/5.0 (Windows NT 10.0; WOW64; Trident/7.0; LCJB; rv:11.0) like Gecko"
34.72.111.115 - - [17/Apr/2026:10:30:47 +0000] "POST //xmlrpc.php HTTP/1.1" 200 401 "-" "Mozilla/5.0 (Windows NT 10.0; Win64; x64) AppleWebKit/537.36 (KHTML, like Gecko) Chrome/78.0.3904.108 Safari/537.36"
34.72.111.115 - - [17/Apr/2026:10:31:01 +0000] "POST //xmlrpc.php HTTP/1.1" 200 401 "-" "Mozilla/5.0 (Windows NT 10.0; Win64; x64) AppleWebKit/537.36 (KHTML, like Gecko) Chrome/78.0.3904.108 Safari/537.36"
158.220.106.233 - - [17/Apr/2026:10:31:19 +0000] "POST /xmlrpc.php HTTP/2" 200 205 "-" "Mozilla/4.0 (compatible; MSIE 7.0; Windows NT 6.1; WOW64; Trident/7.0; SLCC2; .NET CLR 2.0.50727; .NET CLR 3.5.30729; .NET CLR 3.0.30729; Media Center PC 6.0; .NET4.0C; .NET4.0E)"
34.72.111.115 - - [17/Apr/2026:10:31:16 +0000] "POST //xmlrpc.php HTTP/1.1" 200 401 "-" "Mozilla/5.0 (Windows NT 10.0; Win64; x64) AppleWebKit/537.36 (KHTML, like Gecko) Chrome/78.0.3904.108 Safari/537.36"
34.72.111.115 - - [17/Apr/2026:10:31:31 +0000] "POST //xmlrpc.php HTTP/1.1" 200 401 "-" "Mozilla/5.0 (Windows NT 10.0; Win64; x64) AppleWebKit/537.36 (KHTML, like Gecko) Chrome/78.0.3904.108 Safari/537.36"
34.72.111.115 - - [17/Apr/2026:10:31:46 +0000] "POST //xmlrpc.php HTTP/1.1" 200 401 "-" "Mozilla/5.0 (Windows NT 10.0; Win64; x64) AppleWebKit/537.36 (KHTML, like Gecko) Chrome/78.0.3904.108 Safari/537.36"
34.72.111.115 - - [17/Apr/2026:10:32:01 +0000] "POST //xmlrpc.php HTTP/1.1" 200 401 "-" "Mozilla/5.0 (Windows NT 10.0; Win64; x64) AppleWebKit/537.36 (KHTML, like Gecko) Chrome/78.0.3904.108 Safari/537.36"
34.72.111.115 - - [17/Apr/2026:10:32:16 +0000] "POST //xmlrpc.php HTTP/1.1" 200 401 "-" "Mozilla/5.0 (Windows NT 10.0; Win64; x64) AppleWebKit/537.36 (KHTML, like Gecko) Chrome/78.0.3904.108 Safari/537.36"
34.72.111.115 - - [17/Apr/2026:10:32:31 +0000] "POST //xmlrpc.php HTTP/1.1" 200 401 "-" "Mozilla/5.0 (Windows NT 10.0; Win64; x64) AppleWebKit/537.36 (KHTML, like Gecko) Chrome/78.0.3904.108 Safari/537.36"
34.72.111.115 - - [17/Apr/2026:10:32:47 +0000] "POST //xmlrpc.php HTTP/1.1" 200 401 "-" "Mozilla/5.0 (Windows NT 10.0; Win64; x64) AppleWebKit/537.36 (KHTML, like Gecko) Chrome/78.0.3904.108 Safari/537.36"
34.72.111.115 - - [17/Apr/2026:10:33:01 +0000] "POST //xmlrpc.php HTTP/1.1" 200 401 "-" "Mozilla/5.0 (Windows NT 10.0; Win64; x64) AppleWebKit/537.36 (KHTML, like Gecko) Chrome/78.0.3904.108 Safari/537.36"
34.72.111.115 - - [17/Apr/2026:10:33:16 +0000] "POST //xmlrpc.php HTTP/1.1" 200 401 "-" "Mozilla/5.0 (Windows NT 10.0; Win64; x64) AppleWebKit/537.36 (KHTML, like Gecko) Chrome/78.0.3904.108 Safari/537.36"
34.72.111.115 - - [17/Apr/2026:10:33:31 +0000] "POST //xmlrpc.php HTTP/1.1" 200 401 "-" "Mozilla/5.0 (Windows NT 10.0; Win64; x64) AppleWebKit/537.36 (KHTML, like Gecko) Chrome/78.0.3904.108 Safari/537.36"
185.244.36.210 - - [17/Apr/2026:10:34:01 +0000] "POST /wp-cron.php?doing_wp_cron=1776422041.6391429901123046875000 HTTP/1.1" 200 0 "-" "WordPress/6.9.4; https://aceph.pk"
34.72.111.115 - - [17/Apr/2026:10:33:46 +0000] "POST //xmlrpc.php HTTP/1.1" 200 401 "-" "Mozilla/5.0 (Windows NT 10.0; Win64; x64) AppleWebKit/537.36 (KHTML, like Gecko) Chrome/78.0.3904.108 Safari/537.36"
137.184.164.237 - - [17/Apr/2026:10:34:11 +0000] "POST /wp-login.php HTTP/1.1" 200 5695 "-" "Mozilla/5.0"
137.184.164.237 - - [17/Apr/2026:10:34:11 +0000] "POST /wp-login.php HTTP/1.1" 200 5697 "-" "Mozilla/5.0"
34.72.111.115 - - [17/Apr/2026:10:34:01 +0000] "POST //xmlrpc.php HTTP/1.1" 200 401 "-" "Mozilla/5.0 (Windows NT 10.0; Win64; x64) AppleWebKit/537.36 (KHTML, like Gecko) Chrome/78.0.3904.108 Safari/537.36"
34.72.111.115 - - [17/Apr/2026:10:34:16 +0000] "POST //xmlrpc.php HTTP/1.1" 200 401 "-" "Mozilla/5.0 (Windows NT 10.0; Win64; x64) AppleWebKit/537.36 (KHTML, like Gecko) Chrome/78.0.3904.108 Safari/537.36"
34.72.111.115 - - [17/Apr/2026:10:34:31 +0000] "POST //xmlrpc.php HTTP/1.1" 200 401 "-" "Mozilla/5.0 (Windows NT 10.0; Win64; x64) AppleWebKit/537.36 (KHTML, like Gecko) Chrome/78.0.3904.108 Safari/537.36"
185.244.36.210 - - [17/Apr/2026:10:35:01 +0000] "POST /wp-cron.php?doing_wp_cron=1776422101.7094359397888183593750 HTTP/1.1" 200 0 "-" "WordPress/6.9.4; https://aceph.pk"
34.72.111.115 - - [17/Apr/2026:10:34:46 +0000] "POST //xmlrpc.php HTTP/1.1" 200 401 "-" "Mozilla/5.0 (Windows NT 10.0; Win64; x64) AppleWebKit/537.36 (KHTML, like Gecko) Chrome/78.0.3904.108 Safari/537.36"
34.72.111.115 - - [17/Apr/2026:10:35:01 +0000] "POST //xmlrpc.php HTTP/1.1" 200 401 "-" "Mozilla/5.0 (Windows NT 10.0; Win64; x64) AppleWebKit/537.36 (KHTML, like Gecko) Chrome/78.0.3904.108 Safari/537.36"
139.180.143.81 - - [17/Apr/2026:10:35:25 +0000] "GET /wp-login.php HTTP/2" 200 1743 "-" "Mozilla/4.0 (compatible; MSIE 7.0; Windows NT 6.2; Win64; x64; Trident/7.0; .NET4.0C; .NET4.0E; .NET CLR 2.0.50727; .NET CLR 3.0.30729; .NET CLR 3.5.30729)"
139.180.143.81 - - [17/Apr/2026:10:35:26 +0000] "POST /wp-login.php HTTP/2" 200 1868 "https://aceph.pk/wp-login.php" "Mozilla/4.0 (compatible; MSIE 7.0; Windows NT 6.2; Win64; x64; Trident/7.0; .NET4.0C; .NET4.0E; .NET CLR 2.0.50727; .NET CLR 3.0.30729; .NET CLR 3.5.30729)"
34.72.111.115 - - [17/Apr/2026:10:35:16 +0000] "POST //xmlrpc.php HTTP/1.1" 200 401 "-" "Mozilla/5.0 (Windows NT 10.0; Win64; x64) AppleWebKit/537.36 (KHTML, like Gecko) Chrome/78.0.3904.108 Safari/537.36"
34.72.111.115 - - [17/Apr/2026:10:35:31 +0000] "POST //xmlrpc.php HTTP/1.1" 200 401 "-" "Mozilla/5.0 (Windows NT 10.0; Win64; x64) AppleWebKit/537.36 (KHTML, like Gecko) Chrome/78.0.3904.108 Safari/537.36"
185.244.36.210 - - [17/Apr/2026:10:36:02 +0000] "POST /wp-cron.php?doing_wp_cron=1776422162.0257940292358398437500 HTTP/1.1" 200 0 "-" "WordPress/6.9.4; https://aceph.pk"
34.72.111.115 - - [17/Apr/2026:10:35:47 +0000] "POST //xmlrpc.php HTTP/1.1" 200 401 "-" "Mozilla/5.0 (Windows NT 10.0; Win64; x64) AppleWebKit/537.36 (KHTML, like Gecko) Chrome/78.0.3904.108 Safari/537.36"
34.72.111.115 - - [17/Apr/2026:10:36:02 +0000] "POST //xmlrpc.php HTTP/1.1" 200 401 "-" "Mozilla/5.0 (Windows NT 10.0; Win64; x64) AppleWebKit/537.36 (KHTML, like Gecko) Chrome/78.0.3904.108 Safari/537.36"
34.72.111.115 - - [17/Apr/2026:10:36:16 +0000] "POST //xmlrpc.php HTTP/1.1" 200 401 "-" "Mozilla/5.0 (Windows NT 10.0; Win64; x64) AppleWebKit/537.36 (KHTML, like Gecko) Chrome/78.0.3904.108 Safari/537.36"
34.72.111.115 - - [17/Apr/2026:10:36:31 +0000] "POST //xmlrpc.php HTTP/1.1" 200 401 "-" "Mozilla/5.0 (Windows NT 10.0; Win64; x64) AppleWebKit/537.36 (KHTML, like Gecko) Chrome/78.0.3904.108 Safari/537.36"
34.72.111.115 - - [17/Apr/2026:10:36:46 +0000] "POST //xmlrpc.php HTTP/1.1" 200 401 "-" "Mozilla/5.0 (Windows NT 10.0; Win64; x64) AppleWebKit/537.36 (KHTML, like Gecko) Chrome/78.0.3904.108 Safari/537.36"
34.72.111.115 - - [17/Apr/2026:10:37:01 +0000] "POST //xmlrpc.php HTTP/1.1" 200 401 "-" "Mozilla/5.0 (Windows NT 10.0; Win64; x64) AppleWebKit/537.36 (KHTML, like Gecko) Chrome/78.0.3904.108 Safari/537.36"
34.72.111.115 - - [17/Apr/2026:10:37:16 +0000] "POST //xmlrpc.php HTTP/1.1" 200 401 "-" "Mozilla/5.0 (Windows NT 10.0; Win64; x64) AppleWebKit/537.36 (KHTML, like Gecko) Chrome/78.0.3904.108 Safari/537.36"
34.72.111.115 - - [17/Apr/2026:10:37:31 +0000] "POST //xmlrpc.php HTTP/1.1" 200 401 "-" "Mozilla/5.0 (Windows NT 10.0; Win64; x64) AppleWebKit/537.36 (KHTML, like Gecko) Chrome/78.0.3904.108 Safari/537.36"
34.72.111.115 - - [17/Apr/2026:10:37:46 +0000] "POST //xmlrpc.php HTTP/1.1" 200 401 "-" "Mozilla/5.0 (Windows NT 10.0; Win64; x64) AppleWebKit/537.36 (KHTML, like Gecko) Chrome/78.0.3904.108 Safari/537.36"
34.72.111.115 - - [17/Apr/2026:10:38:01 +0000] "POST //xmlrpc.php HTTP/1.1" 200 401 "-" "Mozilla/5.0 (Windows NT 10.0; Win64; x64) AppleWebKit/537.36 (KHTML, like Gecko) Chrome/78.0.3904.108 Safari/537.36"
34.72.111.115 - - [17/Apr/2026:10:38:16 +0000] "POST //xmlrpc.php HTTP/1.1" 200 401 "-" "Mozilla/5.0 (Windows NT 10.0; Win64; x64) AppleWebKit/537.36 (KHTML, like Gecko) Chrome/78.0.3904.108 Safari/537.36"
34.72.111.115 - - [17/Apr/2026:10:38:31 +0000] "POST //xmlrpc.php HTTP/1.1" 200 401 "-" "Mozilla/5.0 (Windows NT 10.0; Win64; x64) AppleWebKit/537.36 (KHTML, like Gecko) Chrome/78.0.3904.108 Safari/537.36"
34.72.111.115 - - [17/Apr/2026:10:38:46 +0000] "POST //xmlrpc.php HTTP/1.1" 200 401 "-" "Mozilla/5.0 (Windows NT 10.0; Win64; x64) AppleWebKit/537.36 (KHTML, like Gecko) Chrome/78.0.3904.108 Safari/537.36"
34.72.111.115 - - [17/Apr/2026:10:39:02 +0000] "POST //xmlrpc.php HTTP/1.1" 200 401 "-" "Mozilla/5.0 (Windows NT 10.0; Win64; x64) AppleWebKit/537.36 (KHTML, like Gecko) Chrome/78.0.3904.108 Safari/537.36"
34.72.111.115 - - [17/Apr/2026:10:39:17 +0000] "POST //xmlrpc.php HTTP/1.1" 200 401 "-" "Mozilla/5.0 (Windows NT 10.0; Win64; x64) AppleWebKit/537.36 (KHTML, like Gecko) Chrome/78.0.3904.108 Safari/537.36"
34.72.111.115 - - [17/Apr/2026:10:39:31 +0000] "POST //xmlrpc.php HTTP/1.1" 200 401 "-" "Mozilla/5.0 (Windows NT 10.0; Win64; x64) AppleWebKit/537.36 (KHTML, like Gecko) Chrome/78.0.3904.108 Safari/537.36"
185.244.36.210 - - [17/Apr/2026:10:40:01 +0000] "POST /wp-cron.php?doing_wp_cron=1776422401.6829550266265869140625 HTTP/1.1" 200 0 "-" "WordPress/6.9.4; https://aceph.pk"
34.72.111.115 - - [17/Apr/2026:10:39:46 +0000] "POST //xmlrpc.php HTTP/1.1" 200 401 "-" "Mozilla/5.0 (Windows NT 10.0; Win64; x64) AppleWebKit/537.36 (KHTML, like Gecko) Chrome/78.0.3904.108 Safari/537.36"
34.72.111.115 - - [17/Apr/2026:10:40:01 +0000] "POST //xmlrpc.php HTTP/1.1" 200 401 "-" "Mozilla/5.0 (Windows NT 10.0; Win64; x64) AppleWebKit/537.36 (KHTML, like Gecko) Chrome/78.0.3904.108 Safari/537.36"
34.72.111.115 - - [17/Apr/2026:10:40:16 +0000] "POST //xmlrpc.php HTTP/1.1" 200 401 "-" "Mozilla/5.0 (Windows NT 10.0; Win64; x64) AppleWebKit/537.36 (KHTML, like Gecko) Chrome/78.0.3904.108 Safari/537.36"
34.72.111.115 - - [17/Apr/2026:10:40:31 +0000] "POST //xmlrpc.php HTTP/1.1" 200 401 "-" "Mozilla/5.0 (Windows NT 10.0; Win64; x64) AppleWebKit/537.36 (KHTML, like Gecko) Chrome/78.0.3904.108 Safari/537.36"
185.244.36.210 - - [17/Apr/2026:10:44:18 +0000] "POST /wp-cron.php?doing_wp_cron=1776422657.9609899520874023437500 HTTP/1.1" 200 0 "-" "WordPress/6.9.4; https://aceph.pk"
149.202.173.97 - - [17/Apr/2026:10:44:25 +0000] "GET /wp-login.php HTTP/2" 200 1743 "-" "Mozilla/4.0 (compatible; MSIE 7.0; Windows NT 6.1; Trident/7.0; SLCC2; .NET CLR 2.0.50727; .NET CLR 3.5.30729; .NET CLR 3.0.30729; Media Center PC 6.0; .NET4.0C; .NET4.0E; Tablet PC 2.0; Alexa Toolbar)"
149.202.173.97 - - [17/Apr/2026:10:44:27 +0000] "POST /wp-login.php HTTP/2" 200 1868 "https://aceph.pk/wp-login.php" "Mozilla/4.0 (compatible; MSIE 7.0; Windows NT 6.1; Trident/7.0; SLCC2; .NET CLR 2.0.50727; .NET CLR 3.5.30729; .NET CLR 3.0.30729; Media Center PC 6.0; .NET4.0C; .NET4.0E; Tablet PC 2.0; Alexa Toolbar)"
185.244.36.210 - - [17/Apr/2026:10:21:01 +0000] "POST /wp-cron.php?doing_wp_cron=1776421261.4458150863647460937500 HTTP/1.1" 200 0 "-" "WordPress/6.9.4; https://aceph.pk"
185.244.36.210 - - [17/Apr/2026:10:22:01 +0000] "POST /wp-cron.php?doing_wp_cron=1776421321.9184610843658447265625 HTTP/1.1" 200 0 "-" "WordPress/6.9.4; https://aceph.pk"
65.2.7.160 - - [17/Apr/2026:10:22:08 +0000] "GET /wp-login.php HTTP/2" 200 1743 "-" "Mozilla/5.0 (Macintosh; Intel Mac OS X 10_13_6) AppleWebKit/605.1.15 (KHTML, like Gecko) Version/11.1.2 Safari/605.1.15"
65.2.7.160 - - [17/Apr/2026:10:22:10 +0000] "POST /wp-login.php HTTP/2" 200 1868 "https://aceph.pk/wp-login.php" "Mozilla/5.0 (Macintosh; Intel Mac OS X 10_13_6) AppleWebKit/605.1.15 (KHTML, like Gecko) Version/11.1.2 Safari/605.1.15"
92.205.20.61 - - [17/Apr/2026:10:23:13 +0000] "POST /xmlrpc.php HTTP/2" 200 205 "-" "Mozilla/5.0 (Windows NT 10.0; WOW64; Trident/7.0; ASJB; rv:11.0) like Gecko"
185.244.36.210 - - [17/Apr/2026:10:25:01 +0000] "POST /wp-cron.php?doing_wp_cron=1776421501.8380908966064453125000 HTTP/1.1" 200 0 "-" "WordPress/6.9.4; https://aceph.pk"
185.244.36.210 - - [17/Apr/2026:10:31:01 +0000] "POST /wp-cron.php?doing_wp_cron=1776421861.6307609081268310546875 HTTP/1.1" 200 0 "-" "WordPress/6.9.4; https://aceph.pk"
185.244.36.210 - - [17/Apr/2026:10:32:01 +0000] "POST /wp-cron.php?doing_wp_cron=1776421921.5489349365234375000000 HTTP/1.1" 200 0 "-" "WordPress/6.9.4; https://aceph.pk"
185.244.36.210 - - [17/Apr/2026:10:33:01 +0000] "POST /wp-cron.php?doing_wp_cron=1776421981.5359849929809570312500 HTTP/1.1" 200 0 "-" "WordPress/6.9.4; https://aceph.pk"
137.184.164.237 - - [17/Apr/2026:10:34:11 +0000] "POST /wp-login.php HTTP/1.1" 200 5713 "-" "Mozilla/5.0"
139.84.172.227 - - [17/Apr/2026:10:35:25 +0000] "POST /xmlrpc.php HTTP/2" 200 205 "-" "Mozilla/5.0 (Windows NT 6.3; WOW64; Trident/7.0; Touch; MALCJS; rv:11.0) like Gecko"
185.244.36.210 - - [17/Apr/2026:10:37:01 +0000] "POST /wp-cron.php?doing_wp_cron=1776422221.4315040111541748046875 HTTP/1.1" 200 0 "-" "WordPress/6.9.4; https://aceph.pk"
13.114.51.134 - - [17/Apr/2026:10:37:38 +0000] "POST /wp-login.php HTTP/1.1" 200 2096 "-" "Mozilla/5.0 (Windows NT 10.0; Win64; rv:143.0) Gecko/20100101 Firefox/143.0"
185.244.36.210 - - [17/Apr/2026:10:38:01 +0000] "POST /wp-cron.php?doing_wp_cron=1776422281.8064780235290527343750 HTTP/1.1" 200 0 "-" "WordPress/6.9.4; https://aceph.pk"
170.64.221.162 - - [17/Apr/2026:10:38:18 +0000] "POST /wp-login.php HTTP/1.1" 200 5697 "-" "Mozilla/5.0"
170.64.221.162 - - [17/Apr/2026:10:38:18 +0000] "POST /wp-login.php HTTP/1.1" 200 5713 "-" "Mozilla/5.0"
170.64.221.162 - - [17/Apr/2026:10:38:18 +0000] "POST /wp-login.php HTTP/1.1" 200 5695 "-" "Mozilla/5.0"
185.244.36.210 - - [17/Apr/2026:10:39:02 +0000] "POST /wp-cron.php?doing_wp_cron=1776422342.0140719413757324218750 HTTP/1.1" 200 0 "-" "WordPress/6.9.4; https://aceph.pk"
41.141.128.82 - - [17/Apr/2026:10:44:16 +0000] "POST /xmlrpc.php HTTP/2" 200 205 "-" "Mozilla/5.0 (Windows NT 6.3; WOW64; Trident/7.0; MALCJS; rv:11.0) like Gecko"
137.184.164.237 - - [17/Apr/2026:10:48:20 +0000] "POST /wp-login.php HTTP/1.1" 200 5695 "-" "Mozilla/5.0"
185.244.36.210 - - [17/Apr/2026:10:48:22 +0000] "POST /wp-cron.php?doing_wp_cron=1776422902.9111928939819335937500 HTTP/1.1" 200 0 "-" "WordPress/6.9.4; https://aceph.pk"
137.184.164.237 - - [17/Apr/2026:10:48:20 +0000] "POST /wp-login.php HTTP/1.1" 200 5713 "-" "Mozilla/5.0"
137.184.164.237 - - [17/Apr/2026:10:48:20 +0000] "POST /wp-login.php HTTP/1.1" 200 5697 "-" "Mozilla/5.0"
185.244.36.210 - - [17/Apr/2026:10:49:10 +0000] "POST /wp-cron.php?doing_wp_cron=1776422950.5124399662017822265625 HTTP/1.1" 200 0 "-" "WordPress/6.9.4; https://aceph.pk"
170.64.221.162 - - [17/Apr/2026:10:49:21 +0000] "POST /wp-login.php HTTP/1.1" 200 5713 "-" "Mozilla/5.0"
170.64.221.162 - - [17/Apr/2026:10:49:21 +0000] "POST /wp-login.php HTTP/1.1" 200 5697 "-" "Mozilla/5.0"
170.64.221.162 - - [17/Apr/2026:11:00:26 +0000] "POST /wp-login.php HTTP/1.1" 200 5713 "-" "Mozilla/5.0"
13.114.51.134 - - [17/Apr/2026:11:00:28 +0000] "POST /wp-login.php HTTP/1.1" 200 2096 "-" "Mozilla/5.0 (Windows NT 10.0; Win64; x64) AppleWebKit/537.36 Chrome/129.0.0.0 Safari/537.36"
185.244.36.210 - - [17/Apr/2026:11:01:28 +0000] "POST /wp-cron.php?doing_wp_cron=1776423688.5899059772491455078125 HTTP/1.1" 200 0 "-" "WordPress/6.9.4; https://aceph.pk"
137.184.164.237 - - [17/Apr/2026:11:02:40 +0000] "POST /wp-login.php HTTP/1.1" 200 5713 "-" "Mozilla/5.0"
137.184.164.237 - - [17/Apr/2026:11:02:40 +0000] "POST /wp-login.php HTTP/1.1" 200 5695 "-" "Mozilla/5.0"
211.23.42.84 - - [17/Apr/2026:11:07:08 +0000] "GET /wp-login.php HTTP/2" 200 1743 "-" "Mozilla/5.0 (Windows NT 6.1; WOW64; Trident/7.0; MATP; MATP; MATPJS; rv:11.0) like Gecko"
211.23.42.84 - - [17/Apr/2026:11:07:12 +0000] "POST /wp-login.php HTTP/2" 200 1868 "https://aceph.pk/wp-login.php" "Mozilla/5.0 (Windows NT 6.1; WOW64; Trident/7.0; MATP; MATP; MATPJS; rv:11.0) like Gecko"
185.244.36.210 - - [17/Apr/2026:11:09:47 +0000] "POST /wp-cron.php?doing_wp_cron=1776424187.1923370361328125000000 HTTP/1.1" 200 0 "-" "WordPress/6.9.4; https://aceph.pk"
170.64.221.162 - - [17/Apr/2026:11:11:38 +0000] "POST /wp-login.php HTTP/1.1" 200 5697 "-" "Mozilla/5.0"
185.244.36.210 - - [17/Apr/2026:11:11:40 +0000] "POST /wp-cron.php?doing_wp_cron=1776424299.9895188808441162109375 HTTP/1.1" 200 0 "-" "WordPress/6.9.4; https://aceph.pk"
185.244.36.210 - - [17/Apr/2026:11:16:03 +0000] "POST /wp-cron.php?doing_wp_cron=1776424563.4838650226593017578125 HTTP/1.1" 200 0 "-" "WordPress/6.9.4; https://aceph.pk"
66.249.69.65 - - [17/Apr/2026:11:16:03 +0000] "GET /page-sitemap.xml HTTP/1.1" 200 441 "-" "Mozilla/5.0 (compatible; Googlebot/2.1; +http://www.google.com/bot.html)"
137.184.164.237 - - [17/Apr/2026:11:17:20 +0000] "POST /wp-login.php HTTP/1.1" 200 5697 "-" "Mozilla/5.0"
185.244.36.210 - - [17/Apr/2026:11:17:23 +0000] "POST /wp-cron.php?doing_wp_cron=1776424643.1062390804290771484375 HTTP/1.1" 200 0 "-" "WordPress/6.9.4; https://aceph.pk"
185.244.36.210 - - [17/Apr/2026:11:17:23 +0000] "POST /wp-cron.php?doing_wp_cron=1776424643.1211490631103515625000 HTTP/1.1" 200 0 "-" "WordPress/6.9.4; https://aceph.pk"
208.97.187.39 - - [17/Apr/2026:10:48:38 +0000] "POST /xmlrpc.php HTTP/2" 200 205 "-" "Mozilla/5.0 (Macintosh; Intel Mac OS X 10_9_5) AppleWebKit/537.36 (KHTML, like Gecko) Chrome/66.0.3359.181 Safari/537.36"
91.227.37.60 - - [17/Apr/2026:10:49:10 +0000] "GET /wp-login.php HTTP/2" 200 1743 "-" "Mozilla/5.0 (Macintosh; Intel Mac OS X 10_10_5) AppleWebKit/602.4.8 (KHTML, like Gecko) Version/10.0.3 Safari/602.4.8"
91.227.37.60 - - [17/Apr/2026:10:49:10 +0000] "POST /wp-login.php HTTP/2" 200 1868 "https://aceph.pk/wp-login.php" "Mozilla/5.0 (Macintosh; Intel Mac OS X 10_10_5) AppleWebKit/602.4.8 (KHTML, like Gecko) Version/10.0.3 Safari/602.4.8"
170.64.221.162 - - [17/Apr/2026:10:49:21 +0000] "POST /wp-login.php HTTP/1.1" 200 5695 "-" "Mozilla/5.0"
185.244.36.210 - - [17/Apr/2026:10:52:57 +0000] "POST /wp-cron.php?doing_wp_cron=1776423177.7624180316925048828125 HTTP/1.1" 200 0 "-" "WordPress/6.9.4; https://aceph.pk"
213.133.103.134 - - [17/Apr/2026:10:52:57 +0000] "POST /xmlrpc.php HTTP/2" 200 205 "-" "Mozilla/4.0 (compatible; MSIE 7.0; Windows NT 6.2; Win64; x64; Trident/7.0; .NET4.0E; .NET4.0C; .NET CLR 3.5.30729; .NET CLR 2.0.50727; .NET CLR 3.0.30729)"
185.244.36.210 - - [17/Apr/2026:11:00:28 +0000] "POST /wp-cron.php?doing_wp_cron=1776423628.5818428993225097656250 HTTP/1.1" 200 0 "-" "WordPress/6.9.4; https://aceph.pk"
170.64.221.162 - - [17/Apr/2026:11:00:26 +0000] "POST /wp-login.php HTTP/1.1" 200 5697 "-" "Mozilla/5.0"
170.64.221.162 - - [17/Apr/2026:11:00:26 +0000] "POST /wp-login.php HTTP/1.1" 200 5695 "-" "Mozilla/5.0"
103.230.156.120 - - [17/Apr/2026:11:01:27 +0000] "POST /xmlrpc.php HTTP/2" 200 205 "-" "Mozilla/5.0 (Macintosh; Intel Mac OS X 10.13; rv:61.0) Gecko/20100101 Firefox/61.0"
137.184.164.237 - - [17/Apr/2026:11:02:40 +0000] "POST /wp-login.php HTTP/1.1" 200 5697 "-" "Mozilla/5.0"
185.244.36.210 - - [17/Apr/2026:11:02:42 +0000] "POST /wp-cron.php?doing_wp_cron=1776423762.4905850887298583984375 HTTP/1.1" 200 0 "-" "WordPress/6.9.4; https://aceph.pk"
185.244.36.210 - - [17/Apr/2026:11:07:08 +0000] "POST /wp-cron.php?doing_wp_cron=1776424028.8797469139099121093750 HTTP/1.1" 200 0 "-" "WordPress/6.9.4; https://aceph.pk"
185.244.36.210 - - [17/Apr/2026:11:07:13 +0000] "POST /wp-cron.php?doing_wp_cron=1776424033.6920030117034912109375 HTTP/1.1" 200 0 "-" "WordPress/6.9.4; https://aceph.pk"
103.99.37.16 - - [17/Apr/2026:11:09:45 +0000] "POST /xmlrpc.php HTTP/2" 200 205 "-" "Mozilla/4.0 (compatible; MSIE 7.0; Windows NT 6.1; WOW64; Trident/7.0; SLCC2; .NET CLR 2.0.50727; .NET CLR 3.5.30729; .NET CLR 3.0.30729; Media Center PC 6.0; .NET4.0C; .NET4.0E; .NET CLR 1.1.4322)"
170.64.221.162 - - [17/Apr/2026:11:11:38 +0000] "POST /wp-login.php HTTP/1.1" 200 5695 "-" "Mozilla/5.0"
170.64.221.162 - - [17/Apr/2026:11:11:38 +0000] "POST /wp-login.php HTTP/1.1" 200 5713 "-" "Mozilla/5.0"
66.249.69.66 - - [17/Apr/2026:11:16:02 +0000] "GET /robots.txt HTTP/1.1" 200 91 "-" "Mozilla/5.0 (compatible; Googlebot/2.1; +http://www.google.com/bot.html)"
185.244.36.210 - - [17/Apr/2026:11:17:23 +0000] "POST /wp-cron.php?doing_wp_cron=1776424643.1065099239349365234375 HTTP/1.1" 200 0 "-" "WordPress/6.9.4; https://aceph.pk"
137.184.164.237 - - [17/Apr/2026:11:17:20 +0000] "POST /wp-login.php HTTP/1.1" 200 5695 "-" "Mozilla/5.0"
137.184.164.237 - - [17/Apr/2026:11:17:20 +0000] "POST /wp-login.php HTTP/1.1" 200 5713 "-" "Mozilla/5.0"
185.244.36.210 - - [17/Apr/2026:11:21:44 +0000] "POST /wp-cron.php?doing_wp_cron=1776424904.4017119407653808593750 HTTP/1.1" 200 0 "-" "WordPress/6.9.4; https://aceph.pk"
3.233.59.216 - - [17/Apr/2026:11:21:43 +0000] "GET / HTTP/1.1" 200 39654 "-" "RecordedFuture Global Inventory Crawler"
170.64.221.162 - - [17/Apr/2026:11:22:50 +0000] "POST /wp-login.php HTTP/1.1" 200 5697 "-" "Mozilla/5.0"
185.244.36.210 - - [17/Apr/2026:11:23:07 +0000] "POST /wp-cron.php?doing_wp_cron=1776424987.5865609645843505859375 HTTP/1.1" 200 0 "-" "WordPress/6.9.4; https://aceph.pk"
185.244.36.210 - - [17/Apr/2026:11:25:25 +0000] "POST /wp-cron.php?doing_wp_cron=1776425125.2344338893890380859375 HTTP/1.1" 200 0 "-" "WordPress/6.9.4; https://aceph.pk"
167.71.226.156 - - [17/Apr/2026:11:25:24 +0000] "GET /wp-login.php HTTP/2" 200 1743 "-" "Mozilla/5.0 (Windows NT 10.0; WOW64; Trident/7.0; Touch; MALNJS; rv:11.0) like Gecko"
167.71.226.156 - - [17/Apr/2026:11:25:26 +0000] "POST /wp-login.php HTTP/2" 200 1868 "https://aceph.pk/wp-login.php" "Mozilla/5.0 (Windows NT 10.0; WOW64; Trident/7.0; Touch; MALNJS; rv:11.0) like Gecko"
185.244.36.210 - - [17/Apr/2026:11:27:41 +0000] "POST /wp-cron.php?doing_wp_cron=1776425260.9844670295715332031250 HTTP/1.1" 200 0 "-" "WordPress/6.9.4; https://aceph.pk"
103.96.72.251 - - [17/Apr/2026:11:28:20 +0000] "POST / HTTP/1.1" 200 39654 "-" "Mozilla/5.0 (Windows NT 10.0; Win64; x64) AppleWebKit/537.36 (KHTML, like Gecko) Chrome/141.0.0.0 Safari/537.36"
103.96.72.251 - - [17/Apr/2026:11:28:22 +0000] "POST /index.php HTTP/1.1" 200 39654 "-" "Mozilla/5.0 (Windows NT 10.0; Win64; x64) AppleWebKit/537.36 (KHTML, like Gecko) Chrome/141.0.0.0 Safari/537.36"
103.96.72.251 - - [17/Apr/2026:11:28:22 +0000] "POST /admin HTTP/1.1" 302 0 "-" "Mozilla/5.0 (Windows NT 10.0; Win64; x64) AppleWebKit/537.36 (KHTML, like Gecko) Chrome/141.0.0.0 Safari/537.36"
103.96.72.251 - - [17/Apr/2026:11:28:23 +0000] "GET /wp-admin/ HTTP/1.1" 302 0 "https://aceph.pk:443/admin" "Mozilla/5.0 (Windows NT 10.0; Win64; x64) AppleWebKit/537.36 (KHTML, like Gecko) Chrome/141.0.0.0 Safari/537.36"
103.96.72.251 - - [17/Apr/2026:11:28:24 +0000] "GET /wp-login.php?redirect_to=https%3A%2F%2Faceph.pk%2Fwp-admin%2F&reauth=1 HTTP/1.1" 200 1965 "https://aceph.pk/wp-admin/" "Mozilla/5.0 (Windows NT 10.0; Win64; x64) AppleWebKit/537.36 (KHTML, like Gecko) Chrome/141.0.0.0 Safari/537.36"
103.96.72.251 - - [17/Apr/2026:11:28:24 +0000] "POST /api HTTP/1.1" 404 20407 "-" "Mozilla/5.0 (Windows NT 10.0; Win64; x64) AppleWebKit/537.36 (KHTML, like Gecko) Chrome/141.0.0.0 Safari/537.36"
213.133.103.134 - - [17/Apr/2026:11:31:56 +0000] "POST /xmlrpc.php HTTP/2" 200 205 "-" "Mozilla/5.0 (compatible; MSIE 10.0; Windows NT 10.0; WOW64; Trident/7.0)"
137.184.164.237 - - [17/Apr/2026:11:32:16 +0000] "POST /wp-login.php HTTP/1.1" 200 5695 "-" "Mozilla/5.0"
185.244.36.210 - - [17/Apr/2026:11:32:19 +0000] "POST /wp-cron.php?doing_wp_cron=1776425539.3935461044311523437500 HTTP/1.1" 200 0 "-" "WordPress/6.9.4; https://aceph.pk"
137.184.164.237 - - [17/Apr/2026:11:32:16 +0000] "POST /wp-login.php HTTP/1.1" 200 5713 "-" "Mozilla/5.0"
34.57.43.146 - - [17/Apr/2026:11:33:53 +0000] "GET / HTTP/2" 200 39654 "http://www.aceph.pk.millwin.org" "Mozilla/5.0 (compatible; CMS-Checker/1.0; +https://example.com)"
170.64.221.162 - - [17/Apr/2026:11:34:06 +0000] "POST /wp-login.php HTTP/1.1" 200 5697 "-" "Mozilla/5.0"
170.64.221.162 - - [17/Apr/2026:11:34:06 +0000] "POST /wp-login.php HTTP/1.1" 200 5713 "-" "Mozilla/5.0"
173.254.104.177 - - [17/Apr/2026:11:38:46 +0000] "GET /wp-login.php HTTP/2" 200 1743 "-" "Mozilla/5.0+(Windows+NT+6.3;+WOW64;+Trident/7.0;+rv:11.0)+like+Gecko"
173.254.104.177 - - [17/Apr/2026:11:38:47 +0000] "POST /wp-login.php HTTP/2" 200 1868 "https://aceph.pk/wp-login.php" "Mozilla/5.0+(Windows+NT+6.3;+WOW64;+Trident/7.0;+rv:11.0)+like+Gecko"
13.210.97.104 - - [17/Apr/2026:11:43:20 +0000] "GET /wp-login.php HTTP/2" 200 1743 "-" "Mozilla/5.0 (Windows NT 6.1; WOW64; Trident/7.0; AS; rv:11.0) like Gecko"
185.244.36.210 - - [17/Apr/2026:11:20:47 +0000] "POST /wp-cron.php?doing_wp_cron=1776424847.4884700775146484375000 HTTP/1.1" 200 0 "-" "WordPress/6.9.4; https://aceph.pk"
178.236.185.165 - - [17/Apr/2026:11:20:46 +0000] "GET /wp-login.php HTTP/2" 200 1743 "-" "Mozilla/4.0 (compatible; MSIE 7.0; Windows NT 6.2; Trident/7.0; .NET4.0C; .NET4.0E)"
178.236.185.165 - - [17/Apr/2026:11:20:50 +0000] "POST /wp-login.php HTTP/2" 200 1868 "https://aceph.pk/wp-login.php" "Mozilla/4.0 (compatible; MSIE 7.0; Windows NT 6.2; Trident/7.0; .NET4.0C; .NET4.0E)"
170.64.221.162 - - [17/Apr/2026:11:22:50 +0000] "POST /wp-login.php HTTP/1.1" 200 5695 "-" "Mozilla/5.0"
185.244.36.210 - - [17/Apr/2026:11:22:52 +0000] "POST /wp-cron.php?doing_wp_cron=1776424972.4980049133300781250000 HTTP/1.1" 200 0 "-" "WordPress/6.9.4; https://aceph.pk"
185.244.36.210 - - [17/Apr/2026:11:22:52 +0000] "POST /wp-cron.php?doing_wp_cron=1776424972.4979059696197509765625 HTTP/1.1" 200 0 "-" "WordPress/6.9.4; https://aceph.pk"
170.64.221.162 - - [17/Apr/2026:11:22:50 +0000] "POST /wp-login.php HTTP/1.1" 200 5713 "-" "Mozilla/5.0"
13.114.51.134 - - [17/Apr/2026:11:23:06 +0000] "POST /wp-login.php HTTP/1.1" 200 2096 "-" "Mozilla/5.0 (Windows NT 10.0; Win64; rv:143.0) Gecko/20100101 Firefox/143.0"
110.93.205.130 - - [17/Apr/2026:11:27:40 +0000] "POST /xmlrpc.php HTTP/2" 200 205 "-" "Mozilla/4.0 (compatible; MSIE 7.0; Windows NT 6.1; Trident/7.0; SLCC2; .NET CLR 2.0.50727; .NET CLR 3.5.30729; .NET CLR 3.0.30729; Media Center PC 6.0; .NET4.0C; .NET4.0E; Tablet PC 2.0)"
185.244.36.210 - - [17/Apr/2026:11:28:21 +0000] "POST /wp-cron.php?doing_wp_cron=1776425301.6694700717926025390625 HTTP/1.1" 200 0 "-" "WordPress/6.9.4; https://aceph.pk"
185.244.36.210 - - [17/Apr/2026:11:31:57 +0000] "POST /wp-cron.php?doing_wp_cron=1776425517.1284120082855224609375 HTTP/1.1" 200 0 "-" "WordPress/6.9.4; https://aceph.pk"
137.184.164.237 - - [17/Apr/2026:11:32:16 +0000] "POST /wp-login.php HTTP/1.1" 200 5697 "-" "Mozilla/5.0"
185.244.36.210 - - [17/Apr/2026:11:34:08 +0000] "POST /wp-cron.php?doing_wp_cron=1776425648.5048990249633789062500 HTTP/1.1" 200 0 "-" "WordPress/6.9.4; https://aceph.pk"
170.64.221.162 - - [17/Apr/2026:11:34:06 +0000] "POST /wp-login.php HTTP/1.1" 200 5695 "-" "Mozilla/5.0"
185.244.36.210 - - [17/Apr/2026:11:36:10 +0000] "POST /wp-cron.php?doing_wp_cron=1776425770.2046930789947509765625 HTTP/1.1" 200 0 "-" "WordPress/6.9.4; https://aceph.pk"
20.118.20.77 - - [17/Apr/2026:11:36:09 +0000] "POST /xmlrpc.php HTTP/2" 200 205 "-" "Mozilla/5.0 (Macintosh; Intel Mac OS X 10_12) AppleWebKit/602.1.50 (KHTML, like Gecko) Version/10.0 Safari/602.1.50"
185.244.36.210 - - [17/Apr/2026:11:38:47 +0000] "POST /wp-cron.php?doing_wp_cron=1776425927.1958870887756347656250 HTTP/1.1" 200 0 "-" "WordPress/6.9.4; https://aceph.pk"
185.244.36.210 - - [17/Apr/2026:11:40:19 +0000] "POST /wp-cron.php?doing_wp_cron=1776426019.7404708862304687500000 HTTP/1.1" 200 0 "-" "WordPress/6.9.4; https://aceph.pk"
213.133.103.134 - - [17/Apr/2026:11:40:19 +0000] "POST /xmlrpc.php HTTP/2" 200 205 "-" "Mozilla/5.0 (Windows NT 6.1; WOW64; Trident/7.0; rv:11.0; MSN 9.0;MSN 9.1;MSN 9.6;MSN 10.0;MSN 10.2;MSN 10.5; MSNbMSNI; MSNmen-us; MSNcIA)"
185.244.36.210 - - [17/Apr/2026:11:43:20 +0000] "POST /wp-cron.php?doing_wp_cron=1776426200.4798460006713867187500 HTTP/1.1" 200 0 "-" "WordPress/6.9.4; https://aceph.pk"
170.64.221.162 - - [17/Apr/2026:11:45:21 +0000] "POST /wp-login.php HTTP/1.1" 200 5695 "-" "Mozilla/5.0"
170.64.221.162 - - [17/Apr/2026:11:45:21 +0000] "POST /wp-login.php HTTP/1.1" 200 5697 "-" "Mozilla/5.0"
185.244.36.210 - - [17/Apr/2026:11:46:12 +0000] "POST /wp-cron.php?doing_wp_cron=1776426372.3373050689697265625000 HTTP/1.1" 200 0 "-" "WordPress/6.9.4; https://aceph.pk"
13.114.51.134 - - [17/Apr/2026:11:46:11 +0000] "POST /wp-login.php HTTP/1.1" 200 2096 "-" "Mozilla/5.0 (Macintosh; Intel Mac OS X 10_15_7) AppleWebKit/605.1.15 Version/17.0 Safari/605.1.15"
185.244.36.210 - - [17/Apr/2026:11:47:20 +0000] "POST /wp-cron.php?doing_wp_cron=1776426440.4164929389953613281250 HTTP/1.1" 200 0 "-" "WordPress/6.9.4; https://aceph.pk"
137.184.164.237 - - [17/Apr/2026:11:47:18 +0000] "POST /wp-login.php HTTP/1.1" 200 5697 "-" "Mozilla/5.0"
185.244.36.210 - - [17/Apr/2026:11:49:12 +0000] "POST /wp-cron.php?doing_wp_cron=1776426552.8750929832458496093750 HTTP/1.1" 200 0 "-" "WordPress/6.9.4; https://aceph.pk"
54.78.161.182 - - [17/Apr/2026:11:52:23 +0000] "GET /wp-login.php HTTP/2" 200 1743 "-" "Mozilla/5.0 (Windows NT 10.0; Win64; x64) AppleWebKit/537.36 (KHTML, like Gecko) Chrome/58.0.3029.110 Safari/537.36 Edge/16.16299"
54.78.161.182 - - [17/Apr/2026:11:52:26 +0000] "POST /wp-login.php HTTP/2" 200 1868 "https://aceph.pk/wp-login.php" "Mozilla/5.0 (Windows NT 10.0; Win64; x64) AppleWebKit/537.36 (KHTML, like Gecko) Chrome/58.0.3029.110 Safari/537.36 Edge/16.16299"
170.64.221.162 - - [17/Apr/2026:11:56:37 +0000] "POST /wp-login.php HTTP/1.1" 200 5713 "-" "Mozilla/5.0"
173.236.205.104 - - [17/Apr/2026:11:56:51 +0000] "GET /wp-login.php HTTP/2" 200 1743 "-" "Mozilla/5.0 (Windows NT 6.1; WOW64; Trident/7.0; EIE10;ENGBMSN; rv:11.0) like Gecko"
173.236.205.104 - - [17/Apr/2026:11:56:52 +0000] "POST /wp-login.php HTTP/2" 200 1868 "https://aceph.pk/wp-login.php" "Mozilla/5.0 (Windows NT 6.1; WOW64; Trident/7.0; EIE10;ENGBMSN; rv:11.0) like Gecko"
34.57.43.146 - - [17/Apr/2026:11:57:54 +0000] "GET / HTTP/1.1" 200 168947 "-" "Mozilla/5.0 (Windows NT 10.0; Win64; x64) AppleWebKit/537.36 (KHTML, like Gecko) Chrome/78.0.3904.108 Safari/537.36"
34.57.43.146 - - [17/Apr/2026:11:57:56 +0000] "GET //wp-includes/wlwmanifest.xml HTTP/1.1" 301 0 "-" "Mozilla/5.0 (Windows NT 10.0; Win64; x64) AppleWebKit/537.36 (KHTML, like Gecko) Chrome/78.0.3904.108 Safari/537.36"
34.57.43.146 - - [17/Apr/2026:11:57:56 +0000] "GET //xmlrpc.php?rsd HTTP/1.1" 200 762 "-" "Mozilla/5.0 (Windows NT 10.0; Win64; x64) AppleWebKit/537.36 (KHTML, like Gecko) Chrome/78.0.3904.108 Safari/537.36"
34.57.43.146 - - [17/Apr/2026:11:57:57 +0000] "GET //?author=1 HTTP/1.1" 301 0 "-" "Mozilla/5.0 (Windows NT 10.0; Win64; x64) AppleWebKit/537.36 (KHTML, like Gecko) Chrome/78.0.3904.108 Safari/537.36"
34.57.43.146 - - [17/Apr/2026:11:57:58 +0000] "GET //?author=2 HTTP/1.1" 301 0 "-" "Mozilla/5.0 (Windows NT 10.0; Win64; x64) AppleWebKit/537.36 (KHTML, like Gecko) Chrome/78.0.3904.108 Safari/537.36"
185.244.36.210 - - [17/Apr/2026:11:57:59 +0000] "POST /wp-cron.php?doing_wp_cron=1776427079.1705560684204101562500 HTTP/1.1" 200 0 "-" "WordPress/6.9.4; https://aceph.pk"
34.57.43.146 - - [17/Apr/2026:11:57:58 +0000] "GET //wp-json/wp/v2/users/ HTTP/1.1" 200 812 "-" "Mozilla/5.0 (Windows NT 10.0; Win64; x64) AppleWebKit/537.36 (KHTML, like Gecko) Chrome/78.0.3904.108 Safari/537.36"
34.57.43.146 - - [17/Apr/2026:11:57:59 +0000] "POST //xmlrpc.php HTTP/1.1" 200 401 "-" "Mozilla/5.0 (Windows NT 10.0; Win64; x64) AppleWebKit/537.36 (KHTML, like Gecko) Chrome/78.0.3904.108 Safari/537.36"
34.57.43.146 - - [17/Apr/2026:11:58:17 +0000] "POST //xmlrpc.php HTTP/1.1" 200 401 "-" "Mozilla/5.0 (Windows NT 10.0; Win64; x64) AppleWebKit/537.36 (KHTML, like Gecko) Chrome/78.0.3904.108 Safari/537.36"
34.57.43.146 - - [17/Apr/2026:11:58:31 +0000] "POST //xmlrpc.php HTTP/1.1" 200 401 "-" "Mozilla/5.0 (Windows NT 10.0; Win64; x64) AppleWebKit/537.36 (KHTML, like Gecko) Chrome/78.0.3904.108 Safari/537.36"
34.57.43.146 - - [17/Apr/2026:11:58:46 +0000] "POST //xmlrpc.php HTTP/1.1" 200 401 "-" "Mozilla/5.0 (Windows NT 10.0; Win64; x64) AppleWebKit/537.36 (KHTML, like Gecko) Chrome/78.0.3904.108 Safari/537.36"
34.57.43.146 - - [17/Apr/2026:11:59:01 +0000] "POST //xmlrpc.php HTTP/1.1" 200 401 "-" "Mozilla/5.0 (Windows NT 10.0; Win64; x64) AppleWebKit/537.36 (KHTML, like Gecko) Chrome/78.0.3904.108 Safari/537.36"
185.220.101.16 - - [17/Apr/2026:11:59:28 +0000] "GET / HTTP/2" 200 168947 "aceph.pk" "Mozilla/5.0 (Linux; Android 9; Redmi Note 7 Build/PKQ1.180904.001) AppleWebKit/537.36 (KHTML, like Gecko) Chrome/80.0.3987.99 Mobile Safari/537.36 YaApp_Android/10.61 YaSearchBrowser/10.61"
34.57.43.146 - - [17/Apr/2026:11:59:16 +0000] "POST //xmlrpc.php HTTP/1.1" 200 401 "-" "Mozilla/5.0 (Windows NT 10.0; Win64; x64) AppleWebKit/537.36 (KHTML, like Gecko) Chrome/78.0.3904.108 Safari/537.36"
185.244.36.210 - - [17/Apr/2026:11:59:46 +0000] "POST /wp-cron.php?doing_wp_cron=1776427186.6444180011749267578125 HTTP/1.1" 200 0 "-" "WordPress/6.9.4; https://aceph.pk"
34.57.43.146 - - [17/Apr/2026:11:59:31 +0000] "POST //xmlrpc.php HTTP/1.1" 200 401 "-" "Mozilla/5.0 (Windows NT 10.0; Win64; x64) AppleWebKit/537.36 (KHTML, like Gecko) Chrome/78.0.3904.108 Safari/537.36"
185.244.36.210 - - [17/Apr/2026:12:00:01 +0000] "POST /wp-cron.php?doing_wp_cron=1776427201.3478329181671142578125 HTTP/1.1" 200 0 "-" "WordPress/6.9.4; https://aceph.pk"
34.57.43.146 - - [17/Apr/2026:11:59:47 +0000] "POST //xmlrpc.php HTTP/1.1" 200 401 "-" "Mozilla/5.0 (Windows NT 10.0; Win64; x64) AppleWebKit/537.36 (KHTML, like Gecko) Chrome/78.0.3904.108 Safari/537.36"
34.57.43.146 - - [17/Apr/2026:12:00:01 +0000] "POST //xmlrpc.php HTTP/1.1" 200 401 "-" "Mozilla/5.0 (Windows NT 10.0; Win64; x64) AppleWebKit/537.36 (KHTML, like Gecko) Chrome/78.0.3904.108 Safari/537.36"
34.57.43.146 - - [17/Apr/2026:12:00:16 +0000] "POST //xmlrpc.php HTTP/1.1" 200 401 "-" "Mozilla/5.0 (Windows NT 10.0; Win64; x64) AppleWebKit/537.36 (KHTML, like Gecko) Chrome/78.0.3904.108 Safari/537.36"
34.57.43.146 - - [17/Apr/2026:12:00:31 +0000] "POST //xmlrpc.php HTTP/1.1" 200 401 "-" "Mozilla/5.0 (Windows NT 10.0; Win64; x64) AppleWebKit/537.36 (KHTML, like Gecko) Chrome/78.0.3904.108 Safari/537.36"
185.244.36.210 - - [17/Apr/2026:12:01:01 +0000] "POST /wp-cron.php?doing_wp_cron=1776427261.9105451107025146484375 HTTP/1.1" 200 0 "-" "WordPress/6.9.4; https://aceph.pk"
34.57.43.146 - - [17/Apr/2026:12:00:46 +0000] "POST //xmlrpc.php HTTP/1.1" 200 401 "-" "Mozilla/5.0 (Windows NT 10.0; Win64; x64) AppleWebKit/537.36 (KHTML, like Gecko) Chrome/78.0.3904.108 Safari/537.36"
34.57.43.146 - - [17/Apr/2026:12:01:02 +0000] "POST //xmlrpc.php HTTP/1.1" 200 401 "-" "Mozilla/5.0 (Windows NT 10.0; Win64; x64) AppleWebKit/537.36 (KHTML, like Gecko) Chrome/78.0.3904.108 Safari/537.36"
34.57.43.146 - - [17/Apr/2026:12:01:16 +0000] "POST //xmlrpc.php HTTP/1.1" 200 401 "-" "Mozilla/5.0 (Windows NT 10.0; Win64; x64) AppleWebKit/537.36 (KHTML, like Gecko) Chrome/78.0.3904.108 Safari/537.36"
34.57.43.146 - - [17/Apr/2026:12:01:31 +0000] "POST //xmlrpc.php HTTP/1.1" 200 401 "-" "Mozilla/5.0 (Windows NT 10.0; Win64; x64) AppleWebKit/537.36 (KHTML, like Gecko) Chrome/78.0.3904.108 Safari/537.36"
34.57.43.146 - - [17/Apr/2026:12:01:46 +0000] "POST //xmlrpc.php HTTP/1.1" 200 401 "-" "Mozilla/5.0 (Windows NT 10.0; Win64; x64) AppleWebKit/537.36 (KHTML, like Gecko) Chrome/78.0.3904.108 Safari/537.36"
34.57.43.146 - - [17/Apr/2026:12:02:01 +0000] "POST //xmlrpc.php HTTP/1.1" 200 401 "-" "Mozilla/5.0 (Windows NT 10.0; Win64; x64) AppleWebKit/537.36 (KHTML, like Gecko) Chrome/78.0.3904.108 Safari/537.36"
103.100.38.132 - - [17/Apr/2026:12:02:20 +0000] "POST /xmlrpc.php HTTP/2" 200 205 "-" "Mozilla/5.0 (Windows NT 6.3; WOW64; Trident/7.0; ASU2JS; rv:11.0) like Gecko"
137.184.164.237 - - [17/Apr/2026:12:02:26 +0000] "POST /wp-login.php HTTP/1.1" 200 5695 "-" "Mozilla/5.0"
137.184.164.237 - - [17/Apr/2026:12:02:26 +0000] "POST /wp-login.php HTTP/1.1" 200 5713 "-" "Mozilla/5.0"
137.184.164.237 - - [17/Apr/2026:12:02:26 +0000] "POST /wp-login.php HTTP/1.1" 200 5697 "-" "Mozilla/5.0"
34.57.43.146 - - [17/Apr/2026:12:02:16 +0000] "POST //xmlrpc.php HTTP/1.1" 200 401 "-" "Mozilla/5.0 (Windows NT 10.0; Win64; x64) AppleWebKit/537.36 (KHTML, like Gecko) Chrome/78.0.3904.108 Safari/537.36"
34.57.43.146 - - [17/Apr/2026:12:02:31 +0000] "POST //xmlrpc.php HTTP/1.1" 200 401 "-" "Mozilla/5.0 (Windows NT 10.0; Win64; x64) AppleWebKit/537.36 (KHTML, like Gecko) Chrome/78.0.3904.108 Safari/537.36"
185.244.36.210 - - [17/Apr/2026:12:03:01 +0000] "POST /wp-cron.php?doing_wp_cron=1776427381.5022130012512207031250 HTTP/1.1" 200 0 "-" "WordPress/6.9.4; https://aceph.pk"
34.57.43.146 - - [17/Apr/2026:12:02:46 +0000] "POST //xmlrpc.php HTTP/1.1" 200 401 "-" "Mozilla/5.0 (Windows NT 10.0; Win64; x64) AppleWebKit/537.36 (KHTML, like Gecko) Chrome/78.0.3904.108 Safari/537.36"
34.57.43.146 - - [17/Apr/2026:12:03:01 +0000] "POST //xmlrpc.php HTTP/1.1" 200 401 "-" "Mozilla/5.0 (Windows NT 10.0; Win64; x64) AppleWebKit/537.36 (KHTML, like Gecko) Chrome/78.0.3904.108 Safari/537.36"
34.57.43.146 - - [17/Apr/2026:12:03:16 +0000] "POST //xmlrpc.php HTTP/1.1" 200 401 "-" "Mozilla/5.0 (Windows NT 10.0; Win64; x64) AppleWebKit/537.36 (KHTML, like Gecko) Chrome/78.0.3904.108 Safari/537.36"
34.57.43.146 - - [17/Apr/2026:12:03:31 +0000] "POST //xmlrpc.php HTTP/1.1" 200 401 "-" "Mozilla/5.0 (Windows NT 10.0; Win64; x64) AppleWebKit/537.36 (KHTML, like Gecko) Chrome/78.0.3904.108 Safari/537.36"
34.57.43.146 - - [17/Apr/2026:12:03:47 +0000] "POST //xmlrpc.php HTTP/1.1" 200 401 "-" "Mozilla/5.0 (Windows NT 10.0; Win64; x64) AppleWebKit/537.36 (KHTML, like Gecko) Chrome/78.0.3904.108 Safari/537.36"
34.57.43.146 - - [17/Apr/2026:12:04:01 +0000] "POST //xmlrpc.php HTTP/1.1" 200 401 "-" "Mozilla/5.0 (Windows NT 10.0; Win64; x64) AppleWebKit/537.36 (KHTML, like Gecko) Chrome/78.0.3904.108 Safari/537.36"
34.57.43.146 - - [17/Apr/2026:12:04:16 +0000] "POST //xmlrpc.php HTTP/1.1" 200 401 "-" "Mozilla/5.0 (Windows NT 10.0; Win64; x64) AppleWebKit/537.36 (KHTML, like Gecko) Chrome/78.0.3904.108 Safari/537.36"
34.57.43.146 - - [17/Apr/2026:12:04:31 +0000] "POST //xmlrpc.php HTTP/1.1" 200 401 "-" "Mozilla/5.0 (Windows NT 10.0; Win64; x64) AppleWebKit/537.36 (KHTML, like Gecko) Chrome/78.0.3904.108 Safari/537.36"
34.57.43.146 - - [17/Apr/2026:12:04:46 +0000] "POST //xmlrpc.php HTTP/1.1" 200 401 "-" "Mozilla/5.0 (Windows NT 10.0; Win64; x64) AppleWebKit/537.36 (KHTML, like Gecko) Chrome/78.0.3904.108 Safari/537.36"
34.57.43.146 - - [17/Apr/2026:12:05:02 +0000] "POST //xmlrpc.php HTTP/1.1" 200 401 "-" "Mozilla/5.0 (Windows NT 10.0; Win64; x64) AppleWebKit/537.36 (KHTML, like Gecko) Chrome/78.0.3904.108 Safari/537.36"
34.57.43.146 - - [17/Apr/2026:12:05:16 +0000] "POST //xmlrpc.php HTTP/1.1" 200 401 "-" "Mozilla/5.0 (Windows NT 10.0; Win64; x64) AppleWebKit/537.36 (KHTML, like Gecko) Chrome/78.0.3904.108 Safari/537.36"
34.57.43.146 - - [17/Apr/2026:12:05:31 +0000] "POST //xmlrpc.php HTTP/1.1" 200 401 "-" "Mozilla/5.0 (Windows NT 10.0; Win64; x64) AppleWebKit/537.36 (KHTML, like Gecko) Chrome/78.0.3904.108 Safari/537.36"
34.57.43.146 - - [17/Apr/2026:12:05:46 +0000] "POST //xmlrpc.php HTTP/1.1" 200 401 "-" "Mozilla/5.0 (Windows NT 10.0; Win64; x64) AppleWebKit/537.36 (KHTML, like Gecko) Chrome/78.0.3904.108 Safari/537.36"
34.57.43.146 - - [17/Apr/2026:12:06:01 +0000] "POST //xmlrpc.php HTTP/1.1" 200 401 "-" "Mozilla/5.0 (Windows NT 10.0; Win64; x64) AppleWebKit/537.36 (KHTML, like Gecko) Chrome/78.0.3904.108 Safari/537.36"
34.57.43.146 - - [17/Apr/2026:12:06:17 +0000] "POST //xmlrpc.php HTTP/1.1" 200 401 "-" "Mozilla/5.0 (Windows NT 10.0; Win64; x64) AppleWebKit/537.36 (KHTML, like Gecko) Chrome/78.0.3904.108 Safari/537.36"
162.223.226.141 - - [17/Apr/2026:12:06:43 +0000] "POST /xmlrpc.php HTTP/2" 200 205 "-" "Mozilla/5.0 (Windows NT 6.3; Trident/7.0; Touch; rv:11.0) like Gecko"
34.57.43.146 - - [17/Apr/2026:12:06:32 +0000] "POST //xmlrpc.php HTTP/1.1" 200 401 "-" "Mozilla/5.0 (Windows NT 10.0; Win64; x64) AppleWebKit/537.36 (KHTML, like Gecko) Chrome/78.0.3904.108 Safari/537.36"
34.57.43.146 - - [17/Apr/2026:12:06:46 +0000] "POST //xmlrpc.php HTTP/1.1" 200 401 "-" "Mozilla/5.0 (Windows NT 10.0; Win64; x64) AppleWebKit/537.36 (KHTML, like Gecko) Chrome/78.0.3904.108 Safari/537.36"
13.210.97.104 - - [17/Apr/2026:11:43:21 +0000] "POST /wp-login.php HTTP/2" 200 1868 "https://aceph.pk/wp-login.php" "Mozilla/5.0 (Windows NT 6.1; WOW64; Trident/7.0; AS; rv:11.0) like Gecko"
185.244.36.210 - - [17/Apr/2026:11:45:23 +0000] "POST /wp-cron.php?doing_wp_cron=1776426323.5016610622406005859375 HTTP/1.1" 200 0 "-" "WordPress/6.9.4; https://aceph.pk"
170.64.221.162 - - [17/Apr/2026:11:45:21 +0000] "POST /wp-login.php HTTP/1.1" 200 5713 "-" "Mozilla/5.0"
185.244.36.210 - - [17/Apr/2026:11:45:23 +0000] "POST /wp-cron.php?doing_wp_cron=1776426323.5037350654602050781250 HTTP/1.1" 200 0 "-" "WordPress/6.9.4; https://aceph.pk"
185.244.36.210 - - [17/Apr/2026:11:45:23 +0000] "POST /wp-cron.php?doing_wp_cron=1776426323.5147919654846191406250 HTTP/1.1" 200 0 "-" "WordPress/6.9.4; https://aceph.pk"
137.184.164.237 - - [17/Apr/2026:11:47:18 +0000] "POST /wp-login.php HTTP/1.1" 200 5713 "-" "Mozilla/5.0"
137.184.164.237 - - [17/Apr/2026:11:47:18 +0000] "POST /wp-login.php HTTP/1.1" 200 5695 "-" "Mozilla/5.0"
74.220.219.97 - - [17/Apr/2026:11:47:50 +0000] "GET /wp-login.php HTTP/2" 200 1743 "-" "Mozilla/5.0 (Macintosh; Intel Mac OS X 10_11_6) AppleWebKit/602.1.50 (KHTML, like Gecko) Version/10.0 Safari/602.1.50"
74.220.219.97 - - [17/Apr/2026:11:47:53 +0000] "POST /wp-login.php HTTP/2" 200 1868 "https://aceph.pk/wp-login.php" "Mozilla/5.0 (Macintosh; Intel Mac OS X 10_11_6) AppleWebKit/602.1.50 (KHTML, like Gecko) Version/10.0 Safari/602.1.50"
103.100.38.132 - - [17/Apr/2026:11:49:12 +0000] "POST /xmlrpc.php HTTP/2" 200 205 "-" "Mozilla/5.0 (Windows NT 6.3; Trident/7.0; rv:11.0) like Gecko"
185.244.36.210 - - [17/Apr/2026:11:52:23 +0000] "POST /wp-cron.php?doing_wp_cron=1776426743.7073988914489746093750 HTTP/1.1" 200 0 "-" "WordPress/6.9.4; https://aceph.pk"
185.244.36.210 - - [17/Apr/2026:11:56:39 +0000] "POST /wp-cron.php?doing_wp_cron=1776426999.4971609115600585937500 HTTP/1.1" 200 0 "-" "WordPress/6.9.4; https://aceph.pk"
170.64.221.162 - - [17/Apr/2026:11:56:37 +0000] "POST /wp-login.php HTTP/1.1" 200 5695 "-" "Mozilla/5.0"
170.64.221.162 - - [17/Apr/2026:11:56:37 +0000] "POST /wp-login.php HTTP/1.1" 200 5697 "-" "Mozilla/5.0"
185.244.36.210 - - [17/Apr/2026:11:59:01 +0000] "POST /wp-cron.php?doing_wp_cron=1776427141.7001199722290039062500 HTTP/1.1" 200 0 "-" "WordPress/6.9.4; https://aceph.pk"
185.244.36.210 - - [17/Apr/2026:12:02:01 +0000] "POST /wp-cron.php?doing_wp_cron=1776427321.5527238845825195312500 HTTP/1.1" 200 0 "-" "WordPress/6.9.4; https://aceph.pk"
185.244.36.210 - - [17/Apr/2026:12:04:01 +0000] "POST /wp-cron.php?doing_wp_cron=1776427441.8061950206756591796875 HTTP/1.1" 200 0 "-" "WordPress/6.9.4; https://aceph.pk"
185.244.36.210 - - [17/Apr/2026:12:05:01 +0000] "POST /wp-cron.php?doing_wp_cron=1776427501.8989698886871337890625 HTTP/1.1" 200 0 "-" "WordPress/6.9.4; https://aceph.pk"
185.244.36.210 - - [17/Apr/2026:12:06:01 +0000] "POST /wp-cron.php?doing_wp_cron=1776427561.4393179416656494140625 HTTP/1.1" 200 0 "-" "WordPress/6.9.4; https://aceph.pk"
213.136.87.66 - - [17/Apr/2026:12:06:04 +0000] "GET /wp-login.php HTTP/2" 200 1743 "-" "Mozilla/5.0 (Windows NT 6.3; WOW64; Trident/7.0; MANMJS; rv:11.0) like Gecko"
213.136.87.66 - - [17/Apr/2026:12:06:05 +0000] "POST /wp-login.php HTTP/2" 200 1868 "https://aceph.pk/wp-login.php" "Mozilla/5.0 (Windows NT 6.3; WOW64; Trident/7.0; MANMJS; rv:11.0) like Gecko"
185.244.36.210 - - [17/Apr/2026:12:07:01 +0000] "POST /wp-cron.php?doing_wp_cron=1776427621.5537989139556884765625 HTTP/1.1" 200 0 "-" "WordPress/6.9.4; https://aceph.pk"
170.64.221.162 - - [17/Apr/2026:12:07:40 +0000] "POST /wp-login.php HTTP/1.1" 200 5713 "-" "Mozilla/5.0"
170.64.221.162 - - [17/Apr/2026:12:07:40 +0000] "POST /wp-login.php HTTP/1.1" 200 5695 "-" "Mozilla/5.0"
185.244.36.210 - - [17/Apr/2026:12:08:01 +0000] "POST /wp-cron.php?doing_wp_cron=1776427681.4566121101379394531250 HTTP/1.1" 200 0 "-" "WordPress/6.9.4; https://aceph.pk"
