62.60.131.169 - - [17/Apr/2026:05:06:07 +0000] "GET /feed/ HTTP/2" 200 394 "-" "Mozilla/5.0 (Macintosh; Intel Mac OS X 10.15; rv:109.0) Gecko/20100101 Firefox/119.0"
62.60.131.169 - - [17/Apr/2026:05:06:08 +0000] "GET /wp-json/wp/v2/posts?per_page=20&_embed=author&_fields=_embedded HTTP/2" 200 6 "-" "Mozilla/5.0 (Windows NT 10.0; Win64; x64) AppleWebKit/537.36 (KHTML, like Gecko) Chrome/120.0.0.0 Safari/537.36"
62.60.131.169 - - [17/Apr/2026:05:06:08 +0000] "GET /?rest_route=/wp/v2/users&_fields=slug&per_page=100&page=1 HTTP/2" 200 22 "-" "Mozilla/5.0 (Windows NT 10.0; Win64; x64) AppleWebKit/537.36 (KHTML, like Gecko) Chrome/120.0.0.0 Safari/537.36"
62.60.131.169 - - [17/Apr/2026:05:06:08 +0000] "GET /wp-sitemap-users-1.xml HTTP/2" 301 0 "-" "Mozilla/5.0 (Windows NT 10.0; Win64; x64) AppleWebKit/537.36 (KHTML, like Gecko) Chrome/120.0.0.0 Safari/537.36"
62.60.131.169 - - [17/Apr/2026:05:06:08 +0000] "GET /author-sitemap.xml HTTP/2" 404 17931 "-" "Mozilla/5.0 (Windows NT 10.0; Win64; x64) AppleWebKit/537.36 (KHTML, like Gecko) Chrome/120.0.0.0 Safari/537.36"
62.60.131.169 - - [17/Apr/2026:05:06:10 +0000] "GET /author-sitemap.xml HTTP/2" 404 17931 "https://aceph.pk/wp-sitemap-users-1.xml" "Mozilla/5.0 (Windows NT 10.0; Win64; x64) AppleWebKit/537.36 (KHTML, like Gecko) Chrome/120.0.0.0 Safari/537.36"
62.60.131.169 - - [17/Apr/2026:05:06:10 +0000] "POST /api/graphql HTTP/2" 404 18370 "-" "Mozilla/5.0 (Windows NT 10.0; Win64; x64; rv:109.0) Gecko/20100101 Firefox/119.0"
62.60.131.169 - - [17/Apr/2026:05:06:10 +0000] "GET /feed/atom/ HTTP/2" 200 538 "-" "Mozilla/5.0 (Windows NT 10.0; Win64; x64) AppleWebKit/537.36 (KHTML, like Gecko) Chrome/120.0.0.0 Safari/537.36"
62.60.131.169 - - [17/Apr/2026:05:06:11 +0000] "GET /author-sitemap.xml HTTP/2" 404 17931 "-" "Mozilla/5.0 (X11; Linux x86_64) AppleWebKit/537.36 (KHTML, like Gecko) Chrome/120.0.0.0 Safari/537.36"
62.60.131.169 - - [17/Apr/2026:05:06:11 +0000] "GET /?rest_route=/wp/v2/users&_fields=slug&per_page=100&page=1 HTTP/2" 200 22 "-" "Mozilla/5.0 (X11; Linux x86_64) AppleWebKit/537.36 (KHTML, like Gecko) Chrome/120.0.0.0 Safari/537.36"
62.60.131.169 - - [17/Apr/2026:05:06:13 +0000] "GET /wp-sitemap-users-1.xml HTTP/2" 301 0 "-" "Mozilla/5.0 (X11; Linux x86_64) AppleWebKit/537.36 (KHTML, like Gecko) Chrome/120.0.0.0 Safari/537.36"
185.244.36.210 - - [17/Apr/2026:03:11:43 +0000] "POST /wp-cron.php?doing_wp_cron=1776395503.8631999492645263671875 HTTP/1.1" 200 0 "-" "WordPress/6.9.4; https://aceph.pk"
172.233.67.140 - - [17/Apr/2026:03:11:43 +0000] "POST /wp-login.php HTTP/1.1" 200 5695 "-" "Mozilla/5.0"
150.109.46.88 - - [17/Apr/2026:03:11:45 +0000] "GET / HTTP/1.1" 200 39654 "http://aceph.pk" "Mozilla/5.0 (iPhone; CPU iPhone OS 13_2_3 like Mac OS X) AppleWebKit/605.1.15 (KHTML, like Gecko) Version/13.0.3 Mobile/15E148 Safari/604.1"
62.60.131.177 - - [17/Apr/2026:03:12:27 +0000] "GET /author-sitemap.xml HTTP/2" 404 17931 "https://aceph.pk.millwin.org/wp-sitemap-users-1.xml" "Mozilla/5.0 (Macintosh; Intel Mac OS X 10_15_7) AppleWebKit/537.36 (KHTML, like Gecko) Chrome/120.0.0.0 Safari/537.36"
62.60.131.177 - - [17/Apr/2026:03:12:30 +0000] "GET /author-sitemap.xml HTTP/2" 404 17931 "https://aceph.pk.millwin.org/wp-sitemap-users-1.xml" "Mozilla/5.0 (Macintosh; Intel Mac OS X 10_15_7) AppleWebKit/537.36 (KHTML, like Gecko) Chrome/120.0.0.0 Safari/537.36"
62.60.131.177 - - [17/Apr/2026:03:12:33 +0000] "GET /author-sitemap.xml HTTP/2" 404 17931 "https://aceph.pk.millwin.org/wp-sitemap-users-1.xml" "Mozilla/5.0 (Macintosh; Intel Mac OS X 10_15_7) AppleWebKit/537.36 (KHTML, like Gecko) Chrome/120.0.0.0 Safari/537.36"
62.60.131.177 - - [17/Apr/2026:03:12:37 +0000] "GET /author-sitemap.xml HTTP/2" 404 17931 "https://aceph.pk.millwin.org/wp-sitemap-users-1.xml" "Mozilla/5.0 (Windows NT 10.0; Win64; x64) AppleWebKit/537.36 (KHTML, like Gecko) Chrome/120.0.0.0 Safari/537.36"
98.159.37.4 - - [17/Apr/2026:03:37:04 +0000] "POST /wp-login.php HTTP/1.1" 200 5695 "-" "Mozilla/5.0"
185.244.36.210 - - [17/Apr/2026:04:31:24 +0000] "POST /wp-cron.php?doing_wp_cron=1776400284.4145669937133789062500 HTTP/1.1" 200 0 "-" "WordPress/6.9.4; https://aceph.pk"
185.244.36.210 - - [17/Apr/2026:05:05:43 +0000] "POST /wp-cron.php?doing_wp_cron=1776402343.5930099487304687500000 HTTP/1.1" 200 0 "-" "WordPress/6.9.4; https://aceph.pk"
185.244.36.210 - - [17/Apr/2026:05:05:43 +0000] "POST /wp-cron.php?doing_wp_cron=1776402343.5922050476074218750000 HTTP/1.1" 200 0 "-" "WordPress/6.9.4; https://aceph.pk"
139.180.143.81 - - [17/Apr/2026:05:05:44 +0000] "GET /wp-json/wp/v2/users?per_page=100&%70%65%72%5f%70%61%67%65=100 HTTP/2" 200 330 "-" "Mozilla/5.0 (Macintosh; Intel Mac OS X 10.15; rv:109.0) Gecko/20100101 Firefox/119.0"
185.244.36.210 - - [17/Apr/2026:05:05:59 +0000] "POST /wp-cron.php?doing_wp_cron=1776402359.1987140178680419921875 HTTP/1.1" 200 0 "-" "WordPress/6.9.4; https://aceph.pk"
62.60.131.169 - - [17/Apr/2026:05:06:17 +0000] "GET /author-sitemap.xml HTTP/2" 404 17931 "-" "Mozilla/5.0 (Windows NT 10.0; Win64; x64; rv:109.0) Gecko/20100101 Firefox/119.0"
62.60.131.169 - - [17/Apr/2026:05:06:13 +0000] "GET /author-sitemap.xml HTTP/2" 404 17931 "-" "Mozilla/5.0 (Macintosh; Intel Mac OS X 10.15; rv:109.0) Gecko/20100101 Firefox/119.0"
62.60.131.169 - - [17/Apr/2026:05:06:14 +0000] "GET /author-sitemap.xml HTTP/2" 404 17931 "https://aceph.pk/wp-sitemap-users-1.xml" "Mozilla/5.0 (X11; Linux x86_64) AppleWebKit/537.36 (KHTML, like Gecko) Chrome/120.0.0.0 Safari/537.36"
62.60.131.169 - - [17/Apr/2026:05:06:15 +0000] "GET /?rest_route=/wp/v2/users&_fields=slug&per_page=100&page=1 HTTP/2" 200 22 "-" "Mozilla/5.0 (Macintosh; Intel Mac OS X 10_15_7) AppleWebKit/537.36 (KHTML, like Gecko) Chrome/120.0.0.0 Safari/537.36"
185.244.36.210 - - [17/Apr/2026:05:08:38 +0000] "POST /wp-cron.php?doing_wp_cron=1776402518.6148400306701660156250 HTTP/1.1" 200 0 "-" "WordPress/6.9.4; https://aceph.pk"
145.223.131.125 - - [17/Apr/2026:05:08:38 +0000] "GET / HTTP/1.1" 200 35009 "-" "Mozilla/5.0 (Macintosh; Intel Mac OS X 10_15_7) AppleWebKit/537.36 (KHTML, like Gecko) Chrome/131.0.0.0 Safari/537.36"
185.244.36.210 - - [17/Apr/2026:05:15:55 +0000] "POST /wp-cron.php?doing_wp_cron=1776402955.1655490398406982421875 HTTP/1.1" 200 0 "-" "WordPress/6.9.4; https://aceph.pk"
144.31.223.147 - - [17/Apr/2026:05:15:54 +0000] "GET / HTTP/1.1" 200 35009 "-" "Go-http-client/1.1"
185.244.36.210 - - [17/Apr/2026:05:22:54 +0000] "POST /wp-cron.php?doing_wp_cron=1776403374.0099060535430908203125 HTTP/1.1" 200 0 "-" "WordPress/6.9.4; https://aceph.pk"
185.244.36.210 - - [17/Apr/2026:05:26:27 +0000] "POST /wp-cron.php?doing_wp_cron=1776403587.7602219581604003906250 HTTP/1.1" 200 0 "-" "WordPress/6.9.4; https://aceph.pk"
185.244.36.210 - - [17/Apr/2026:05:37:19 +0000] "POST /wp-cron.php?doing_wp_cron=1776404239.4081540107727050781250 HTTP/1.1" 200 0 "-" "WordPress/6.9.4; https://aceph.pk"
145.223.130.51 - - [17/Apr/2026:07:07:23 +0000] "GET / HTTP/1.1" 200 35009 "-" "Mozilla/5.0 (Linux; Android 13; Pixel 7) AppleWebKit/537.36 (KHTML, like Gecko) Chrome/120.0.0.0 Mobile Safari/537.36"
185.244.36.210 - - [17/Apr/2026:07:43:49 +0000] "POST /wp-cron.php?doing_wp_cron=1776411829.2227349281311035156250 HTTP/1.1" 200 0 "-" "WordPress/6.9.4; https://aceph.pk"
185.244.36.210 - - [17/Apr/2026:07:44:46 +0000] "POST /wp-cron.php?doing_wp_cron=1776411886.0698320865631103515625 HTTP/1.1" 200 0 "-" "WordPress/6.9.4; https://aceph.pk"
80.210.101.38 - - [17/Apr/2026:07:44:45 +0000] "POST /xmlrpc.php HTTP/2" 200 205 "-" "Mozilla/5.0 (Macintosh; Intel Mac OS X 10_12) AppleWebKit/602.1.40 (KHTML, like Gecko) Version/10.0 Safari/602.1.40"
185.244.36.210 - - [17/Apr/2026:07:51:55 +0000] "POST /wp-cron.php?doing_wp_cron=1776412315.3495950698852539062500 HTTP/1.1" 200 0 "-" "WordPress/6.9.4; https://aceph.pk"
45.159.221.172 - - [17/Apr/2026:07:51:54 +0000] "GET /wp-login.php HTTP/2" 200 1743 "-" "Mozilla/5.0 (Windows NT 6.1; WOW64) AppleWebKit/537.36 (KHTML, like Gecko) Chrome/65.0.3325.162 Safari/537.36"
45.159.221.172 - - [17/Apr/2026:07:51:55 +0000] "POST /wp-login.php HTTP/2" 200 1868 "https://aceph.pk/wp-login.php" "Mozilla/5.0 (Windows NT 6.1; WOW64) AppleWebKit/537.36 (KHTML, like Gecko) Chrome/65.0.3325.162 Safari/537.36"
154.63.170.26 - - [17/Apr/2026:07:56:35 +0000] "GET /wp-login.php HTTP/2" 200 1743 "-" "Mozilla/5.0 (Windows NT 6.1; WOW64; Trident/7.0; MASBJS; rv:11.0) like Gecko"
154.63.170.26 - - [17/Apr/2026:07:56:35 +0000] "POST /wp-login.php HTTP/2" 200 1868 "https://aceph.pk/wp-login.php" "Mozilla/5.0 (Windows NT 6.1; WOW64; Trident/7.0; MASBJS; rv:11.0) like Gecko"
185.244.36.210 - - [17/Apr/2026:08:01:24 +0000] "POST /wp-cron.php?doing_wp_cron=1776412884.4045209884643554687500 HTTP/1.1" 200 0 "-" "WordPress/6.9.4; https://aceph.pk"
162.223.226.141 - - [17/Apr/2026:08:01:23 +0000] "GET /wp-login.php HTTP/2" 200 1743 "-" "Mozilla/5.0 (Macintosh; Intel Mac OS X 10_12_6) AppleWebKit/604.3.5 (KHTML, like Gecko) Version/11.0.1 Safari/604.3.5"
162.223.226.141 - - [17/Apr/2026:08:01:28 +0000] "POST /wp-login.php HTTP/2" 200 1868 "https://aceph.pk/wp-login.php" "Mozilla/5.0 (Macintosh; Intel Mac OS X 10_12_6) AppleWebKit/604.3.5 (KHTML, like Gecko) Version/11.0.1 Safari/604.3.5"
185.244.36.210 - - [17/Apr/2026:08:06:07 +0000] "POST /wp-cron.php?doing_wp_cron=1776413167.3085639476776123046875 HTTP/1.1" 200 0 "-" "WordPress/6.9.4; https://aceph.pk"
185.244.36.210 - - [17/Apr/2026:08:10:29 +0000] "POST /wp-cron.php?doing_wp_cron=1776413429.6975939273834228515625 HTTP/1.1" 200 0 "-" "WordPress/6.9.4; https://aceph.pk"
80.210.101.38 - - [17/Apr/2026:08:11:18 +0000] "POST /xmlrpc.php HTTP/2" 200 205 "-" "Mozilla/5.0 (Windows NT 10.0; Win64; x64) AppleWebKit/537.36 (KHTML, like Gecko) Chrome/65.0.3325.181 Safari/537.36 OPR/52.0.2871.99"
185.244.36.210 - - [17/Apr/2026:08:15:17 +0000] "POST /wp-cron.php?doing_wp_cron=1776413717.6870779991149902343750 HTTP/1.1" 200 0 "-" "WordPress/6.9.4; https://aceph.pk"
51.79.81.228 - - [17/Apr/2026:08:15:15 +0000] "GET /wp-login.php HTTP/2" 200 1743 "-" "Mozilla/4.0 (compatible; MSIE 7.0; Windows NT 6.2; WOW64; Trident/7.0; .NET4.0E; .NET4.0C; .NET CLR 3.5.30729; .NET CLR 2.0.50727; .NET CLR 3.0.30729; InfoPath.3)"
51.79.81.228 - - [17/Apr/2026:08:15:21 +0000] "POST /wp-login.php HTTP/2" 200 1868 "https://aceph.pk/wp-login.php" "Mozilla/4.0 (compatible; MSIE 7.0; Windows NT 6.2; WOW64; Trident/7.0; .NET4.0E; .NET4.0C; .NET CLR 3.5.30729; .NET CLR 2.0.50727; .NET CLR 3.0.30729; InfoPath.3)"
218.148.118.134 - - [17/Apr/2026:08:15:59 +0000] "POST /xmlrpc.php HTTP/2" 200 189 "-" "Mozilla/5.0 (Windows NT 6.1; WOW64; rv:61.0) Gecko/20100101 Firefox/61.0"
185.244.36.210 - - [17/Apr/2026:06:20:13 +0000] "POST /wp-cron.php?doing_wp_cron=1776406813.5524768829345703125000 HTTP/1.1" 200 0 "-" "WordPress/6.9.4; https://aceph.pk"
13.114.51.134 - - [17/Apr/2026:06:20:13 +0000] "GET /wp-login.php HTTP/1.1" 200 1965 "-" "Mozilla/5.0 (Windows NT 10.0; Win64; x64) AppleWebKit/537.36 Chrome/129.0.0.0 Safari/537.36"
13.114.51.134 - - [17/Apr/2026:06:20:13 +0000] "GET /?author=1 HTTP/1.1" 301 0 "-" "Mozilla/5.0 (Windows NT 10.0; Win64; rv:143.0) Gecko/20100101 Firefox/143.0"
13.114.51.134 - - [17/Apr/2026:06:20:14 +0000] "GET /?rest_route=/wp/v2/users HTTP/1.1" 200 351 "-" "Mozilla/5.0 (Windows NT 10.0; Win64; rv:143.0) Gecko/20100101 Firefox/143.0"
49.234.192.248 - - [17/Apr/2026:07:01:41 +0000] "GET / HTTP/1.1" 200 39654 "http://aceph.pk" "Mozilla/5.0 (iPhone; CPU iPhone OS 13_2_3 like Mac OS X) AppleWebKit/605.1.15 (KHTML, like Gecko) Version/13.0.3 Mobile/15E148 Safari/604.1"
109.199.96.43 - - [17/Apr/2026:07:43:48 +0000] "GET /wp-login.php HTTP/2" 200 1743 "-" "Mozilla/5.0 (Windows NT 6.1; Trident/7.0; yie11; rv:11.0) like Gecko"
109.199.96.43 - - [17/Apr/2026:07:43:49 +0000] "POST /wp-login.php HTTP/2" 200 1868 "https://aceph.pk/wp-login.php" "Mozilla/5.0 (Windows NT 6.1; Trident/7.0; yie11; rv:11.0) like Gecko"
185.244.36.210 - - [17/Apr/2026:07:56:35 +0000] "POST /wp-cron.php?doing_wp_cron=1776412595.8637449741363525390625 HTTP/1.1" 200 0 "-" "WordPress/6.9.4; https://aceph.pk"
185.244.36.210 - - [17/Apr/2026:07:57:24 +0000] "POST /wp-cron.php?doing_wp_cron=1776412644.5630099773406982421875 HTTP/1.1" 200 0 "-" "WordPress/6.9.4; https://aceph.pk"
85.202.160.65 - - [17/Apr/2026:07:57:23 +0000] "POST /xmlrpc.php HTTP/2" 200 205 "-" "Mozilla/5.0 (Windows NT 10.0; WOW64; Trident/7.0; MAARJS; rv:11.0) like Gecko"
51.79.81.228 - - [17/Apr/2026:08:06:05 +0000] "GET /wp-login.php HTTP/2" 200 1743 "-" "Mozilla/5.0 (Windows NT 6.1; WOW64; Trident/7.0; EIE10;ENGBWOL; rv:11.0) like Gecko"
51.79.81.228 - - [17/Apr/2026:08:06:08 +0000] "POST /wp-login.php HTTP/2" 200 1868 "https://aceph.pk/wp-login.php" "Mozilla/5.0 (Windows NT 6.1; WOW64; Trident/7.0; EIE10;ENGBWOL; rv:11.0) like Gecko"
51.79.81.228 - - [17/Apr/2026:08:10:29 +0000] "GET /wp-login.php HTTP/2" 200 1743 "-" "Mozilla/5.0 (compatible; MSIE 9.0; Windows NT 6.2; WOW64; Trident/7.0)"
51.79.81.228 - - [17/Apr/2026:08:10:29 +0000] "POST /wp-login.php HTTP/2" 200 1868 "https://aceph.pk/wp-login.php" "Mozilla/5.0 (compatible; MSIE 9.0; Windows NT 6.2; WOW64; Trident/7.0)"
185.244.36.210 - - [17/Apr/2026:08:11:19 +0000] "POST /wp-cron.php?doing_wp_cron=1776413479.2047410011291503906250 HTTP/1.1" 200 0 "-" "WordPress/6.9.4; https://aceph.pk"
185.244.36.210 - - [17/Apr/2026:08:16:01 +0000] "POST /wp-cron.php?doing_wp_cron=1776413761.0598831176757812500000 HTTP/1.1" 200 0 "-" "WordPress/6.9.4; https://aceph.pk"
135.181.92.122 - - [17/Apr/2026:08:19:50 +0000] "GET /wp-login.php HTTP/2" 200 1743 "-" "Mozilla/4.0 (compatible; MSIE 7.0; Windows NT 10.0; WOW64; Trident/7.0; .NET4.0C; .NET4.0E; .NET CLR 2.0.50727; .NET CLR 3.0.30729; .NET CLR 3.5.30729; Tablet PC 2.0)"
135.181.92.122 - - [17/Apr/2026:08:19:50 +0000] "POST /wp-login.php HTTP/2" 200 1868 "https://aceph.pk/wp-login.php" "Mozilla/4.0 (compatible; MSIE 7.0; Windows NT 10.0; WOW64; Trident/7.0; .NET4.0C; .NET4.0E; .NET CLR 2.0.50727; .NET CLR 3.0.30729; .NET CLR 3.5.30729; Tablet PC 2.0)"
91.227.37.60 - - [17/Apr/2026:08:25:08 +0000] "POST /xmlrpc.php HTTP/2" 200 205 "-" "Mozilla/5.0 (IE 11.0; Windows NT 6.3; Trident/7.0; .NET4.0E; .NET4.0C; rv:11.0) like Gecko"
137.184.164.237 - - [17/Apr/2026:08:25:45 +0000] "GET /wp-login.php HTTP/1.1" 200 1965 "-" "Mozilla/5.0"
137.184.164.237 - - [17/Apr/2026:08:25:46 +0000] "GET /?author=1 HTTP/1.1" 301 0 "-" "Mozilla/5.0"
137.184.164.237 - - [17/Apr/2026:08:25:47 +0000] "GET /?author=2 HTTP/1.1" 200 20772 "-" "Mozilla/5.0"
137.184.164.237 - - [17/Apr/2026:08:25:47 +0000] "GET /?author=3 HTTP/1.1" 200 20786 "-" "Mozilla/5.0"
137.184.164.237 - - [17/Apr/2026:08:25:48 +0000] "GET /?author=4 HTTP/1.1" 404 20407 "-" "Mozilla/5.0"
139.180.143.81 - - [17/Apr/2026:08:29:27 +0000] "GET /wp-login.php HTTP/2" 200 1743 "-" "Mozilla/5.0 (Windows NT 6.1; WOW64; Trident/7.0; MANM; MANM; rv:11.0) like Gecko"
185.244.36.210 - - [17/Apr/2026:08:30:19 +0000] "POST /wp-cron.php?doing_wp_cron=1776414618.9946649074554443359375 HTTP/1.1" 200 0 "-" "WordPress/6.9.4; https://aceph.pk"
137.184.164.237 - - [17/Apr/2026:08:30:16 +0000] "POST /wp-login.php HTTP/1.1" 200 5695 "-" "Mozilla/5.0"
74.7.244.14 - - [17/Apr/2026:08:31:59 +0000] "GET /robots.txt HTTP/2" 200 91 "-" "Mozilla/5.0 (Macintosh; Intel Mac OS X 10_15_7) AppleWebKit/537.36 (KHTML, like Gecko) Chrome/131.0.0.0 Safari/537.36; compatible; OAI-SearchBot/1.3; robots.txt; +https://openai.com/searchbot"
74.7.241.35 - - [17/Apr/2026:08:31:59 +0000] "GET /sitemap_index.xml HTTP/2" 200 259 "-" "Mozilla/5.0 AppleWebKit/537.36 (KHTML, like Gecko; compatible; GPTBot/1.3; +https://openai.com/gptbot)"
185.244.36.210 - - [17/Apr/2026:08:33:51 +0000] "POST /wp-cron.php?doing_wp_cron=1776414831.5067319869995117187500 HTTP/1.1" 200 0 "-" "WordPress/6.9.4; https://aceph.pk"
65.21.78.173 - - [17/Apr/2026:08:33:50 +0000] "GET /wp-login.php HTTP/2" 200 1743 "-" "Mozilla/5.0 (Macintosh; Intel Mac OS X 10_11_6) AppleWebKit/602.2.14 (KHTML, like Gecko) Version/10.0.1 Safari/602.2.14"
65.21.78.173 - - [17/Apr/2026:08:33:52 +0000] "POST /wp-login.php HTTP/2" 200 1868 "https://aceph.pk/wp-login.php" "Mozilla/5.0 (Macintosh; Intel Mac OS X 10_11_6) AppleWebKit/602.2.14 (KHTML, like Gecko) Version/10.0.1 Safari/602.2.14"
137.184.164.237 - - [17/Apr/2026:08:37:39 +0000] "POST /wp-login.php HTTP/1.1" 200 5713 "-" "Mozilla/5.0"
137.184.164.237 - - [17/Apr/2026:08:44:59 +0000] "POST /wp-login.php HTTP/1.1" 200 5697 "-" "Mozilla/5.0"
137.184.164.237 - - [17/Apr/2026:08:44:59 +0000] "POST /wp-login.php HTTP/1.1" 200 5695 "-" "Mozilla/5.0"
185.244.36.210 - - [17/Apr/2026:08:47:44 +0000] "POST /wp-cron.php?doing_wp_cron=1776415664.3485839366912841796875 HTTP/1.1" 200 0 "-" "WordPress/6.9.4; https://aceph.pk"
162.223.226.141 - - [17/Apr/2026:08:47:43 +0000] "POST /xmlrpc.php HTTP/2" 200 205 "-" "Mozilla/5.0 (Windows NT 6.1; WOW64; Trident/7.0; EIE10;ENUSMSN; rv:11.0) like Gecko"
185.244.36.210 - - [17/Apr/2026:08:51:40 +0000] "POST /wp-cron.php?doing_wp_cron=1776415900.8045570850372314453125 HTTP/1.1" 200 0 "-" "WordPress/6.9.4; https://aceph.pk"
115.245.68.134 - - [17/Apr/2026:08:51:40 +0000] "GET /wp-login.php HTTP/2" 200 1743 "-" "Mozilla/4.0 (compatible; MSIE 7.0; Windows NT 6.2; Win64; x64; Trident/7.0; .NET4.0E; .NET4.0C; .NET CLR 3.5.30729; .NET CLR 2.0.50727; .NET CLR 3.0.30729; InfoPath.3)"
185.244.36.210 - - [17/Apr/2026:08:19:50 +0000] "POST /wp-cron.php?doing_wp_cron=1776413990.7925429344177246093750 HTTP/1.1" 200 0 "-" "WordPress/6.9.4; https://aceph.pk"
185.244.36.210 - - [17/Apr/2026:08:24:24 +0000] "POST /wp-cron.php?doing_wp_cron=1776414264.8844389915466308593750 HTTP/1.1" 200 0 "-" "WordPress/6.9.4; https://aceph.pk"
13.210.97.104 - - [17/Apr/2026:08:24:24 +0000] "GET /wp-login.php HTTP/2" 200 1743 "-" "Mozilla/5.0 (Macintosh; Intel Mac OS X 10_12_6) AppleWebKit/537.36 (KHTML, like Gecko) Chrome/67.0.3396.79 Safari/537.36"
13.210.97.104 - - [17/Apr/2026:08:24:25 +0000] "POST /wp-login.php HTTP/2" 200 1868 "https://aceph.pk/wp-login.php" "Mozilla/5.0 (Macintosh; Intel Mac OS X 10_12_6) AppleWebKit/537.36 (KHTML, like Gecko) Chrome/67.0.3396.79 Safari/537.36"
185.244.36.210 - - [17/Apr/2026:08:25:08 +0000] "POST /wp-cron.php?doing_wp_cron=1776414308.7258119583129882812500 HTTP/1.1" 200 0 "-" "WordPress/6.9.4; https://aceph.pk"
185.244.36.210 - - [17/Apr/2026:08:29:28 +0000] "POST /wp-cron.php?doing_wp_cron=1776414568.3872680664062500000000 HTTP/1.1" 200 0 "-" "WordPress/6.9.4; https://aceph.pk"
137.184.164.237 - - [17/Apr/2026:08:30:16 +0000] "POST /wp-login.php HTTP/1.1" 200 5713 "-" "Mozilla/5.0"
137.184.164.237 - - [17/Apr/2026:08:30:16 +0000] "POST /wp-login.php HTTP/1.1" 200 5697 "-" "Mozilla/5.0"
185.244.36.210 - - [17/Apr/2026:08:32:02 +0000] "POST /wp-cron.php?doing_wp_cron=1776414722.1487579345703125000000 HTTP/1.1" 200 0 "-" "WordPress/6.9.4; https://aceph.pk"
185.244.36.210 - - [17/Apr/2026:08:37:41 +0000] "POST /wp-cron.php?doing_wp_cron=1776415061.9041049480438232421875 HTTP/1.1" 200 0 "-" "WordPress/6.9.4; https://aceph.pk"
185.244.36.210 - - [17/Apr/2026:08:37:41 +0000] "POST /wp-cron.php?doing_wp_cron=1776415061.9042410850524902343750 HTTP/1.1" 200 0 "-" "WordPress/6.9.4; https://aceph.pk"
137.184.164.237 - - [17/Apr/2026:08:37:39 +0000] "POST /wp-login.php HTTP/1.1" 200 5695 "-" "Mozilla/5.0"
185.244.36.210 - - [17/Apr/2026:08:37:41 +0000] "POST /wp-cron.php?doing_wp_cron=1776415061.9035980701446533203125 HTTP/1.1" 200 0 "-" "WordPress/6.9.4; https://aceph.pk"
137.184.164.237 - - [17/Apr/2026:08:37:39 +0000] "POST /wp-login.php HTTP/1.1" 200 5697 "-" "Mozilla/5.0"
170.64.221.162 - - [17/Apr/2026:08:41:29 +0000] "GET /wp-login.php HTTP/1.1" 200 1965 "-" "Mozilla/5.0"
170.64.221.162 - - [17/Apr/2026:08:41:30 +0000] "GET /?author=1 HTTP/1.1" 301 0 "-" "Mozilla/5.0"
170.64.221.162 - - [17/Apr/2026:08:41:31 +0000] "GET /?author=2 HTTP/1.1" 200 20772 "-" "Mozilla/5.0"
170.64.221.162 - - [17/Apr/2026:08:41:32 +0000] "GET /?author=3 HTTP/1.1" 200 20786 "-" "Mozilla/5.0"
170.64.221.162 - - [17/Apr/2026:08:41:33 +0000] "GET /?author=4 HTTP/1.1" 404 20407 "-" "Mozilla/5.0"
137.184.164.237 - - [17/Apr/2026:08:44:59 +0000] "POST /wp-login.php HTTP/1.1" 200 5713 "-" "Mozilla/5.0"
185.244.36.210 - - [17/Apr/2026:08:45:01 +0000] "POST /wp-cron.php?doing_wp_cron=1776415501.0240690708160400390625 HTTP/1.1" 200 0 "-" "WordPress/6.9.4; https://aceph.pk"
85.215.210.114 - - [17/Apr/2026:08:51:51 +0000] "POST /xmlrpc.php HTTP/2" 200 205 "-" "Mozilla/5.0 (X11; Linux x86_64) AppleWebKit/537.36 (KHTML, like Gecko) Chrome/66.0.3359.158 Safari/537.36"
185.244.36.210 - - [17/Apr/2026:08:54:53 +0000] "POST /wp-cron.php?doing_wp_cron=1776416093.2015619277954101562500 HTTP/1.1" 200 0 "-" "WordPress/6.9.4; https://aceph.pk"
185.244.36.210 - - [17/Apr/2026:08:56:06 +0000] "POST /wp-cron.php?doing_wp_cron=1776416166.5945129394531250000000 HTTP/1.1" 200 0 "-" "WordPress/6.9.4; https://aceph.pk"
213.133.103.134 - - [17/Apr/2026:08:56:05 +0000] "POST /xmlrpc.php HTTP/2" 200 205 "-" "Mozilla/5.0 (Windows NT 6.1) AppleWebKit/537.36 (KHTML, like Gecko) Chrome/67.0.3396.79 Safari/537.36"
185.244.36.210 - - [17/Apr/2026:09:00:18 +0000] "POST /wp-cron.php?doing_wp_cron=1776416418.4265670776367187500000 HTTP/1.1" 200 0 "-" "WordPress/6.9.4; https://aceph.pk"
103.57.223.70 - - [17/Apr/2026:09:00:17 +0000] "GET /wp-login.php HTTP/2" 200 1743 "-" "Mozilla/5.0 (compatible, MSIE 11, Windows NT 6.3; Trident/7.0; rv:11.0) like Gecko"
103.57.223.70 - - [17/Apr/2026:09:00:19 +0000] "POST /wp-login.php HTTP/2" 200 1868 "https://aceph.pk/wp-login.php" "Mozilla/5.0 (compatible, MSIE 11, Windows NT 6.3; Trident/7.0; rv:11.0) like Gecko"
66.102.135.126 - - [17/Apr/2026:09:04:34 +0000] "POST /xmlrpc.php HTTP/2" 200 205 "-" "Mozilla/4.0 (compatible; MSIE 7.0; Windows NT 6.3; WOW64; Trident/7.0; .NET4.0E; .NET4.0C; .NET CLR 3.5.30729; .NET CLR 2.0.50727; .NET CLR 3.0.30729; InfoPath.3)"
185.244.36.210 - - [17/Apr/2026:09:08:37 +0000] "POST /wp-cron.php?doing_wp_cron=1776416917.4017341136932373046875 HTTP/1.1" 200 0 "-" "WordPress/6.9.4; https://aceph.pk"
137.184.164.237 - - [17/Apr/2026:09:08:35 +0000] "POST /wp-login.php HTTP/1.1" 200 5695 "-" "Mozilla/5.0"
185.244.36.210 - - [17/Apr/2026:09:08:37 +0000] "POST /wp-cron.php?doing_wp_cron=1776416917.4064810276031494140625 HTTP/1.1" 200 0 "-" "WordPress/6.9.4; https://aceph.pk"
137.184.164.237 - - [17/Apr/2026:09:08:35 +0000] "POST /wp-login.php HTTP/1.1" 200 5697 "-" "Mozilla/5.0"
43.165.70.220 - - [17/Apr/2026:09:11:16 +0000] "GET / HTTP/1.1" 200 39654 "http://aceph.pk" "Mozilla/5.0 (iPhone; CPU iPhone OS 13_2_3 like Mac OS X) AppleWebKit/605.1.15 (KHTML, like Gecko) Version/13.0.3 Mobile/15E148 Safari/604.1"
185.244.36.210 - - [17/Apr/2026:09:13:18 +0000] "POST /wp-cron.php?doing_wp_cron=1776417198.4305489063262939453125 HTTP/1.1" 200 0 "-" "WordPress/6.9.4; https://aceph.pk"
103.100.38.132 - - [17/Apr/2026:09:17:32 +0000] "GET /wp-login.php HTTP/2" 200 1743 "-" "Mozilla/5.0 (Windows NT 10.0; WOW64; Trident/7.0; MDDSJS; rv:11.0) like Gecko"
103.100.38.132 - - [17/Apr/2026:09:17:34 +0000] "POST /wp-login.php HTTP/2" 200 1868 "https://aceph.pk/wp-login.php" "Mozilla/5.0 (Windows NT 10.0; WOW64; Trident/7.0; MDDSJS; rv:11.0) like Gecko"
13.114.51.134 - - [17/Apr/2026:09:17:52 +0000] "POST /wp-login.php HTTP/1.1" 200 2096 "-" "Mozilla/5.0 (Windows NT 10.0; Win64; rv:143.0) Gecko/20100101 Firefox/143.0"
185.244.36.210 - - [17/Apr/2026:09:23:28 +0000] "POST /wp-cron.php?doing_wp_cron=1776417808.5889880657196044921875 HTTP/1.1" 200 0 "-" "WordPress/6.9.4; https://aceph.pk"
137.184.164.237 - - [17/Apr/2026:09:23:26 +0000] "POST /wp-login.php HTTP/1.1" 200 5695 "-" "Mozilla/5.0"
137.184.164.237 - - [17/Apr/2026:09:23:26 +0000] "POST /wp-login.php HTTP/1.1" 200 5713 "-" "Mozilla/5.0"
34.72.111.115 - - [17/Apr/2026:09:23:42 +0000] "GET / HTTP/1.1" 200 168947 "-" "Mozilla/5.0 (Windows NT 10.0; Win64; x64) AppleWebKit/537.36 (KHTML, like Gecko) Chrome/78.0.3904.108 Safari/537.36"
34.72.111.115 - - [17/Apr/2026:09:23:44 +0000] "GET //wp-includes/wlwmanifest.xml HTTP/1.1" 301 0 "-" "Mozilla/5.0 (Windows NT 10.0; Win64; x64) AppleWebKit/537.36 (KHTML, like Gecko) Chrome/78.0.3904.108 Safari/537.36"
34.72.111.115 - - [17/Apr/2026:09:23:44 +0000] "GET //xmlrpc.php?rsd HTTP/1.1" 200 762 "-" "Mozilla/5.0 (Windows NT 10.0; Win64; x64) AppleWebKit/537.36 (KHTML, like Gecko) Chrome/78.0.3904.108 Safari/537.36"
34.72.111.115 - - [17/Apr/2026:09:23:45 +0000] "GET //?author=1 HTTP/1.1" 301 0 "-" "Mozilla/5.0 (Windows NT 10.0; Win64; x64) AppleWebKit/537.36 (KHTML, like Gecko) Chrome/78.0.3904.108 Safari/537.36"
34.72.111.115 - - [17/Apr/2026:09:23:47 +0000] "GET //?author=2 HTTP/1.1" 301 0 "-" "Mozilla/5.0 (Windows NT 10.0; Win64; x64) AppleWebKit/537.36 (KHTML, like Gecko) Chrome/78.0.3904.108 Safari/537.36"
34.72.111.115 - - [17/Apr/2026:09:23:48 +0000] "GET //wp-json/wp/v2/users/ HTTP/1.1" 200 812 "-" "Mozilla/5.0 (Windows NT 10.0; Win64; x64) AppleWebKit/537.36 (KHTML, like Gecko) Chrome/78.0.3904.108 Safari/537.36"
34.72.111.115 - - [17/Apr/2026:09:23:49 +0000] "POST //xmlrpc.php HTTP/1.1" 200 401 "-" "Mozilla/5.0 (Windows NT 10.0; Win64; x64) AppleWebKit/537.36 (KHTML, like Gecko) Chrome/78.0.3904.108 Safari/537.36"
34.72.111.115 - - [17/Apr/2026:09:23:50 +0000] "POST //xmlrpc.php HTTP/1.1" 200 401 "-" "Mozilla/5.0 (Windows NT 10.0; Win64; x64) AppleWebKit/537.36 (KHTML, like Gecko) Chrome/78.0.3904.108 Safari/537.36"
34.72.111.115 - - [17/Apr/2026:09:23:52 +0000] "POST //xmlrpc.php HTTP/1.1" 200 401 "-" "Mozilla/5.0 (Windows NT 10.0; Win64; x64) AppleWebKit/537.36 (KHTML, like Gecko) Chrome/78.0.3904.108 Safari/537.36"
34.72.111.115 - - [17/Apr/2026:09:23:52 +0000] "POST //xmlrpc.php HTTP/1.1" 200 401 "-" "Mozilla/5.0 (Windows NT 10.0; Win64; x64) AppleWebKit/537.36 (KHTML, like Gecko) Chrome/78.0.3904.108 Safari/537.36"
34.72.111.115 - - [17/Apr/2026:09:23:54 +0000] "POST //xmlrpc.php HTTP/1.1" 200 401 "-" "Mozilla/5.0 (Windows NT 10.0; Win64; x64) AppleWebKit/537.36 (KHTML, like Gecko) Chrome/78.0.3904.108 Safari/537.36"
34.72.111.115 - - [17/Apr/2026:09:23:55 +0000] "POST //xmlrpc.php HTTP/1.1" 200 401 "-" "Mozilla/5.0 (Windows NT 10.0; Win64; x64) AppleWebKit/537.36 (KHTML, like Gecko) Chrome/78.0.3904.108 Safari/537.36"
185.244.36.210 - - [17/Apr/2026:09:24:00 +0000] "POST /wp-cron.php?doing_wp_cron=1776417840.9289610385894775390625 HTTP/1.1" 200 0 "-" "WordPress/6.9.4; https://aceph.pk"
34.72.111.115 - - [17/Apr/2026:09:23:57 +0000] "POST //xmlrpc.php HTTP/1.1" 200 401 "-" "Mozilla/5.0 (Windows NT 10.0; Win64; x64) AppleWebKit/537.36 (KHTML, like Gecko) Chrome/78.0.3904.108 Safari/537.36"
34.72.111.115 - - [17/Apr/2026:09:24:01 +0000] "POST //xmlrpc.php HTTP/1.1" 200 401 "-" "Mozilla/5.0 (Windows NT 10.0; Win64; x64) AppleWebKit/537.36 (KHTML, like Gecko) Chrome/78.0.3904.108 Safari/537.36"
34.72.111.115 - - [17/Apr/2026:09:24:05 +0000] "POST //xmlrpc.php HTTP/1.1" 200 401 "-" "Mozilla/5.0 (Windows NT 10.0; Win64; x64) AppleWebKit/537.36 (KHTML, like Gecko) Chrome/78.0.3904.108 Safari/537.36"
34.72.111.115 - - [17/Apr/2026:09:24:09 +0000] "POST //xmlrpc.php HTTP/1.1" 200 401 "-" "Mozilla/5.0 (Windows NT 10.0; Win64; x64) AppleWebKit/537.36 (KHTML, like Gecko) Chrome/78.0.3904.108 Safari/537.36"
34.72.111.115 - - [17/Apr/2026:09:24:15 +0000] "POST //xmlrpc.php HTTP/1.1" 200 401 "-" "Mozilla/5.0 (Windows NT 10.0; Win64; x64) AppleWebKit/537.36 (KHTML, like Gecko) Chrome/78.0.3904.108 Safari/537.36"
34.72.111.115 - - [17/Apr/2026:09:24:20 +0000] "POST //xmlrpc.php HTTP/1.1" 200 401 "-" "Mozilla/5.0 (Windows NT 10.0; Win64; x64) AppleWebKit/537.36 (KHTML, like Gecko) Chrome/78.0.3904.108 Safari/537.36"
34.72.111.115 - - [17/Apr/2026:09:24:31 +0000] "POST //xmlrpc.php HTTP/1.1" 200 401 "-" "Mozilla/5.0 (Windows NT 10.0; Win64; x64) AppleWebKit/537.36 (KHTML, like Gecko) Chrome/78.0.3904.108 Safari/537.36"
185.244.36.210 - - [17/Apr/2026:09:25:01 +0000] "POST /wp-cron.php?doing_wp_cron=1776417901.3680059909820556640625 HTTP/1.1" 200 0 "-" "WordPress/6.9.4; https://aceph.pk"
34.72.111.115 - - [17/Apr/2026:09:24:47 +0000] "POST //xmlrpc.php HTTP/1.1" 200 401 "-" "Mozilla/5.0 (Windows NT 10.0; Win64; x64) AppleWebKit/537.36 (KHTML, like Gecko) Chrome/78.0.3904.108 Safari/537.36"
34.72.111.115 - - [17/Apr/2026:09:25:01 +0000] "POST //xmlrpc.php HTTP/1.1" 200 401 "-" "Mozilla/5.0 (Windows NT 10.0; Win64; x64) AppleWebKit/537.36 (KHTML, like Gecko) Chrome/78.0.3904.108 Safari/537.36"
34.72.111.115 - - [17/Apr/2026:09:25:16 +0000] "POST //xmlrpc.php HTTP/1.1" 200 401 "-" "Mozilla/5.0 (Windows NT 10.0; Win64; x64) AppleWebKit/537.36 (KHTML, like Gecko) Chrome/78.0.3904.108 Safari/537.36"
34.72.111.115 - - [17/Apr/2026:09:25:31 +0000] "POST //xmlrpc.php HTTP/1.1" 200 401 "-" "Mozilla/5.0 (Windows NT 10.0; Win64; x64) AppleWebKit/537.36 (KHTML, like Gecko) Chrome/78.0.3904.108 Safari/537.36"
34.72.111.115 - - [17/Apr/2026:09:25:46 +0000] "POST //xmlrpc.php HTTP/1.1" 200 401 "-" "Mozilla/5.0 (Windows NT 10.0; Win64; x64) AppleWebKit/537.36 (KHTML, like Gecko) Chrome/78.0.3904.108 Safari/537.36"
34.72.111.115 - - [17/Apr/2026:09:26:02 +0000] "POST //xmlrpc.php HTTP/1.1" 200 401 "-" "Mozilla/5.0 (Windows NT 10.0; Win64; x64) AppleWebKit/537.36 (KHTML, like Gecko) Chrome/78.0.3904.108 Safari/537.36"
34.72.111.115 - - [17/Apr/2026:09:26:16 +0000] "POST //xmlrpc.php HTTP/1.1" 200 401 "-" "Mozilla/5.0 (Windows NT 10.0; Win64; x64) AppleWebKit/537.36 (KHTML, like Gecko) Chrome/78.0.3904.108 Safari/537.36"
34.72.111.115 - - [17/Apr/2026:09:26:31 +0000] "POST //xmlrpc.php HTTP/1.1" 200 401 "-" "Mozilla/5.0 (Windows NT 10.0; Win64; x64) AppleWebKit/537.36 (KHTML, like Gecko) Chrome/78.0.3904.108 Safari/537.36"
185.244.36.210 - - [17/Apr/2026:09:27:01 +0000] "POST /wp-cron.php?doing_wp_cron=1776418021.5215899944305419921875 HTTP/1.1" 200 0 "-" "WordPress/6.9.4; https://aceph.pk"
34.72.111.115 - - [17/Apr/2026:09:26:46 +0000] "POST //xmlrpc.php HTTP/1.1" 200 401 "-" "Mozilla/5.0 (Windows NT 10.0; Win64; x64) AppleWebKit/537.36 (KHTML, like Gecko) Chrome/78.0.3904.108 Safari/537.36"
34.72.111.115 - - [17/Apr/2026:09:27:01 +0000] "POST //xmlrpc.php HTTP/1.1" 200 401 "-" "Mozilla/5.0 (Windows NT 10.0; Win64; x64) AppleWebKit/537.36 (KHTML, like Gecko) Chrome/78.0.3904.108 Safari/537.36"
34.72.111.115 - - [17/Apr/2026:09:27:16 +0000] "POST //xmlrpc.php HTTP/1.1" 200 401 "-" "Mozilla/5.0 (Windows NT 10.0; Win64; x64) AppleWebKit/537.36 (KHTML, like Gecko) Chrome/78.0.3904.108 Safari/537.36"
34.72.111.115 - - [17/Apr/2026:09:27:31 +0000] "POST //xmlrpc.php HTTP/1.1" 200 401 "-" "Mozilla/5.0 (Windows NT 10.0; Win64; x64) AppleWebKit/537.36 (KHTML, like Gecko) Chrome/78.0.3904.108 Safari/537.36"
34.72.111.115 - - [17/Apr/2026:09:27:46 +0000] "POST //xmlrpc.php HTTP/1.1" 200 401 "-" "Mozilla/5.0 (Windows NT 10.0; Win64; x64) AppleWebKit/537.36 (KHTML, like Gecko) Chrome/78.0.3904.108 Safari/537.36"
34.72.111.115 - - [17/Apr/2026:09:28:01 +0000] "POST //xmlrpc.php HTTP/1.1" 200 401 "-" "Mozilla/5.0 (Windows NT 10.0; Win64; x64) AppleWebKit/537.36 (KHTML, like Gecko) Chrome/78.0.3904.108 Safari/537.36"
34.72.111.115 - - [17/Apr/2026:09:28:16 +0000] "POST //xmlrpc.php HTTP/1.1" 200 401 "-" "Mozilla/5.0 (Windows NT 10.0; Win64; x64) AppleWebKit/537.36 (KHTML, like Gecko) Chrome/78.0.3904.108 Safari/537.36"
34.72.111.115 - - [17/Apr/2026:09:28:31 +0000] "POST //xmlrpc.php HTTP/1.1" 200 401 "-" "Mozilla/5.0 (Windows NT 10.0; Win64; x64) AppleWebKit/537.36 (KHTML, like Gecko) Chrome/78.0.3904.108 Safari/537.36"
185.244.36.210 - - [17/Apr/2026:09:29:01 +0000] "POST /wp-cron.php?doing_wp_cron=1776418141.5886220932006835937500 HTTP/1.1" 200 0 "-" "WordPress/6.9.4; https://aceph.pk"
34.72.111.115 - - [17/Apr/2026:09:28:46 +0000] "POST //xmlrpc.php HTTP/1.1" 200 401 "-" "Mozilla/5.0 (Windows NT 10.0; Win64; x64) AppleWebKit/537.36 (KHTML, like Gecko) Chrome/78.0.3904.108 Safari/537.36"
34.72.111.115 - - [17/Apr/2026:09:29:01 +0000] "POST //xmlrpc.php HTTP/1.1" 200 401 "-" "Mozilla/5.0 (Windows NT 10.0; Win64; x64) AppleWebKit/537.36 (KHTML, like Gecko) Chrome/78.0.3904.108 Safari/537.36"
34.72.111.115 - - [17/Apr/2026:09:29:17 +0000] "POST //xmlrpc.php HTTP/1.1" 200 401 "-" "Mozilla/5.0 (Windows NT 10.0; Win64; x64) AppleWebKit/537.36 (KHTML, like Gecko) Chrome/78.0.3904.108 Safari/537.36"
43.153.19.83 - - [17/Apr/2026:09:29:39 +0000] "GET / HTTP/1.1" 200 39654 "http://aceph.pk" "Mozilla/5.0 (iPhone; CPU iPhone OS 13_2_3 like Mac OS X) AppleWebKit/605.1.15 (KHTML, like Gecko) Version/13.0.3 Mobile/15E148 Safari/604.1"
34.72.111.115 - - [17/Apr/2026:09:29:32 +0000] "POST //xmlrpc.php HTTP/1.1" 200 401 "-" "Mozilla/5.0 (Windows NT 10.0; Win64; x64) AppleWebKit/537.36 (KHTML, like Gecko) Chrome/78.0.3904.108 Safari/537.36"
34.72.111.115 - - [17/Apr/2026:09:29:46 +0000] "POST //xmlrpc.php HTTP/1.1" 200 401 "-" "Mozilla/5.0 (Windows NT 10.0; Win64; x64) AppleWebKit/537.36 (KHTML, like Gecko) Chrome/78.0.3904.108 Safari/537.36"
34.72.111.115 - - [17/Apr/2026:09:30:02 +0000] "POST //xmlrpc.php HTTP/1.1" 200 401 "-" "Mozilla/5.0 (Windows NT 10.0; Win64; x64) AppleWebKit/537.36 (KHTML, like Gecko) Chrome/78.0.3904.108 Safari/537.36"
34.72.111.115 - - [17/Apr/2026:09:30:16 +0000] "POST //xmlrpc.php HTTP/1.1" 200 401 "-" "Mozilla/5.0 (Windows NT 10.0; Win64; x64) AppleWebKit/537.36 (KHTML, like Gecko) Chrome/78.0.3904.108 Safari/537.36"
115.245.68.134 - - [17/Apr/2026:08:51:41 +0000] "POST /wp-login.php HTTP/2" 200 1868 "https://aceph.pk/wp-login.php" "Mozilla/4.0 (compatible; MSIE 7.0; Windows NT 6.2; Win64; x64; Trident/7.0; .NET4.0E; .NET4.0C; .NET CLR 3.5.30729; .NET CLR 2.0.50727; .NET CLR 3.0.30729; InfoPath.3)"
137.184.164.237 - - [17/Apr/2026:08:54:50 +0000] "POST /wp-login.php HTTP/1.1" 200 5697 "-" "Mozilla/5.0"
137.184.164.237 - - [17/Apr/2026:08:54:50 +0000] "POST /wp-login.php HTTP/1.1" 200 5713 "-" "Mozilla/5.0"
137.184.164.237 - - [17/Apr/2026:08:54:50 +0000] "POST /wp-login.php HTTP/1.1" 200 5695 "-" "Mozilla/5.0"
185.244.36.210 - - [17/Apr/2026:09:04:35 +0000] "POST /wp-cron.php?doing_wp_cron=1776416675.3824050426483154296875 HTTP/1.1" 200 0 "-" "WordPress/6.9.4; https://aceph.pk"
137.184.164.237 - - [17/Apr/2026:09:08:35 +0000] "POST /wp-login.php HTTP/1.1" 200 5713 "-" "Mozilla/5.0"
185.244.36.210 - - [17/Apr/2026:09:08:37 +0000] "POST /wp-cron.php?doing_wp_cron=1776416917.4061338901519775390625 HTTP/1.1" 200 0 "-" "WordPress/6.9.4; https://aceph.pk"
185.244.36.210 - - [17/Apr/2026:09:09:01 +0000] "POST /wp-cron.php?doing_wp_cron=1776416941.3676359653472900390625 HTTP/1.1" 200 0 "-" "WordPress/6.9.4; https://aceph.pk"
14.194.98.252 - - [17/Apr/2026:09:09:00 +0000] "GET /wp-login.php HTTP/2" 200 1743 "-" "Mozilla/5.0 (Windows NT 6.3; WOW64; Trident/7.0; MAMIJS; rv:11.0) like Gecko"
14.194.98.252 - - [17/Apr/2026:09:09:01 +0000] "POST /wp-login.php HTTP/2" 200 1868 "https://aceph.pk/wp-login.php" "Mozilla/5.0 (Windows NT 6.3; WOW64; Trident/7.0; MAMIJS; rv:11.0) like Gecko"
35.229.146.197 - - [17/Apr/2026:09:13:17 +0000] "GET /wp-login.php HTTP/2" 200 1743 "-" "Mozilla/5.0 (Macintosh; Intel Mac OS X 10_13_1) AppleWebKit/604.3.1 (KHTML, like Gecko) Version/11.0.1 Safari/604.3.1"
35.229.146.197 - - [17/Apr/2026:09:13:18 +0000] "POST /wp-login.php HTTP/2" 200 1868 "https://aceph.pk/wp-login.php" "Mozilla/5.0 (Macintosh; Intel Mac OS X 10_13_1) AppleWebKit/604.3.1 (KHTML, like Gecko) Version/11.0.1 Safari/604.3.1"
185.244.36.210 - - [17/Apr/2026:09:17:33 +0000] "POST /wp-cron.php?doing_wp_cron=1776417453.1176040172576904296875 HTTP/1.1" 200 0 "-" "WordPress/6.9.4; https://aceph.pk"
137.184.164.237 - - [17/Apr/2026:09:23:26 +0000] "POST /wp-login.php HTTP/1.1" 200 5697 "-" "Mozilla/5.0"
65.21.141.183 - - [17/Apr/2026:09:23:36 +0000] "POST /xmlrpc.php HTTP/2" 200 205 "-" "Mozilla/5.0 (Windows NT 6.3; WOW64; Trident/7.0; MATMJS; rv:11.0) like Gecko"
13.114.51.134 - - [17/Apr/2026:09:25:27 +0000] "POST /wp-login.php HTTP/1.1" 200 2096 "-" "Mozilla/5.0 (Windows NT 10.0; Win64; rv:143.0) Gecko/20100101 Firefox/143.0"
75.119.158.27 - - [17/Apr/2026:09:25:47 +0000] "GET /wp-login.php HTTP/2" 200 1743 "-" "Mozilla/5.0 (Macintosh; Intel Mac OS X 10_10_5) AppleWebKit/603.2.5 (KHTML, like Gecko) Version/10.1.1 Safari/603.2.5"
75.119.158.27 - - [17/Apr/2026:09:25:48 +0000] "POST /wp-login.php HTTP/2" 200 1868 "https://aceph.pk/wp-login.php" "Mozilla/5.0 (Macintosh; Intel Mac OS X 10_10_5) AppleWebKit/603.2.5 (KHTML, like Gecko) Version/10.1.1 Safari/603.2.5"
185.244.36.210 - - [17/Apr/2026:09:26:02 +0000] "POST /wp-cron.php?doing_wp_cron=1776417962.0111389160156250000000 HTTP/1.1" 200 0 "-" "WordPress/6.9.4; https://aceph.pk"
185.244.36.210 - - [17/Apr/2026:09:28:01 +0000] "POST /wp-cron.php?doing_wp_cron=1776418081.7595729827880859375000 HTTP/1.1" 200 0 "-" "WordPress/6.9.4; https://aceph.pk"
185.244.36.210 - - [17/Apr/2026:09:29:59 +0000] "POST /wp-cron.php?doing_wp_cron=1776418199.9123020172119140625000 HTTP/1.1" 200 0 "-" "WordPress/6.9.4; https://aceph.pk"
65.21.141.183 - - [17/Apr/2026:09:29:59 +0000] "GET /wp-login.php HTTP/2" 200 1743 "-" "Mozilla/5.0 (Windows NT 10.0; Win64; x64; rv:60.0) Gecko/20100101 Firefox/60.0"
65.21.141.183 - - [17/Apr/2026:09:30:01 +0000] "POST /wp-login.php HTTP/2" 200 1868 "https://aceph.pk/wp-login.php" "Mozilla/5.0 (Windows NT 10.0; Win64; x64; rv:60.0) Gecko/20100101 Firefox/60.0"
34.72.111.115 - - [17/Apr/2026:09:30:31 +0000] "POST //xmlrpc.php HTTP/1.1" 200 401 "-" "Mozilla/5.0 (Windows NT 10.0; Win64; x64) AppleWebKit/537.36 (KHTML, like Gecko) Chrome/78.0.3904.108 Safari/537.36"
185.244.36.210 - - [17/Apr/2026:09:31:01 +0000] "POST /wp-cron.php?doing_wp_cron=1776418261.4498779773712158203125 HTTP/1.1" 200 0 "-" "WordPress/6.9.4; https://aceph.pk"
34.72.111.115 - - [17/Apr/2026:09:30:47 +0000] "POST //xmlrpc.php HTTP/1.1" 200 401 "-" "Mozilla/5.0 (Windows NT 10.0; Win64; x64) AppleWebKit/537.36 (KHTML, like Gecko) Chrome/78.0.3904.108 Safari/537.36"
34.72.111.115 - - [17/Apr/2026:09:31:01 +0000] "POST //xmlrpc.php HTTP/1.1" 200 401 "-" "Mozilla/5.0 (Windows NT 10.0; Win64; x64) AppleWebKit/537.36 (KHTML, like Gecko) Chrome/78.0.3904.108 Safari/537.36"
34.72.111.115 - - [17/Apr/2026:09:31:16 +0000] "POST //xmlrpc.php HTTP/1.1" 200 401 "-" "Mozilla/5.0 (Windows NT 10.0; Win64; x64) AppleWebKit/537.36 (KHTML, like Gecko) Chrome/78.0.3904.108 Safari/537.36"
34.72.111.115 - - [17/Apr/2026:09:31:31 +0000] "POST //xmlrpc.php HTTP/1.1" 200 401 "-" "Mozilla/5.0 (Windows NT 10.0; Win64; x64) AppleWebKit/537.36 (KHTML, like Gecko) Chrome/78.0.3904.108 Safari/537.36"
185.244.36.210 - - [17/Apr/2026:09:32:01 +0000] "POST /wp-cron.php?doing_wp_cron=1776418321.8652400970458984375000 HTTP/1.1" 200 0 "-" "WordPress/6.9.4; https://aceph.pk"
34.72.111.115 - - [17/Apr/2026:09:31:46 +0000] "POST //xmlrpc.php HTTP/1.1" 200 401 "-" "Mozilla/5.0 (Windows NT 10.0; Win64; x64) AppleWebKit/537.36 (KHTML, like Gecko) Chrome/78.0.3904.108 Safari/537.36"
185.244.36.210 - - [17/Apr/2026:09:32:16 +0000] "POST /wp-cron.php?doing_wp_cron=1776418336.3882520198822021484375 HTTP/1.1" 200 0 "-" "WordPress/6.9.4; https://aceph.pk"
34.72.111.115 - - [17/Apr/2026:09:32:02 +0000] "POST //xmlrpc.php HTTP/1.1" 200 401 "-" "Mozilla/5.0 (Windows NT 10.0; Win64; x64) AppleWebKit/537.36 (KHTML, like Gecko) Chrome/78.0.3904.108 Safari/537.36"
34.72.111.115 - - [17/Apr/2026:09:32:16 +0000] "POST //xmlrpc.php HTTP/1.1" 200 401 "-" "Mozilla/5.0 (Windows NT 10.0; Win64; x64) AppleWebKit/537.36 (KHTML, like Gecko) Chrome/78.0.3904.108 Safari/537.36"
34.72.111.115 - - [17/Apr/2026:09:32:31 +0000] "POST //xmlrpc.php HTTP/1.1" 200 401 "-" "Mozilla/5.0 (Windows NT 10.0; Win64; x64) AppleWebKit/537.36 (KHTML, like Gecko) Chrome/78.0.3904.108 Safari/537.36"
34.72.111.115 - - [17/Apr/2026:09:32:46 +0000] "POST //xmlrpc.php HTTP/1.1" 200 401 "-" "Mozilla/5.0 (Windows NT 10.0; Win64; x64) AppleWebKit/537.36 (KHTML, like Gecko) Chrome/78.0.3904.108 Safari/537.36"
34.72.111.115 - - [17/Apr/2026:09:33:01 +0000] "POST //xmlrpc.php HTTP/1.1" 200 401 "-" "Mozilla/5.0 (Windows NT 10.0; Win64; x64) AppleWebKit/537.36 (KHTML, like Gecko) Chrome/78.0.3904.108 Safari/537.36"
170.64.221.162 - - [17/Apr/2026:09:33:29 +0000] "POST /wp-login.php HTTP/1.1" 200 5713 "-" "Mozilla/5.0"
170.64.221.162 - - [17/Apr/2026:09:33:29 +0000] "POST /wp-login.php HTTP/1.1" 200 5697 "-" "Mozilla/5.0"
34.72.111.115 - - [17/Apr/2026:09:33:17 +0000] "POST //xmlrpc.php HTTP/1.1" 200 401 "-" "Mozilla/5.0 (Windows NT 10.0; Win64; x64) AppleWebKit/537.36 (KHTML, like Gecko) Chrome/78.0.3904.108 Safari/537.36"
13.114.51.134 - - [17/Apr/2026:09:33:45 +0000] "POST /wp-login.php HTTP/1.1" 200 2096 "-" "Mozilla/5.0 (Windows NT 10.0; Win64; x64) AppleWebKit/537.36 Chrome/129.0.0.0 Safari/537.36"
34.72.111.115 - - [17/Apr/2026:09:33:32 +0000] "POST //xmlrpc.php HTTP/1.1" 200 401 "-" "Mozilla/5.0 (Windows NT 10.0; Win64; x64) AppleWebKit/537.36 (KHTML, like Gecko) Chrome/78.0.3904.108 Safari/537.36"
34.72.111.115 - - [17/Apr/2026:09:33:47 +0000] "POST //xmlrpc.php HTTP/1.1" 200 401 "-" "Mozilla/5.0 (Windows NT 10.0; Win64; x64) AppleWebKit/537.36 (KHTML, like Gecko) Chrome/78.0.3904.108 Safari/537.36"
172.105.190.145 - - [17/Apr/2026:09:34:03 +0000] "GET /wp-login.php HTTP/2" 200 1743 "-" "Mozilla/5.0 (Windows NT 10.0; WOW64; Trident/7.0; rv:11.0) like Gecko"
172.105.190.145 - - [17/Apr/2026:09:34:04 +0000] "POST /wp-login.php HTTP/2" 200 1868 "https://aceph.pk/wp-login.php" "Mozilla/5.0 (Windows NT 10.0; WOW64; Trident/7.0; rv:11.0) like Gecko"
34.72.111.115 - - [17/Apr/2026:09:34:01 +0000] "POST //xmlrpc.php HTTP/1.1" 200 401 "-" "Mozilla/5.0 (Windows NT 10.0; Win64; x64) AppleWebKit/537.36 (KHTML, like Gecko) Chrome/78.0.3904.108 Safari/537.36"
34.72.111.115 - - [17/Apr/2026:09:34:16 +0000] "POST //xmlrpc.php HTTP/1.1" 200 401 "-" "Mozilla/5.0 (Windows NT 10.0; Win64; x64) AppleWebKit/537.36 (KHTML, like Gecko) Chrome/78.0.3904.108 Safari/537.36"
34.72.111.115 - - [17/Apr/2026:09:34:31 +0000] "POST //xmlrpc.php HTTP/1.1" 200 401 "-" "Mozilla/5.0 (Windows NT 10.0; Win64; x64) AppleWebKit/537.36 (KHTML, like Gecko) Chrome/78.0.3904.108 Safari/537.36"
185.244.36.210 - - [17/Apr/2026:09:35:01 +0000] "POST /wp-cron.php?doing_wp_cron=1776418501.4675049781799316406250 HTTP/1.1" 200 0 "-" "WordPress/6.9.4; https://aceph.pk"
34.72.111.115 - - [17/Apr/2026:09:34:46 +0000] "POST //xmlrpc.php HTTP/1.1" 200 401 "-" "Mozilla/5.0 (Windows NT 10.0; Win64; x64) AppleWebKit/537.36 (KHTML, like Gecko) Chrome/78.0.3904.108 Safari/537.36"
34.72.111.115 - - [17/Apr/2026:09:35:01 +0000] "POST //xmlrpc.php HTTP/1.1" 200 401 "-" "Mozilla/5.0 (Windows NT 10.0; Win64; x64) AppleWebKit/537.36 (KHTML, like Gecko) Chrome/78.0.3904.108 Safari/537.36"
34.72.111.115 - - [17/Apr/2026:09:35:17 +0000] "POST //xmlrpc.php HTTP/1.1" 200 401 "-" "Mozilla/5.0 (Windows NT 10.0; Win64; x64) AppleWebKit/537.36 (KHTML, like Gecko) Chrome/78.0.3904.108 Safari/537.36"
34.72.111.115 - - [17/Apr/2026:09:35:31 +0000] "POST //xmlrpc.php HTTP/1.1" 200 401 "-" "Mozilla/5.0 (Windows NT 10.0; Win64; x64) AppleWebKit/537.36 (KHTML, like Gecko) Chrome/78.0.3904.108 Safari/537.36"
185.244.36.210 - - [17/Apr/2026:09:36:01 +0000] "POST /wp-cron.php?doing_wp_cron=1776418561.6348340511322021484375 HTTP/1.1" 200 0 "-" "WordPress/6.9.4; https://aceph.pk"
34.72.111.115 - - [17/Apr/2026:09:35:46 +0000] "POST //xmlrpc.php HTTP/1.1" 200 401 "-" "Mozilla/5.0 (Windows NT 10.0; Win64; x64) AppleWebKit/537.36 (KHTML, like Gecko) Chrome/78.0.3904.108 Safari/537.36"
34.72.111.115 - - [17/Apr/2026:09:36:01 +0000] "POST //xmlrpc.php HTTP/1.1" 200 401 "-" "Mozilla/5.0 (Windows NT 10.0; Win64; x64) AppleWebKit/537.36 (KHTML, like Gecko) Chrome/78.0.3904.108 Safari/537.36"
34.72.111.115 - - [17/Apr/2026:09:36:16 +0000] "POST //xmlrpc.php HTTP/1.1" 200 401 "-" "Mozilla/5.0 (Windows NT 10.0; Win64; x64) AppleWebKit/537.36 (KHTML, like Gecko) Chrome/78.0.3904.108 Safari/537.36"
34.72.111.115 - - [17/Apr/2026:09:36:31 +0000] "POST //xmlrpc.php HTTP/1.1" 200 401 "-" "Mozilla/5.0 (Windows NT 10.0; Win64; x64) AppleWebKit/537.36 (KHTML, like Gecko) Chrome/78.0.3904.108 Safari/537.36"
34.72.111.115 - - [17/Apr/2026:09:36:47 +0000] "POST //xmlrpc.php HTTP/1.1" 200 401 "-" "Mozilla/5.0 (Windows NT 10.0; Win64; x64) AppleWebKit/537.36 (KHTML, like Gecko) Chrome/78.0.3904.108 Safari/537.36"
34.72.111.115 - - [17/Apr/2026:09:37:01 +0000] "POST //xmlrpc.php HTTP/1.1" 200 401 "-" "Mozilla/5.0 (Windows NT 10.0; Win64; x64) AppleWebKit/537.36 (KHTML, like Gecko) Chrome/78.0.3904.108 Safari/537.36"
34.72.111.115 - - [17/Apr/2026:09:37:16 +0000] "POST //xmlrpc.php HTTP/1.1" 200 401 "-" "Mozilla/5.0 (Windows NT 10.0; Win64; x64) AppleWebKit/537.36 (KHTML, like Gecko) Chrome/78.0.3904.108 Safari/537.36"
34.72.111.115 - - [17/Apr/2026:09:37:31 +0000] "POST //xmlrpc.php HTTP/1.1" 200 401 "-" "Mozilla/5.0 (Windows NT 10.0; Win64; x64) AppleWebKit/537.36 (KHTML, like Gecko) Chrome/78.0.3904.108 Safari/537.36"
146.59.240.216 - - [17/Apr/2026:09:37:59 +0000] "GET /wp-login.php HTTP/2" 200 1743 "-" "Mozilla/5.0 (Windows NT 6.3; WOW64) AppleWebKit/537.36 (KHTML, like Gecko) Chrome/67.0.3396.87 Safari/537.36"
146.59.240.216 - - [17/Apr/2026:09:38:00 +0000] "POST /wp-login.php HTTP/2" 200 1868 "https://aceph.pk/wp-login.php" "Mozilla/5.0 (Windows NT 6.3; WOW64) AppleWebKit/537.36 (KHTML, like Gecko) Chrome/67.0.3396.87 Safari/537.36"
34.72.111.115 - - [17/Apr/2026:09:37:46 +0000] "POST //xmlrpc.php HTTP/1.1" 200 401 "-" "Mozilla/5.0 (Windows NT 10.0; Win64; x64) AppleWebKit/537.36 (KHTML, like Gecko) Chrome/78.0.3904.108 Safari/537.36"
34.72.111.115 - - [17/Apr/2026:09:38:02 +0000] "POST //xmlrpc.php HTTP/1.1" 200 401 "-" "Mozilla/5.0 (Windows NT 10.0; Win64; x64) AppleWebKit/537.36 (KHTML, like Gecko) Chrome/78.0.3904.108 Safari/537.36"
34.72.111.115 - - [17/Apr/2026:09:38:16 +0000] "POST //xmlrpc.php HTTP/1.1" 200 401 "-" "Mozilla/5.0 (Windows NT 10.0; Win64; x64) AppleWebKit/537.36 (KHTML, like Gecko) Chrome/78.0.3904.108 Safari/537.36"
34.72.111.115 - - [17/Apr/2026:09:38:32 +0000] "POST //xmlrpc.php HTTP/1.1" 200 401 "-" "Mozilla/5.0 (Windows NT 10.0; Win64; x64) AppleWebKit/537.36 (KHTML, like Gecko) Chrome/78.0.3904.108 Safari/537.36"
185.244.36.210 - - [17/Apr/2026:09:39:01 +0000] "POST /wp-cron.php?doing_wp_cron=1776418741.8094949722290039062500 HTTP/1.1" 200 0 "-" "WordPress/6.9.4; https://aceph.pk"
34.72.111.115 - - [17/Apr/2026:09:38:46 +0000] "POST //xmlrpc.php HTTP/1.1" 200 401 "-" "Mozilla/5.0 (Windows NT 10.0; Win64; x64) AppleWebKit/537.36 (KHTML, like Gecko) Chrome/78.0.3904.108 Safari/537.36"
34.72.111.115 - - [17/Apr/2026:09:39:01 +0000] "POST //xmlrpc.php HTTP/1.1" 200 401 "-" "Mozilla/5.0 (Windows NT 10.0; Win64; x64) AppleWebKit/537.36 (KHTML, like Gecko) Chrome/78.0.3904.108 Safari/537.36"
34.72.111.115 - - [17/Apr/2026:09:39:16 +0000] "POST //xmlrpc.php HTTP/1.1" 200 401 "-" "Mozilla/5.0 (Windows NT 10.0; Win64; x64) AppleWebKit/537.36 (KHTML, like Gecko) Chrome/78.0.3904.108 Safari/537.36"
170.64.221.162 - - [17/Apr/2026:09:39:36 +0000] "POST /wp-login.php HTTP/1.1" 200 5697 "-" "Mozilla/5.0"
170.64.221.162 - - [17/Apr/2026:09:39:36 +0000] "POST /wp-login.php HTTP/1.1" 200 5695 "-" "Mozilla/5.0"
170.64.221.162 - - [17/Apr/2026:09:39:36 +0000] "POST /wp-login.php HTTP/1.1" 200 5713 "-" "Mozilla/5.0"
34.72.111.115 - - [17/Apr/2026:09:39:31 +0000] "POST //xmlrpc.php HTTP/1.1" 200 401 "-" "Mozilla/5.0 (Windows NT 10.0; Win64; x64) AppleWebKit/537.36 (KHTML, like Gecko) Chrome/78.0.3904.108 Safari/537.36"
34.72.111.115 - - [17/Apr/2026:09:39:46 +0000] "POST //xmlrpc.php HTTP/1.1" 200 401 "-" "Mozilla/5.0 (Windows NT 10.0; Win64; x64) AppleWebKit/537.36 (KHTML, like Gecko) Chrome/78.0.3904.108 Safari/537.36"
34.72.111.115 - - [17/Apr/2026:09:40:01 +0000] "POST //xmlrpc.php HTTP/1.1" 200 401 "-" "Mozilla/5.0 (Windows NT 10.0; Win64; x64) AppleWebKit/537.36 (KHTML, like Gecko) Chrome/78.0.3904.108 Safari/537.36"
34.72.111.115 - - [17/Apr/2026:09:40:16 +0000] "POST //xmlrpc.php HTTP/1.1" 200 401 "-" "Mozilla/5.0 (Windows NT 10.0; Win64; x64) AppleWebKit/537.36 (KHTML, like Gecko) Chrome/78.0.3904.108 Safari/537.36"
34.72.111.115 - - [17/Apr/2026:09:40:31 +0000] "POST //xmlrpc.php HTTP/1.1" 200 401 "-" "Mozilla/5.0 (Windows NT 10.0; Win64; x64) AppleWebKit/537.36 (KHTML, like Gecko) Chrome/78.0.3904.108 Safari/537.36"
34.72.111.115 - - [17/Apr/2026:09:40:47 +0000] "POST //xmlrpc.php HTTP/1.1" 200 401 "-" "Mozilla/5.0 (Windows NT 10.0; Win64; x64) AppleWebKit/537.36 (KHTML, like Gecko) Chrome/78.0.3904.108 Safari/537.36"
34.72.111.115 - - [17/Apr/2026:09:41:01 +0000] "POST //xmlrpc.php HTTP/1.1" 200 401 "-" "Mozilla/5.0 (Windows NT 10.0; Win64; x64) AppleWebKit/537.36 (KHTML, like Gecko) Chrome/78.0.3904.108 Safari/537.36"
34.72.111.115 - - [17/Apr/2026:09:41:16 +0000] "POST //xmlrpc.php HTTP/1.1" 200 401 "-" "Mozilla/5.0 (Windows NT 10.0; Win64; x64) AppleWebKit/537.36 (KHTML, like Gecko) Chrome/78.0.3904.108 Safari/537.36"
34.72.111.115 - - [17/Apr/2026:09:41:31 +0000] "POST //xmlrpc.php HTTP/1.1" 200 401 "-" "Mozilla/5.0 (Windows NT 10.0; Win64; x64) AppleWebKit/537.36 (KHTML, like Gecko) Chrome/78.0.3904.108 Safari/537.36"
34.72.111.115 - - [17/Apr/2026:09:41:46 +0000] "POST //xmlrpc.php HTTP/1.1" 200 401 "-" "Mozilla/5.0 (Windows NT 10.0; Win64; x64) AppleWebKit/537.36 (KHTML, like Gecko) Chrome/78.0.3904.108 Safari/537.36"
34.72.111.115 - - [17/Apr/2026:09:42:02 +0000] "POST //xmlrpc.php HTTP/1.1" 200 401 "-" "Mozilla/5.0 (Windows NT 10.0; Win64; x64) AppleWebKit/537.36 (KHTML, like Gecko) Chrome/78.0.3904.108 Safari/537.36"
34.72.111.115 - - [17/Apr/2026:09:42:16 +0000] "POST //xmlrpc.php HTTP/1.1" 200 401 "-" "Mozilla/5.0 (Windows NT 10.0; Win64; x64) AppleWebKit/537.36 (KHTML, like Gecko) Chrome/78.0.3904.108 Safari/537.36"
34.72.111.115 - - [17/Apr/2026:09:42:31 +0000] "POST //xmlrpc.php HTTP/1.1" 200 401 "-" "Mozilla/5.0 (Windows NT 10.0; Win64; x64) AppleWebKit/537.36 (KHTML, like Gecko) Chrome/78.0.3904.108 Safari/537.36"
