185.244.36.210 - - [17/Apr/2026:12:07:16 +0000] "POST /wp-cron.php?doing_wp_cron=1776427636.3542199134826660156250 HTTP/1.1" 200 0 "-" "WordPress/6.9.4; https://aceph.pk"
34.57.43.146 - - [17/Apr/2026:12:07:01 +0000] "POST //xmlrpc.php HTTP/1.1" 200 401 "-" "Mozilla/5.0 (Windows NT 10.0; Win64; x64) AppleWebKit/537.36 (KHTML, like Gecko) Chrome/78.0.3904.108 Safari/537.36"
34.57.43.146 - - [17/Apr/2026:12:07:16 +0000] "POST //xmlrpc.php HTTP/1.1" 200 401 "-" "Mozilla/5.0 (Windows NT 10.0; Win64; x64) AppleWebKit/537.36 (KHTML, like Gecko) Chrome/78.0.3904.108 Safari/537.36"
170.64.221.162 - - [17/Apr/2026:12:07:40 +0000] "POST /wp-login.php HTTP/1.1" 200 5697 "-" "Mozilla/5.0"
34.57.43.146 - - [17/Apr/2026:12:07:31 +0000] "POST //xmlrpc.php HTTP/1.1" 200 401 "-" "Mozilla/5.0 (Windows NT 10.0; Win64; x64) AppleWebKit/537.36 (KHTML, like Gecko) Chrome/78.0.3904.108 Safari/537.36"
34.57.43.146 - - [17/Apr/2026:12:07:46 +0000] "POST //xmlrpc.php HTTP/1.1" 200 401 "-" "Mozilla/5.0 (Windows NT 10.0; Win64; x64) AppleWebKit/537.36 (KHTML, like Gecko) Chrome/78.0.3904.108 Safari/537.36"
34.57.43.146 - - [17/Apr/2026:12:08:01 +0000] "POST //xmlrpc.php HTTP/1.1" 200 401 "-" "Mozilla/5.0 (Windows NT 10.0; Win64; x64) AppleWebKit/537.36 (KHTML, like Gecko) Chrome/78.0.3904.108 Safari/537.36"
34.57.43.146 - - [17/Apr/2026:12:08:16 +0000] "POST //xmlrpc.php HTTP/1.1" 200 401 "-" "Mozilla/5.0 (Windows NT 10.0; Win64; x64) AppleWebKit/537.36 (KHTML, like Gecko) Chrome/78.0.3904.108 Safari/537.36"
34.57.43.146 - - [17/Apr/2026:12:08:31 +0000] "POST //xmlrpc.php HTTP/1.1" 200 401 "-" "Mozilla/5.0 (Windows NT 10.0; Win64; x64) AppleWebKit/537.36 (KHTML, like Gecko) Chrome/78.0.3904.108 Safari/537.36"
13.114.51.134 - - [17/Apr/2026:12:08:47 +0000] "POST /wp-login.php HTTP/1.1" 200 2096 "-" "Mozilla/5.0 (Windows NT 10.0; Win64; x64) AppleWebKit/537.36 Chrome/129.0.0.0 Safari/537.36"
185.244.36.210 - - [17/Apr/2026:12:09:01 +0000] "POST /wp-cron.php?doing_wp_cron=1776427741.7251288890838623046875 HTTP/1.1" 200 0 "-" "WordPress/6.9.4; https://aceph.pk"
34.57.43.146 - - [17/Apr/2026:12:08:46 +0000] "POST //xmlrpc.php HTTP/1.1" 200 401 "-" "Mozilla/5.0 (Windows NT 10.0; Win64; x64) AppleWebKit/537.36 (KHTML, like Gecko) Chrome/78.0.3904.108 Safari/537.36"
34.57.43.146 - - [17/Apr/2026:12:09:01 +0000] "POST //xmlrpc.php HTTP/1.1" 200 401 "-" "Mozilla/5.0 (Windows NT 10.0; Win64; x64) AppleWebKit/537.36 (KHTML, like Gecko) Chrome/78.0.3904.108 Safari/537.36"
34.57.43.146 - - [17/Apr/2026:12:09:16 +0000] "POST //xmlrpc.php HTTP/1.1" 200 401 "-" "Mozilla/5.0 (Windows NT 10.0; Win64; x64) AppleWebKit/537.36 (KHTML, like Gecko) Chrome/78.0.3904.108 Safari/537.36"
34.57.43.146 - - [17/Apr/2026:12:09:31 +0000] "POST //xmlrpc.php HTTP/1.1" 200 401 "-" "Mozilla/5.0 (Windows NT 10.0; Win64; x64) AppleWebKit/537.36 (KHTML, like Gecko) Chrome/78.0.3904.108 Safari/537.36"
34.57.43.146 - - [17/Apr/2026:12:09:46 +0000] "POST //xmlrpc.php HTTP/1.1" 200 401 "-" "Mozilla/5.0 (Windows NT 10.0; Win64; x64) AppleWebKit/537.36 (KHTML, like Gecko) Chrome/78.0.3904.108 Safari/537.36"
34.57.43.146 - - [17/Apr/2026:12:10:01 +0000] "POST //xmlrpc.php HTTP/1.1" 200 401 "-" "Mozilla/5.0 (Windows NT 10.0; Win64; x64) AppleWebKit/537.36 (KHTML, like Gecko) Chrome/78.0.3904.108 Safari/537.36"
34.57.43.146 - - [17/Apr/2026:12:10:16 +0000] "POST //xmlrpc.php HTTP/1.1" 200 401 "-" "Mozilla/5.0 (Windows NT 10.0; Win64; x64) AppleWebKit/537.36 (KHTML, like Gecko) Chrome/78.0.3904.108 Safari/537.36"
35.229.146.197 - - [17/Apr/2026:12:10:31 +0000] "GET /wp-login.php HTTP/2" 200 1743 "-" "Mozilla/5.0 (Windows NT 10.0; WOW64; Trident/7.0; yie9; rv:11.0) like Gecko"
35.229.146.197 - - [17/Apr/2026:12:10:34 +0000] "POST /wp-login.php HTTP/2" 200 1868 "https://aceph.pk/wp-login.php" "Mozilla/5.0 (Windows NT 10.0; WOW64; Trident/7.0; yie9; rv:11.0) like Gecko"
34.57.43.146 - - [17/Apr/2026:12:10:32 +0000] "POST //xmlrpc.php HTTP/1.1" 200 401 "-" "Mozilla/5.0 (Windows NT 10.0; Win64; x64) AppleWebKit/537.36 (KHTML, like Gecko) Chrome/78.0.3904.108 Safari/537.36"
34.57.43.146 - - [17/Apr/2026:12:10:46 +0000] "POST //xmlrpc.php HTTP/1.1" 200 401 "-" "Mozilla/5.0 (Windows NT 10.0; Win64; x64) AppleWebKit/537.36 (KHTML, like Gecko) Chrome/78.0.3904.108 Safari/537.36"
34.57.43.146 - - [17/Apr/2026:12:11:01 +0000] "POST //xmlrpc.php HTTP/1.1" 200 401 "-" "Mozilla/5.0 (Windows NT 10.0; Win64; x64) AppleWebKit/537.36 (KHTML, like Gecko) Chrome/78.0.3904.108 Safari/537.36"
34.57.43.146 - - [17/Apr/2026:12:11:16 +0000] "POST //xmlrpc.php HTTP/1.1" 200 401 "-" "Mozilla/5.0 (Windows NT 10.0; Win64; x64) AppleWebKit/537.36 (KHTML, like Gecko) Chrome/78.0.3904.108 Safari/537.36"
34.57.43.146 - - [17/Apr/2026:12:11:31 +0000] "POST //xmlrpc.php HTTP/1.1" 200 401 "-" "Mozilla/5.0 (Windows NT 10.0; Win64; x64) AppleWebKit/537.36 (KHTML, like Gecko) Chrome/78.0.3904.108 Safari/537.36"
185.244.36.210 - - [17/Apr/2026:12:12:01 +0000] "POST /wp-cron.php?doing_wp_cron=1776427921.3374609947204589843750 HTTP/1.1" 200 0 "-" "WordPress/6.9.4; https://aceph.pk"
34.57.43.146 - - [17/Apr/2026:12:11:46 +0000] "POST //xmlrpc.php HTTP/1.1" 200 401 "-" "Mozilla/5.0 (Windows NT 10.0; Win64; x64) AppleWebKit/537.36 (KHTML, like Gecko) Chrome/78.0.3904.108 Safari/537.36"
34.57.43.146 - - [17/Apr/2026:12:12:01 +0000] "POST //xmlrpc.php HTTP/1.1" 200 401 "-" "Mozilla/5.0 (Windows NT 10.0; Win64; x64) AppleWebKit/537.36 (KHTML, like Gecko) Chrome/78.0.3904.108 Safari/537.36"
34.57.43.146 - - [17/Apr/2026:12:12:16 +0000] "POST //xmlrpc.php HTTP/1.1" 200 401 "-" "Mozilla/5.0 (Windows NT 10.0; Win64; x64) AppleWebKit/537.36 (KHTML, like Gecko) Chrome/78.0.3904.108 Safari/537.36"
34.57.43.146 - - [17/Apr/2026:12:12:31 +0000] "POST //xmlrpc.php HTTP/1.1" 200 401 "-" "Mozilla/5.0 (Windows NT 10.0; Win64; x64) AppleWebKit/537.36 (KHTML, like Gecko) Chrome/78.0.3904.108 Safari/537.36"
34.57.43.146 - - [17/Apr/2026:12:12:46 +0000] "POST //xmlrpc.php HTTP/1.1" 200 401 "-" "Mozilla/5.0 (Windows NT 10.0; Win64; x64) AppleWebKit/537.36 (KHTML, like Gecko) Chrome/78.0.3904.108 Safari/537.36"
34.57.43.146 - - [17/Apr/2026:12:13:02 +0000] "POST //xmlrpc.php HTTP/1.1" 200 401 "-" "Mozilla/5.0 (Windows NT 10.0; Win64; x64) AppleWebKit/537.36 (KHTML, like Gecko) Chrome/78.0.3904.108 Safari/537.36"
34.57.43.146 - - [17/Apr/2026:12:13:16 +0000] "POST //xmlrpc.php HTTP/1.1" 200 401 "-" "Mozilla/5.0 (Windows NT 10.0; Win64; x64) AppleWebKit/537.36 (KHTML, like Gecko) Chrome/78.0.3904.108 Safari/537.36"
34.57.43.146 - - [17/Apr/2026:12:13:31 +0000] "POST //xmlrpc.php HTTP/1.1" 200 401 "-" "Mozilla/5.0 (Windows NT 10.0; Win64; x64) AppleWebKit/537.36 (KHTML, like Gecko) Chrome/78.0.3904.108 Safari/537.36"
185.244.36.210 - - [17/Apr/2026:12:15:09 +0000] "POST /wp-cron.php?doing_wp_cron=1776428109.0175249576568603515625 HTTP/1.1" 200 0 "-" "WordPress/6.9.4; https://aceph.pk"
91.227.37.60 - - [17/Apr/2026:12:15:08 +0000] "POST /xmlrpc.php HTTP/2" 200 205 "-" "Mozilla/5.0 (X11; Linux x86_64; rv:61.0) Gecko/20100101 Firefox/61.0"
103.96.72.251 - - [17/Apr/2026:12:15:38 +0000] "POST / HTTP/1.1" 200 39604 "-" "Mozilla/5.0 (Windows NT 10.0; Win64; x64) AppleWebKit/537.36 (KHTML, like Gecko) Chrome/141.0.0.0 Safari/537.36"
103.96.72.251 - - [17/Apr/2026:12:15:39 +0000] "POST /index.php HTTP/1.1" 200 39604 "-" "Mozilla/5.0 (Windows NT 10.0; Win64; x64) AppleWebKit/537.36 (KHTML, like Gecko) Chrome/141.0.0.0 Safari/537.36"
103.96.72.251 - - [17/Apr/2026:12:15:40 +0000] "POST /admin HTTP/1.1" 302 0 "-" "Mozilla/5.0 (Windows NT 10.0; Win64; x64) AppleWebKit/537.36 (KHTML, like Gecko) Chrome/141.0.0.0 Safari/537.36"
103.96.72.251 - - [17/Apr/2026:12:15:41 +0000] "GET /wp-admin/ HTTP/1.1" 302 0 "https://aceph.pk:443/admin" "Mozilla/5.0 (Windows NT 10.0; Win64; x64) AppleWebKit/537.36 (KHTML, like Gecko) Chrome/141.0.0.0 Safari/537.36"
103.96.72.251 - - [17/Apr/2026:12:15:42 +0000] "GET /wp-login.php?redirect_to=https%3A%2F%2Faceph.pk%2Fwp-admin%2F&reauth=1 HTTP/1.1" 200 1964 "https://aceph.pk/wp-admin/" "Mozilla/5.0 (Windows NT 10.0; Win64; x64) AppleWebKit/537.36 (KHTML, like Gecko) Chrome/141.0.0.0 Safari/537.36"
185.244.36.210 - - [17/Apr/2026:12:10:01 +0000] "POST /wp-cron.php?doing_wp_cron=1776427801.3565599918365478515625 HTTP/1.1" 200 0 "-" "WordPress/6.9.4; https://aceph.pk"
185.244.36.210 - - [17/Apr/2026:12:11:01 +0000] "POST /wp-cron.php?doing_wp_cron=1776427861.7107551097869873046875 HTTP/1.1" 200 0 "-" "WordPress/6.9.4; https://aceph.pk"
185.244.36.210 - - [17/Apr/2026:12:13:01 +0000] "POST /wp-cron.php?doing_wp_cron=1776427981.8412919044494628906250 HTTP/1.1" 200 0 "-" "WordPress/6.9.4; https://aceph.pk"
185.244.36.210 - - [17/Apr/2026:12:18:40 +0000] "POST /wp-cron.php?doing_wp_cron=1776428320.5814158916473388671875 HTTP/1.1" 200 0 "-" "WordPress/6.9.4; https://aceph.pk"
185.244.36.210 - - [17/Apr/2026:12:23:58 +0000] "POST /wp-cron.php?doing_wp_cron=1776428638.9063599109649658203125 HTTP/1.1" 200 0 "-" "WordPress/6.9.4; https://aceph.pk"
125.212.221.88 - - [17/Apr/2026:12:23:58 +0000] "POST /xmlrpc.php HTTP/2" 200 205 "-" "Mozilla/5.0 (Macintosh; Intel Mac OS X 10_13_4) AppleWebKit/537.36 (KHTML, like Gecko) Chrome/67.0.3396.62 Safari/537.36"
185.244.36.210 - - [17/Apr/2026:12:29:42 +0000] "POST /wp-cron.php?doing_wp_cron=1776428982.5077838897705078125000 HTTP/1.1" 200 0 "-" "WordPress/6.9.4; https://aceph.pk"
13.114.51.134 - - [17/Apr/2026:12:30:54 +0000] "POST /wp-login.php HTTP/1.1" 200 2096 "-" "Mozilla/5.0 (Macintosh; Intel Mac OS X 10_15_7) AppleWebKit/605.1.15 Version/17.0 Safari/605.1.15"
188.241.62.83 - - [17/Apr/2026:12:32:06 +0000] "POST /xmlrpc.php HTTP/2" 200 205 "-" "Mozilla/5.0 (Windows NT 6.3; Win64; x64) AppleWebKit/537.36 (KHTML, like Gecko) Chrome/65.0.3325.181 Safari/537.36 OPR/52.0.2871.99"
137.184.164.237 - - [17/Apr/2026:12:32:08 +0000] "POST /wp-login.php HTTP/1.1" 200 5695 "-" "Mozilla/5.0"
54.78.161.182 - - [17/Apr/2026:12:32:15 +0000] "GET /wp-login.php HTTP/2" 200 1743 "-" "Mozilla/5.0 (Windows NT 10.0; WOW64) AppleWebKit/537.36 (KHTML, like Gecko) Chrome/67.0.3396.87 Safari/537.36"
54.78.161.182 - - [17/Apr/2026:12:32:16 +0000] "POST /wp-login.php HTTP/2" 200 1868 "https://aceph.pk/wp-login.php" "Mozilla/5.0 (Windows NT 10.0; WOW64) AppleWebKit/537.36 (KHTML, like Gecko) Chrome/67.0.3396.87 Safari/537.36"
185.244.36.210 - - [17/Apr/2026:12:40:31 +0000] "POST /wp-cron.php?doing_wp_cron=1776429631.0148580074310302734375 HTTP/1.1" 200 0 "-" "WordPress/6.9.4; https://aceph.pk"
170.64.221.162 - - [17/Apr/2026:12:40:42 +0000] "POST /wp-login.php HTTP/1.1" 200 5697 "-" "Mozilla/5.0"
85.202.160.65 - - [17/Apr/2026:12:44:21 +0000] "POST /xmlrpc.php HTTP/2" 200 205 "-" "Mozilla/4.0 (compatible; MSIE 7.0; Windows NT 6.1; Trident/7.0; SLCC2; .NET CLR 2.0.50727; .NET CLR 3.5.30729; .NET CLR 3.0.30729; Media Center PC 6.0; .NET4.0C; .NET4.0E; InfoPath.3)"
66.102.135.126 - - [17/Apr/2026:12:44:56 +0000] "GET /wp-login.php HTTP/2" 200 1743 "-" "Mozilla/5.0 (Macintosh; Intel Mac OS X 10_11_6) AppleWebKit/602.3.12 (KHTML, like Gecko) Version/10.0.2 Safari/602.3.12"
66.102.135.126 - - [17/Apr/2026:12:44:56 +0000] "POST /wp-login.php HTTP/2" 200 1868 "https://aceph.pk/wp-login.php" "Mozilla/5.0 (Macintosh; Intel Mac OS X 10_11_6) AppleWebKit/602.3.12 (KHTML, like Gecko) Version/10.0.2 Safari/602.3.12"
103.96.72.251 - - [17/Apr/2026:12:15:43 +0000] "POST /api HTTP/1.1" 404 20349 "-" "Mozilla/5.0 (Windows NT 10.0; Win64; x64) AppleWebKit/537.36 (KHTML, like Gecko) Chrome/141.0.0.0 Safari/537.36"
137.184.164.237 - - [17/Apr/2026:12:17:08 +0000] "POST /wp-login.php HTTP/1.1" 200 5695 "-" "Mozilla/5.0"
185.244.36.210 - - [17/Apr/2026:12:17:11 +0000] "POST /wp-cron.php?doing_wp_cron=1776428231.1812748908996582031250 HTTP/1.1" 200 0 "-" "WordPress/6.9.4; https://aceph.pk"
137.184.164.237 - - [17/Apr/2026:12:17:08 +0000] "POST /wp-login.php HTTP/1.1" 200 5713 "-" "Mozilla/5.0"
137.184.164.237 - - [17/Apr/2026:12:17:08 +0000] "POST /wp-login.php HTTP/1.1" 200 5697 "-" "Mozilla/5.0"
170.64.221.162 - - [17/Apr/2026:12:18:38 +0000] "POST /wp-login.php HTTP/1.1" 200 5713 "-" "Mozilla/5.0"
170.64.221.162 - - [17/Apr/2026:12:18:38 +0000] "POST /wp-login.php HTTP/1.1" 200 5695 "-" "Mozilla/5.0"
170.64.221.162 - - [17/Apr/2026:12:18:38 +0000] "POST /wp-login.php HTTP/1.1" 200 5697 "-" "Mozilla/5.0"
185.244.36.210 - - [17/Apr/2026:12:27:59 +0000] "POST /wp-cron.php?doing_wp_cron=1776428879.3845849037170410156250 HTTP/1.1" 200 0 "-" "WordPress/6.9.4; https://aceph.pk"
194.163.172.43 - - [17/Apr/2026:12:27:58 +0000] "POST /xmlrpc.php HTTP/2" 200 205 "-" "Mozilla/5.0 (Windows NT 6.1; WOW64; Trident/7.0; EIE10;ENCAWOL; rv:11.0) like Gecko"
170.64.221.162 - - [17/Apr/2026:12:29:40 +0000] "POST /wp-login.php HTTP/1.1" 200 5697 "-" "Mozilla/5.0"
170.64.221.162 - - [17/Apr/2026:12:29:40 +0000] "POST /wp-login.php HTTP/1.1" 200 5695 "-" "Mozilla/5.0"
170.64.221.162 - - [17/Apr/2026:12:29:40 +0000] "POST /wp-login.php HTTP/1.1" 200 5713 "-" "Mozilla/5.0"
34.72.88.190 - - [17/Apr/2026:12:30:14 +0000] "GET / HTTP/2" 200 39604 "http://aceph.pk" "Mozilla/5.0 (compatible; CMS-Checker/1.0; +https://example.com)"
185.244.36.210 - - [17/Apr/2026:12:32:07 +0000] "POST /wp-cron.php?doing_wp_cron=1776429127.6158509254455566406250 HTTP/1.1" 200 0 "-" "WordPress/6.9.4; https://aceph.pk"
137.184.164.237 - - [17/Apr/2026:12:32:08 +0000] "POST /wp-login.php HTTP/1.1" 200 5713 "-" "Mozilla/5.0"
137.184.164.237 - - [17/Apr/2026:12:32:08 +0000] "POST /wp-login.php HTTP/1.1" 200 5697 "-" "Mozilla/5.0"
85.202.160.65 - - [17/Apr/2026:12:40:29 +0000] "POST /xmlrpc.php HTTP/2" 200 205 "-" "Mozilla/5.0 (Windows NT 6.1) AppleWebKit/537.36 (KHTML, like Gecko) Chrome/66.0.3359.117 Safari/537.36"
170.64.221.162 - - [17/Apr/2026:12:40:42 +0000] "POST /wp-login.php HTTP/1.1" 200 5713 "-" "Mozilla/5.0"
170.64.221.162 - - [17/Apr/2026:12:40:42 +0000] "POST /wp-login.php HTTP/1.1" 200 5695 "-" "Mozilla/5.0"
185.244.36.210 - - [17/Apr/2026:12:41:03 +0000] "POST /wp-cron.php?doing_wp_cron=1776429663.2171580791473388671875 HTTP/1.1" 200 0 "-" "WordPress/6.9.4; https://aceph.pk"
185.244.36.210 - - [17/Apr/2026:12:41:03 +0000] "POST /wp-cron.php?doing_wp_cron=1776429663.2171609401702880859375 HTTP/1.1" 200 0 "-" "WordPress/6.9.4; https://aceph.pk"
223.181.24.53 - - [17/Apr/2026:12:41:01 +0000] "GET /wp-content/uploads/2011/10/namaz.png HTTP/2" 404 18299 "https://www.islamimehfil.com/" "Mozilla/5.0 (Linux; Android 10; K) AppleWebKit/537.36 (KHTML, like Gecko) Chrome/147.0.0.0 Mobile Safari/537.36"
223.181.24.53 - - [17/Apr/2026:12:41:01 +0000] "GET /wp-content/uploads/2011/10/Abu-al-Moghith-al-Hussayn-Ibn-Mansur-al-Hallaj-Radi-Allahu-Anho2.png HTTP/2" 404 18299 "https://www.islamimehfil.com/" "Mozilla/5.0 (Linux; Android 10; K) AppleWebKit/537.36 (KHTML, like Gecko) Chrome/147.0.0.0 Mobile Safari/537.36"
185.244.36.210 - - [17/Apr/2026:12:44:22 +0000] "POST /wp-cron.php?doing_wp_cron=1776429862.7584180831909179687500 HTTP/1.1" 200 0 "-" "WordPress/6.9.4; https://aceph.pk"
185.244.36.210 - - [17/Apr/2026:12:47:23 +0000] "POST /wp-cron.php?doing_wp_cron=1776430043.0881950855255126953125 HTTP/1.1" 200 0 "-" "WordPress/6.9.4; https://aceph.pk"
3.141.235.213 - - [17/Apr/2026:12:48:34 +0000] "POST /xmlrpc.php HTTP/2" 200 205 "-" "Mozilla/5.0 (Windows NT 6.0; Win64; x64) AppleWebKit/537.36 (KHTML, like Gecko) Chrome/52.0.2743.116 Safari/537.36 Edge/15.15063"
170.64.221.162 - - [17/Apr/2026:12:51:57 +0000] "POST /wp-login.php HTTP/1.1" 200 5695 "-" "Mozilla/5.0"
185.244.36.210 - - [17/Apr/2026:12:51:59 +0000] "POST /wp-cron.php?doing_wp_cron=1776430319.7127330303192138671875 HTTP/1.1" 200 0 "-" "WordPress/6.9.4; https://aceph.pk"
170.64.221.162 - - [17/Apr/2026:12:51:57 +0000] "POST /wp-login.php HTTP/1.1" 200 5697 "-" "Mozilla/5.0"
34.72.88.190 - - [17/Apr/2026:12:54:32 +0000] "GET / HTTP/1.1" 200 171203 "-" "Mozilla/5.0 (Windows NT 10.0; Win64; x64) AppleWebKit/537.36 (KHTML, like Gecko) Chrome/78.0.3904.108 Safari/537.36"
34.72.88.190 - - [17/Apr/2026:12:54:34 +0000] "GET //wp-includes/wlwmanifest.xml HTTP/1.1" 301 0 "-" "Mozilla/5.0 (Windows NT 10.0; Win64; x64) AppleWebKit/537.36 (KHTML, like Gecko) Chrome/78.0.3904.108 Safari/537.36"
34.72.88.190 - - [17/Apr/2026:12:54:34 +0000] "GET //xmlrpc.php?rsd HTTP/1.1" 200 762 "-" "Mozilla/5.0 (Windows NT 10.0; Win64; x64) AppleWebKit/537.36 (KHTML, like Gecko) Chrome/78.0.3904.108 Safari/537.36"
34.72.88.190 - - [17/Apr/2026:12:54:35 +0000] "GET //?author=1 HTTP/1.1" 301 0 "-" "Mozilla/5.0 (Windows NT 10.0; Win64; x64) AppleWebKit/537.36 (KHTML, like Gecko) Chrome/78.0.3904.108 Safari/537.36"
34.72.88.190 - - [17/Apr/2026:12:54:36 +0000] "GET //?author=2 HTTP/1.1" 301 0 "-" "Mozilla/5.0 (Windows NT 10.0; Win64; x64) AppleWebKit/537.36 (KHTML, like Gecko) Chrome/78.0.3904.108 Safari/537.36"
34.72.88.190 - - [17/Apr/2026:12:54:36 +0000] "GET //wp-json/wp/v2/users/ HTTP/1.1" 200 812 "-" "Mozilla/5.0 (Windows NT 10.0; Win64; x64) AppleWebKit/537.36 (KHTML, like Gecko) Chrome/78.0.3904.108 Safari/537.36"
34.72.88.190 - - [17/Apr/2026:12:54:37 +0000] "POST //xmlrpc.php HTTP/1.1" 200 401 "-" "Mozilla/5.0 (Windows NT 10.0; Win64; x64) AppleWebKit/537.36 (KHTML, like Gecko) Chrome/78.0.3904.108 Safari/537.36"
34.72.88.190 - - [17/Apr/2026:12:54:37 +0000] "POST //xmlrpc.php HTTP/1.1" 200 401 "-" "Mozilla/5.0 (Windows NT 10.0; Win64; x64) AppleWebKit/537.36 (KHTML, like Gecko) Chrome/78.0.3904.108 Safari/537.36"
34.72.88.190 - - [17/Apr/2026:12:54:38 +0000] "POST //xmlrpc.php HTTP/1.1" 200 401 "-" "Mozilla/5.0 (Windows NT 10.0; Win64; x64) AppleWebKit/537.36 (KHTML, like Gecko) Chrome/78.0.3904.108 Safari/537.36"
34.72.88.190 - - [17/Apr/2026:12:54:39 +0000] "POST //xmlrpc.php HTTP/1.1" 200 401 "-" "Mozilla/5.0 (Windows NT 10.0; Win64; x64) AppleWebKit/537.36 (KHTML, like Gecko) Chrome/78.0.3904.108 Safari/537.36"
34.72.88.190 - - [17/Apr/2026:12:54:39 +0000] "POST //xmlrpc.php HTTP/1.1" 200 401 "-" "Mozilla/5.0 (Windows NT 10.0; Win64; x64) AppleWebKit/537.36 (KHTML, like Gecko) Chrome/78.0.3904.108 Safari/537.36"
34.72.88.190 - - [17/Apr/2026:12:54:41 +0000] "POST //xmlrpc.php HTTP/1.1" 200 401 "-" "Mozilla/5.0 (Windows NT 10.0; Win64; x64) AppleWebKit/537.36 (KHTML, like Gecko) Chrome/78.0.3904.108 Safari/537.36"
34.72.88.190 - - [17/Apr/2026:12:54:43 +0000] "POST //xmlrpc.php HTTP/1.1" 200 401 "-" "Mozilla/5.0 (Windows NT 10.0; Win64; x64) AppleWebKit/537.36 (KHTML, like Gecko) Chrome/78.0.3904.108 Safari/537.36"
34.72.88.190 - - [17/Apr/2026:12:54:46 +0000] "POST //xmlrpc.php HTTP/1.1" 200 401 "-" "Mozilla/5.0 (Windows NT 10.0; Win64; x64) AppleWebKit/537.36 (KHTML, like Gecko) Chrome/78.0.3904.108 Safari/537.36"
34.72.88.190 - - [17/Apr/2026:12:54:48 +0000] "POST //xmlrpc.php HTTP/1.1" 200 401 "-" "Mozilla/5.0 (Windows NT 10.0; Win64; x64) AppleWebKit/537.36 (KHTML, like Gecko) Chrome/78.0.3904.108 Safari/537.36"
34.72.88.190 - - [17/Apr/2026:12:54:51 +0000] "POST //xmlrpc.php HTTP/1.1" 200 401 "-" "Mozilla/5.0 (Windows NT 10.0; Win64; x64) AppleWebKit/537.36 (KHTML, like Gecko) Chrome/78.0.3904.108 Safari/537.36"
34.72.88.190 - - [17/Apr/2026:12:54:55 +0000] "POST //xmlrpc.php HTTP/1.1" 200 401 "-" "Mozilla/5.0 (Windows NT 10.0; Win64; x64) AppleWebKit/537.36 (KHTML, like Gecko) Chrome/78.0.3904.108 Safari/537.36"
34.72.88.190 - - [17/Apr/2026:12:55:00 +0000] "POST //xmlrpc.php HTTP/1.1" 200 401 "-" "Mozilla/5.0 (Windows NT 10.0; Win64; x64) AppleWebKit/537.36 (KHTML, like Gecko) Chrome/78.0.3904.108 Safari/537.36"
34.72.88.190 - - [17/Apr/2026:12:55:04 +0000] "POST //xmlrpc.php HTTP/1.1" 200 401 "-" "Mozilla/5.0 (Windows NT 10.0; Win64; x64) AppleWebKit/537.36 (KHTML, like Gecko) Chrome/78.0.3904.108 Safari/537.36"
34.72.88.190 - - [17/Apr/2026:12:55:09 +0000] "POST //xmlrpc.php HTTP/1.1" 200 401 "-" "Mozilla/5.0 (Windows NT 10.0; Win64; x64) AppleWebKit/537.36 (KHTML, like Gecko) Chrome/78.0.3904.108 Safari/537.36"
34.72.88.190 - - [17/Apr/2026:12:55:16 +0000] "POST //xmlrpc.php HTTP/1.1" 200 401 "-" "Mozilla/5.0 (Windows NT 10.0; Win64; x64) AppleWebKit/537.36 (KHTML, like Gecko) Chrome/78.0.3904.108 Safari/537.36"
34.72.88.190 - - [17/Apr/2026:12:55:21 +0000] "POST //xmlrpc.php HTTP/1.1" 200 401 "-" "Mozilla/5.0 (Windows NT 10.0; Win64; x64) AppleWebKit/537.36 (KHTML, like Gecko) Chrome/78.0.3904.108 Safari/537.36"
34.72.88.190 - - [17/Apr/2026:12:55:31 +0000] "POST //xmlrpc.php HTTP/1.1" 200 401 "-" "Mozilla/5.0 (Windows NT 10.0; Win64; x64) AppleWebKit/537.36 (KHTML, like Gecko) Chrome/78.0.3904.108 Safari/537.36"
34.72.88.190 - - [17/Apr/2026:12:55:36 +0000] "POST //xmlrpc.php HTTP/1.1" 200 401 "-" "Mozilla/5.0 (Windows NT 10.0; Win64; x64) AppleWebKit/537.36 (KHTML, like Gecko) Chrome/78.0.3904.108 Safari/537.36"
34.72.88.190 - - [17/Apr/2026:12:55:46 +0000] "POST //xmlrpc.php HTTP/1.1" 200 401 "-" "Mozilla/5.0 (Windows NT 10.0; Win64; x64) AppleWebKit/537.36 (KHTML, like Gecko) Chrome/78.0.3904.108 Safari/537.36"
34.72.88.190 - - [17/Apr/2026:12:55:51 +0000] "POST //xmlrpc.php HTTP/1.1" 200 401 "-" "Mozilla/5.0 (Windows NT 10.0; Win64; x64) AppleWebKit/537.36 (KHTML, like Gecko) Chrome/78.0.3904.108 Safari/537.36"
34.72.88.190 - - [17/Apr/2026:12:56:01 +0000] "POST //xmlrpc.php HTTP/1.1" 200 401 "-" "Mozilla/5.0 (Windows NT 10.0; Win64; x64) AppleWebKit/537.36 (KHTML, like Gecko) Chrome/78.0.3904.108 Safari/537.36"
34.72.88.190 - - [17/Apr/2026:12:56:06 +0000] "POST //xmlrpc.php HTTP/1.1" 200 401 "-" "Mozilla/5.0 (Windows NT 10.0; Win64; x64) AppleWebKit/537.36 (KHTML, like Gecko) Chrome/78.0.3904.108 Safari/537.36"
34.72.88.190 - - [17/Apr/2026:12:56:16 +0000] "POST //xmlrpc.php HTTP/1.1" 200 401 "-" "Mozilla/5.0 (Windows NT 10.0; Win64; x64) AppleWebKit/537.36 (KHTML, like Gecko) Chrome/78.0.3904.108 Safari/537.36"
34.72.88.190 - - [17/Apr/2026:12:56:21 +0000] "POST //xmlrpc.php HTTP/1.1" 200 401 "-" "Mozilla/5.0 (Windows NT 10.0; Win64; x64) AppleWebKit/537.36 (KHTML, like Gecko) Chrome/78.0.3904.108 Safari/537.36"
34.72.88.190 - - [17/Apr/2026:12:56:31 +0000] "POST //xmlrpc.php HTTP/1.1" 200 401 "-" "Mozilla/5.0 (Windows NT 10.0; Win64; x64) AppleWebKit/537.36 (KHTML, like Gecko) Chrome/78.0.3904.108 Safari/537.36"
34.72.88.190 - - [17/Apr/2026:12:56:36 +0000] "POST //xmlrpc.php HTTP/1.1" 200 401 "-" "Mozilla/5.0 (Windows NT 10.0; Win64; x64) AppleWebKit/537.36 (KHTML, like Gecko) Chrome/78.0.3904.108 Safari/537.36"
34.72.88.190 - - [17/Apr/2026:12:56:46 +0000] "POST //xmlrpc.php HTTP/1.1" 200 401 "-" "Mozilla/5.0 (Windows NT 10.0; Win64; x64) AppleWebKit/537.36 (KHTML, like Gecko) Chrome/78.0.3904.108 Safari/537.36"
185.244.36.210 - - [17/Apr/2026:12:57:01 +0000] "POST /wp-cron.php?doing_wp_cron=1776430621.6262929439544677734375 HTTP/1.1" 200 0 "-" "WordPress/6.9.4; https://aceph.pk"
34.72.88.190 - - [17/Apr/2026:12:56:51 +0000] "POST //xmlrpc.php HTTP/1.1" 200 401 "-" "Mozilla/5.0 (Windows NT 10.0; Win64; x64) AppleWebKit/537.36 (KHTML, like Gecko) Chrome/78.0.3904.108 Safari/537.36"
34.72.88.190 - - [17/Apr/2026:12:57:01 +0000] "POST //xmlrpc.php HTTP/1.1" 200 401 "-" "Mozilla/5.0 (Windows NT 10.0; Win64; x64) AppleWebKit/537.36 (KHTML, like Gecko) Chrome/78.0.3904.108 Safari/537.36"
34.72.88.190 - - [17/Apr/2026:12:57:06 +0000] "POST //xmlrpc.php HTTP/1.1" 200 401 "-" "Mozilla/5.0 (Windows NT 10.0; Win64; x64) AppleWebKit/537.36 (KHTML, like Gecko) Chrome/78.0.3904.108 Safari/537.36"
34.72.88.190 - - [17/Apr/2026:12:57:16 +0000] "POST //xmlrpc.php HTTP/1.1" 200 401 "-" "Mozilla/5.0 (Windows NT 10.0; Win64; x64) AppleWebKit/537.36 (KHTML, like Gecko) Chrome/78.0.3904.108 Safari/537.36"
34.72.88.190 - - [17/Apr/2026:12:57:21 +0000] "POST //xmlrpc.php HTTP/1.1" 200 401 "-" "Mozilla/5.0 (Windows NT 10.0; Win64; x64) AppleWebKit/537.36 (KHTML, like Gecko) Chrome/78.0.3904.108 Safari/537.36"
34.72.88.190 - - [17/Apr/2026:12:57:31 +0000] "POST //xmlrpc.php HTTP/1.1" 200 401 "-" "Mozilla/5.0 (Windows NT 10.0; Win64; x64) AppleWebKit/537.36 (KHTML, like Gecko) Chrome/78.0.3904.108 Safari/537.36"
34.72.88.190 - - [17/Apr/2026:12:57:36 +0000] "POST //xmlrpc.php HTTP/1.1" 200 401 "-" "Mozilla/5.0 (Windows NT 10.0; Win64; x64) AppleWebKit/537.36 (KHTML, like Gecko) Chrome/78.0.3904.108 Safari/537.36"
34.72.88.190 - - [17/Apr/2026:12:57:46 +0000] "POST //xmlrpc.php HTTP/1.1" 200 401 "-" "Mozilla/5.0 (Windows NT 10.0; Win64; x64) AppleWebKit/537.36 (KHTML, like Gecko) Chrome/78.0.3904.108 Safari/537.36"
185.244.36.210 - - [17/Apr/2026:12:58:01 +0000] "POST /wp-cron.php?doing_wp_cron=1776430681.4456379413604736328125 HTTP/1.1" 200 0 "-" "WordPress/6.9.4; https://aceph.pk"
34.72.88.190 - - [17/Apr/2026:12:57:51 +0000] "POST //xmlrpc.php HTTP/1.1" 200 401 "-" "Mozilla/5.0 (Windows NT 10.0; Win64; x64) AppleWebKit/537.36 (KHTML, like Gecko) Chrome/78.0.3904.108 Safari/537.36"
34.72.88.190 - - [17/Apr/2026:12:58:01 +0000] "POST //xmlrpc.php HTTP/1.1" 200 401 "-" "Mozilla/5.0 (Windows NT 10.0; Win64; x64) AppleWebKit/537.36 (KHTML, like Gecko) Chrome/78.0.3904.108 Safari/537.36"
34.72.88.190 - - [17/Apr/2026:12:58:06 +0000] "POST //xmlrpc.php HTTP/1.1" 200 401 "-" "Mozilla/5.0 (Windows NT 10.0; Win64; x64) AppleWebKit/537.36 (KHTML, like Gecko) Chrome/78.0.3904.108 Safari/537.36"
34.72.88.190 - - [17/Apr/2026:12:58:16 +0000] "POST //xmlrpc.php HTTP/1.1" 200 401 "-" "Mozilla/5.0 (Windows NT 10.0; Win64; x64) AppleWebKit/537.36 (KHTML, like Gecko) Chrome/78.0.3904.108 Safari/537.36"
34.72.88.190 - - [17/Apr/2026:12:58:21 +0000] "POST //xmlrpc.php HTTP/1.1" 200 401 "-" "Mozilla/5.0 (Windows NT 10.0; Win64; x64) AppleWebKit/537.36 (KHTML, like Gecko) Chrome/78.0.3904.108 Safari/537.36"
34.72.88.190 - - [17/Apr/2026:12:58:31 +0000] "POST //xmlrpc.php HTTP/1.1" 200 401 "-" "Mozilla/5.0 (Windows NT 10.0; Win64; x64) AppleWebKit/537.36 (KHTML, like Gecko) Chrome/78.0.3904.108 Safari/537.36"
34.72.88.190 - - [17/Apr/2026:12:58:46 +0000] "POST //xmlrpc.php HTTP/1.1" 200 401 "-" "Mozilla/5.0 (Windows NT 10.0; Win64; x64) AppleWebKit/537.36 (KHTML, like Gecko) Chrome/78.0.3904.108 Safari/537.36"
34.72.88.190 - - [17/Apr/2026:12:59:01 +0000] "POST //xmlrpc.php HTTP/1.1" 200 401 "-" "Mozilla/5.0 (Windows NT 10.0; Win64; x64) AppleWebKit/537.36 (KHTML, like Gecko) Chrome/78.0.3904.108 Safari/537.36"
34.72.88.190 - - [17/Apr/2026:12:59:16 +0000] "POST //xmlrpc.php HTTP/1.1" 200 401 "-" "Mozilla/5.0 (Windows NT 10.0; Win64; x64) AppleWebKit/537.36 (KHTML, like Gecko) Chrome/78.0.3904.108 Safari/537.36"
34.72.88.190 - - [17/Apr/2026:12:59:32 +0000] "POST //xmlrpc.php HTTP/1.1" 200 401 "-" "Mozilla/5.0 (Windows NT 10.0; Win64; x64) AppleWebKit/537.36 (KHTML, like Gecko) Chrome/78.0.3904.108 Safari/537.36"
34.72.88.190 - - [17/Apr/2026:12:59:46 +0000] "POST //xmlrpc.php HTTP/1.1" 200 401 "-" "Mozilla/5.0 (Windows NT 10.0; Win64; x64) AppleWebKit/537.36 (KHTML, like Gecko) Chrome/78.0.3904.108 Safari/537.36"
34.72.88.190 - - [17/Apr/2026:13:00:01 +0000] "POST //xmlrpc.php HTTP/1.1" 200 401 "-" "Mozilla/5.0 (Windows NT 10.0; Win64; x64) AppleWebKit/537.36 (KHTML, like Gecko) Chrome/78.0.3904.108 Safari/537.36"
34.72.88.190 - - [17/Apr/2026:13:00:16 +0000] "POST //xmlrpc.php HTTP/1.1" 200 401 "-" "Mozilla/5.0 (Windows NT 10.0; Win64; x64) AppleWebKit/537.36 (KHTML, like Gecko) Chrome/78.0.3904.108 Safari/537.36"
34.72.88.190 - - [17/Apr/2026:13:00:31 +0000] "POST //xmlrpc.php HTTP/1.1" 200 401 "-" "Mozilla/5.0 (Windows NT 10.0; Win64; x64) AppleWebKit/537.36 (KHTML, like Gecko) Chrome/78.0.3904.108 Safari/537.36"
185.244.36.210 - - [17/Apr/2026:13:01:01 +0000] "POST /wp-cron.php?doing_wp_cron=1776430861.4539220333099365234375 HTTP/1.1" 200 0 "-" "WordPress/6.9.4; https://aceph.pk"
34.72.88.190 - - [17/Apr/2026:13:00:47 +0000] "POST //xmlrpc.php HTTP/1.1" 200 401 "-" "Mozilla/5.0 (Windows NT 10.0; Win64; x64) AppleWebKit/537.36 (KHTML, like Gecko) Chrome/78.0.3904.108 Safari/537.36"
34.72.88.190 - - [17/Apr/2026:13:01:01 +0000] "POST //xmlrpc.php HTTP/1.1" 200 401 "-" "Mozilla/5.0 (Windows NT 10.0; Win64; x64) AppleWebKit/537.36 (KHTML, like Gecko) Chrome/78.0.3904.108 Safari/537.36"
34.72.88.190 - - [17/Apr/2026:13:01:16 +0000] "POST //xmlrpc.php HTTP/1.1" 200 401 "-" "Mozilla/5.0 (Windows NT 10.0; Win64; x64) AppleWebKit/537.36 (KHTML, like Gecko) Chrome/78.0.3904.108 Safari/537.36"
34.72.88.190 - - [17/Apr/2026:13:01:31 +0000] "POST //xmlrpc.php HTTP/1.1" 200 401 "-" "Mozilla/5.0 (Windows NT 10.0; Win64; x64) AppleWebKit/537.36 (KHTML, like Gecko) Chrome/78.0.3904.108 Safari/537.36"
185.244.36.210 - - [17/Apr/2026:13:02:01 +0000] "POST /wp-cron.php?doing_wp_cron=1776430921.6636860370635986328125 HTTP/1.1" 200 0 "-" "WordPress/6.9.4; https://aceph.pk"
34.72.88.190 - - [17/Apr/2026:13:01:46 +0000] "POST //xmlrpc.php HTTP/1.1" 200 401 "-" "Mozilla/5.0 (Windows NT 10.0; Win64; x64) AppleWebKit/537.36 (KHTML, like Gecko) Chrome/78.0.3904.108 Safari/537.36"
34.72.88.190 - - [17/Apr/2026:13:02:01 +0000] "POST //xmlrpc.php HTTP/1.1" 200 401 "-" "Mozilla/5.0 (Windows NT 10.0; Win64; x64) AppleWebKit/537.36 (KHTML, like Gecko) Chrome/78.0.3904.108 Safari/537.36"
34.72.88.190 - - [17/Apr/2026:13:02:16 +0000] "POST //xmlrpc.php HTTP/1.1" 200 401 "-" "Mozilla/5.0 (Windows NT 10.0; Win64; x64) AppleWebKit/537.36 (KHTML, like Gecko) Chrome/78.0.3904.108 Safari/537.36"
34.72.88.190 - - [17/Apr/2026:13:02:32 +0000] "POST //xmlrpc.php HTTP/1.1" 200 401 "-" "Mozilla/5.0 (Windows NT 10.0; Win64; x64) AppleWebKit/537.36 (KHTML, like Gecko) Chrome/78.0.3904.108 Safari/537.36"
34.72.88.190 - - [17/Apr/2026:13:02:46 +0000] "POST //xmlrpc.php HTTP/1.1" 200 401 "-" "Mozilla/5.0 (Windows NT 10.0; Win64; x64) AppleWebKit/537.36 (KHTML, like Gecko) Chrome/78.0.3904.108 Safari/537.36"
34.72.88.190 - - [17/Apr/2026:13:03:01 +0000] "POST //xmlrpc.php HTTP/1.1" 200 401 "-" "Mozilla/5.0 (Windows NT 10.0; Win64; x64) AppleWebKit/537.36 (KHTML, like Gecko) Chrome/78.0.3904.108 Safari/537.36"
34.72.88.190 - - [17/Apr/2026:13:03:16 +0000] "POST //xmlrpc.php HTTP/1.1" 200 401 "-" "Mozilla/5.0 (Windows NT 10.0; Win64; x64) AppleWebKit/537.36 (KHTML, like Gecko) Chrome/78.0.3904.108 Safari/537.36"
170.64.221.162 - - [17/Apr/2026:13:03:32 +0000] "POST /wp-login.php HTTP/1.1" 200 5697 "-" "Mozilla/5.0"
34.72.88.190 - - [17/Apr/2026:13:03:32 +0000] "POST //xmlrpc.php HTTP/1.1" 200 401 "-" "Mozilla/5.0 (Windows NT 10.0; Win64; x64) AppleWebKit/537.36 (KHTML, like Gecko) Chrome/78.0.3904.108 Safari/537.36"
34.72.88.190 - - [17/Apr/2026:13:03:46 +0000] "POST //xmlrpc.php HTTP/1.1" 200 401 "-" "Mozilla/5.0 (Windows NT 10.0; Win64; x64) AppleWebKit/537.36 (KHTML, like Gecko) Chrome/78.0.3904.108 Safari/537.36"
34.72.88.190 - - [17/Apr/2026:13:04:01 +0000] "POST //xmlrpc.php HTTP/1.1" 200 401 "-" "Mozilla/5.0 (Windows NT 10.0; Win64; x64) AppleWebKit/537.36 (KHTML, like Gecko) Chrome/78.0.3904.108 Safari/537.36"
34.72.88.190 - - [17/Apr/2026:13:04:16 +0000] "POST //xmlrpc.php HTTP/1.1" 200 401 "-" "Mozilla/5.0 (Windows NT 10.0; Win64; x64) AppleWebKit/537.36 (KHTML, like Gecko) Chrome/78.0.3904.108 Safari/537.36"
34.72.88.190 - - [17/Apr/2026:13:04:31 +0000] "POST //xmlrpc.php HTTP/1.1" 200 401 "-" "Mozilla/5.0 (Windows NT 10.0; Win64; x64) AppleWebKit/537.36 (KHTML, like Gecko) Chrome/78.0.3904.108 Safari/537.36"
34.72.88.190 - - [17/Apr/2026:13:04:46 +0000] "POST //xmlrpc.php HTTP/1.1" 200 401 "-" "Mozilla/5.0 (Windows NT 10.0; Win64; x64) AppleWebKit/537.36 (KHTML, like Gecko) Chrome/78.0.3904.108 Safari/537.36"
34.72.88.190 - - [17/Apr/2026:13:05:02 +0000] "POST //xmlrpc.php HTTP/1.1" 200 401 "-" "Mozilla/5.0 (Windows NT 10.0; Win64; x64) AppleWebKit/537.36 (KHTML, like Gecko) Chrome/78.0.3904.108 Safari/537.36"
34.72.88.190 - - [17/Apr/2026:13:05:17 +0000] "POST //xmlrpc.php HTTP/1.1" 200 401 "-" "Mozilla/5.0 (Windows NT 10.0; Win64; x64) AppleWebKit/537.36 (KHTML, like Gecko) Chrome/78.0.3904.108 Safari/537.36"
34.72.88.190 - - [17/Apr/2026:13:05:31 +0000] "POST //xmlrpc.php HTTP/1.1" 200 401 "-" "Mozilla/5.0 (Windows NT 10.0; Win64; x64) AppleWebKit/537.36 (KHTML, like Gecko) Chrome/78.0.3904.108 Safari/537.36"
185.244.36.210 - - [17/Apr/2026:13:06:01 +0000] "POST /wp-cron.php?doing_wp_cron=1776431161.1026780605316162109375 HTTP/1.1" 200 0 "-" "WordPress/6.9.4; https://aceph.pk"
34.72.88.190 - - [17/Apr/2026:13:05:46 +0000] "POST //xmlrpc.php HTTP/1.1" 200 401 "-" "Mozilla/5.0 (Windows NT 10.0; Win64; x64) AppleWebKit/537.36 (KHTML, like Gecko) Chrome/78.0.3904.108 Safari/537.36"
34.72.88.190 - - [17/Apr/2026:13:06:01 +0000] "POST //xmlrpc.php HTTP/1.1" 200 401 "-" "Mozilla/5.0 (Windows NT 10.0; Win64; x64) AppleWebKit/537.36 (KHTML, like Gecko) Chrome/78.0.3904.108 Safari/537.36"
103.253.178.3 - - [17/Apr/2026:13:06:19 +0000] "GET /wp-login.php HTTP/2" 200 1743 "-" "Mozilla/4.0 (compatible; MSIE 7.0; Windows NT 6.1; WOW64; Trident/7.0; SLCC2; .NET CLR 2.0.50727; .NET CLR 3.5.30729; .NET CLR 3.0.30729; Media Center PC 6.0; .NET4.0C; .NET4.0E; InfoPath.3)"
103.253.178.3 - - [17/Apr/2026:13:06:21 +0000] "POST /wp-login.php HTTP/2" 200 1868 "https://aceph.pk/wp-login.php" "Mozilla/4.0 (compatible; MSIE 7.0; Windows NT 6.1; WOW64; Trident/7.0; SLCC2; .NET CLR 2.0.50727; .NET CLR 3.5.30729; .NET CLR 3.0.30729; Media Center PC 6.0; .NET4.0C; .NET4.0E; InfoPath.3)"
34.72.88.190 - - [17/Apr/2026:13:06:16 +0000] "POST //xmlrpc.php HTTP/1.1" 200 401 "-" "Mozilla/5.0 (Windows NT 10.0; Win64; x64) AppleWebKit/537.36 (KHTML, like Gecko) Chrome/78.0.3904.108 Safari/537.36"
34.72.88.190 - - [17/Apr/2026:13:06:31 +0000] "POST //xmlrpc.php HTTP/1.1" 200 401 "-" "Mozilla/5.0 (Windows NT 10.0; Win64; x64) AppleWebKit/537.36 (KHTML, like Gecko) Chrome/78.0.3904.108 Safari/537.36"
34.72.88.190 - - [17/Apr/2026:13:06:46 +0000] "POST //xmlrpc.php HTTP/1.1" 200 401 "-" "Mozilla/5.0 (Windows NT 10.0; Win64; x64) AppleWebKit/537.36 (KHTML, like Gecko) Chrome/78.0.3904.108 Safari/537.36"
34.72.88.190 - - [17/Apr/2026:13:07:01 +0000] "POST //xmlrpc.php HTTP/1.1" 200 401 "-" "Mozilla/5.0 (Windows NT 10.0; Win64; x64) AppleWebKit/537.36 (KHTML, like Gecko) Chrome/78.0.3904.108 Safari/537.36"
34.72.88.190 - - [17/Apr/2026:13:07:17 +0000] "POST //xmlrpc.php HTTP/1.1" 200 401 "-" "Mozilla/5.0 (Windows NT 10.0; Win64; x64) AppleWebKit/537.36 (KHTML, like Gecko) Chrome/78.0.3904.108 Safari/537.36"
34.72.88.190 - - [17/Apr/2026:13:07:31 +0000] "POST //xmlrpc.php HTTP/1.1" 200 401 "-" "Mozilla/5.0 (Windows NT 10.0; Win64; x64) AppleWebKit/537.36 (KHTML, like Gecko) Chrome/78.0.3904.108 Safari/537.36"
34.72.88.190 - - [17/Apr/2026:13:07:46 +0000] "POST //xmlrpc.php HTTP/1.1" 200 401 "-" "Mozilla/5.0 (Windows NT 10.0; Win64; x64) AppleWebKit/537.36 (KHTML, like Gecko) Chrome/78.0.3904.108 Safari/537.36"
34.72.88.190 - - [17/Apr/2026:13:08:01 +0000] "POST //xmlrpc.php HTTP/1.1" 200 401 "-" "Mozilla/5.0 (Windows NT 10.0; Win64; x64) AppleWebKit/537.36 (KHTML, like Gecko) Chrome/78.0.3904.108 Safari/537.36"
34.72.88.190 - - [17/Apr/2026:13:08:16 +0000] "POST //xmlrpc.php HTTP/1.1" 200 401 "-" "Mozilla/5.0 (Windows NT 10.0; Win64; x64) AppleWebKit/537.36 (KHTML, like Gecko) Chrome/78.0.3904.108 Safari/537.36"
34.72.88.190 - - [17/Apr/2026:13:08:31 +0000] "POST //xmlrpc.php HTTP/1.1" 200 401 "-" "Mozilla/5.0 (Windows NT 10.0; Win64; x64) AppleWebKit/537.36 (KHTML, like Gecko) Chrome/78.0.3904.108 Safari/537.36"
137.184.164.237 - - [17/Apr/2026:12:47:20 +0000] "POST /wp-login.php HTTP/1.1" 200 5713 "-" "Mozilla/5.0"
137.184.164.237 - - [17/Apr/2026:12:47:20 +0000] "POST /wp-login.php HTTP/1.1" 200 5697 "-" "Mozilla/5.0"
137.184.164.237 - - [17/Apr/2026:12:47:20 +0000] "POST /wp-login.php HTTP/1.1" 200 5695 "-" "Mozilla/5.0"
185.244.36.210 - - [17/Apr/2026:12:48:34 +0000] "POST /wp-cron.php?doing_wp_cron=1776430114.9352920055389404296875 HTTP/1.1" 200 0 "-" "WordPress/6.9.4; https://aceph.pk"
170.64.221.162 - - [17/Apr/2026:12:51:57 +0000] "POST /wp-login.php HTTP/1.1" 200 5713 "-" "Mozilla/5.0"
13.210.97.104 - - [17/Apr/2026:12:52:57 +0000] "POST /xmlrpc.php HTTP/2" 200 205 "-" "Mozilla/5.0 (Windows NT 6.3; Win64; x64) AppleWebKit/537.36 (KHTML, like Gecko) Chrome/67.0.3396.62 Safari/537.36"
185.244.36.210 - - [17/Apr/2026:12:53:42 +0000] "POST /wp-cron.php?doing_wp_cron=1776430422.4813959598541259765625 HTTP/1.1" 200 0 "-" "WordPress/6.9.4; https://aceph.pk"
13.114.51.134 - - [17/Apr/2026:12:53:41 +0000] "POST /wp-login.php HTTP/1.1" 200 2096 "-" "Mozilla/5.0 (Macintosh; Intel Mac OS X 10_15_7) AppleWebKit/605.1.15 Version/17.0 Safari/605.1.15"
185.244.36.210 - - [17/Apr/2026:12:55:00 +0000] "POST /wp-cron.php?doing_wp_cron=1776430500.1788249015808105468750 HTTP/1.1" 200 0 "-" "WordPress/6.9.4; https://aceph.pk"
185.244.36.210 - - [17/Apr/2026:12:56:01 +0000] "POST /wp-cron.php?doing_wp_cron=1776430561.4009809494018554687500 HTTP/1.1" 200 0 "-" "WordPress/6.9.4; https://aceph.pk"
185.244.36.210 - - [17/Apr/2026:12:59:01 +0000] "POST /wp-cron.php?doing_wp_cron=1776430741.4705679416656494140625 HTTP/1.1" 200 0 "-" "WordPress/6.9.4; https://aceph.pk"
185.244.36.210 - - [17/Apr/2026:13:00:01 +0000] "POST /wp-cron.php?doing_wp_cron=1776430801.4276719093322753906250 HTTP/1.1" 200 0 "-" "WordPress/6.9.4; https://aceph.pk"
137.184.164.237 - - [17/Apr/2026:13:02:41 +0000] "POST /wp-login.php HTTP/1.1" 200 5695 "-" "Mozilla/5.0"
137.184.164.237 - - [17/Apr/2026:13:02:41 +0000] "POST /wp-login.php HTTP/1.1" 200 5713 "-" "Mozilla/5.0"
137.184.164.237 - - [17/Apr/2026:13:02:41 +0000] "POST /wp-login.php HTTP/1.1" 200 5697 "-" "Mozilla/5.0"
185.244.36.210 - - [17/Apr/2026:13:03:01 +0000] "POST /wp-cron.php?doing_wp_cron=1776430981.7397370338439941406250 HTTP/1.1" 200 0 "-" "WordPress/6.9.4; https://aceph.pk"
170.64.221.162 - - [17/Apr/2026:13:03:32 +0000] "POST /wp-login.php HTTP/1.1" 200 5695 "-" "Mozilla/5.0"
170.64.221.162 - - [17/Apr/2026:13:03:32 +0000] "POST /wp-login.php HTTP/1.1" 200 5713 "-" "Mozilla/5.0"
185.244.36.210 - - [17/Apr/2026:13:04:01 +0000] "POST /wp-cron.php?doing_wp_cron=1776431041.6005148887634277343750 HTTP/1.1" 200 0 "-" "WordPress/6.9.4; https://aceph.pk"
185.244.36.210 - - [17/Apr/2026:13:05:02 +0000] "POST /wp-cron.php?doing_wp_cron=1776431102.0135960578918457031250 HTTP/1.1" 200 0 "-" "WordPress/6.9.4; https://aceph.pk"
185.244.36.210 - - [17/Apr/2026:13:07:01 +0000] "POST /wp-cron.php?doing_wp_cron=1776431221.5542089939117431640625 HTTP/1.1" 200 0 "-" "WordPress/6.9.4; https://aceph.pk"
185.244.36.210 - - [17/Apr/2026:13:07:17 +0000] "POST /wp-cron.php?doing_wp_cron=1776431236.9805479049682617187500 HTTP/1.1" 200 0 "-" "WordPress/6.9.4; https://aceph.pk"
185.244.36.210 - - [17/Apr/2026:13:08:01 +0000] "POST /wp-cron.php?doing_wp_cron=1776431281.7705008983612060546875 HTTP/1.1" 200 0 "-" "WordPress/6.9.4; https://aceph.pk"
185.244.36.210 - - [17/Apr/2026:13:09:01 +0000] "POST /wp-cron.php?doing_wp_cron=1776431341.6178419589996337890625 HTTP/1.1" 200 0 "-" "WordPress/6.9.4; https://aceph.pk"
66.249.69.65 - - [17/Apr/2026:13:09:48 +0000] "GET /wp-content/plugins/kadence-blocks/dist/style-blocks-column.css?ver=3.6.7 HTTP/1.1" 200 427 "https://aceph.pk/" "Mozilla/5.0 (Linux; Android 6.0.1; Nexus 5X Build/MMB29P) AppleWebKit/537.36 (KHTML, like Gecko) Chrome/146.0.7680.177 Mobile Safari/537.36 (compatible; Googlebot/2.1; +http://www.google.com/bot.html)"
34.72.88.190 - - [17/Apr/2026:13:08:46 +0000] "POST //xmlrpc.php HTTP/1.1" 200 401 "-" "Mozilla/5.0 (Windows NT 10.0; Win64; x64) AppleWebKit/537.36 (KHTML, like Gecko) Chrome/78.0.3904.108 Safari/537.36"
34.72.88.190 - - [17/Apr/2026:13:09:01 +0000] "POST //xmlrpc.php HTTP/1.1" 200 401 "-" "Mozilla/5.0 (Windows NT 10.0; Win64; x64) AppleWebKit/537.36 (KHTML, like Gecko) Chrome/78.0.3904.108 Safari/537.36"
34.72.88.190 - - [17/Apr/2026:13:09:16 +0000] "POST //xmlrpc.php HTTP/1.1" 200 401 "-" "Mozilla/5.0 (Windows NT 10.0; Win64; x64) AppleWebKit/537.36 (KHTML, like Gecko) Chrome/78.0.3904.108 Safari/537.36"
66.249.69.65 - - [17/Apr/2026:13:09:42 +0000] "GET / HTTP/1.1" 200 34906 "-" "Mozilla/5.0 (Linux; Android 6.0.1; Nexus 5X Build/MMB29P) AppleWebKit/537.36 (KHTML, like Gecko) Chrome/146.0.7680.177 Mobile Safari/537.36 (compatible; Googlebot/2.1; +http://www.google.com/bot.html)"
34.72.88.190 - - [17/Apr/2026:13:09:31 +0000] "POST //xmlrpc.php HTTP/1.1" 200 401 "-" "Mozilla/5.0 (Windows NT 10.0; Win64; x64) AppleWebKit/537.36 (KHTML, like Gecko) Chrome/78.0.3904.108 Safari/537.36"
66.249.69.65 - - [17/Apr/2026:13:09:48 +0000] "GET /wp-content/plugins/ultimate-blocks/src/extensions/style.css?ver=6.9.4 HTTP/1.1" 200 93 "https://aceph.pk/" "Mozilla/5.0 (Linux; Android 6.0.1; Nexus 5X Build/MMB29P) AppleWebKit/537.36 (KHTML, like Gecko) Chrome/146.0.7680.177 Mobile Safari/537.36 (compatible; Googlebot/2.1; +http://www.google.com/bot.html)"
66.249.69.64 - - [17/Apr/2026:13:09:49 +0000] "GET /wp-content/themes/kadence/assets/css/global.min.css?ver=1.4.5 HTTP/1.1" 200 5026 "https://aceph.pk/" "Mozilla/5.0 (Linux; Android 6.0.1; Nexus 5X Build/MMB29P) AppleWebKit/537.36 (KHTML, like Gecko) Chrome/146.0.7680.177 Mobile Safari/537.36 (compatible; Googlebot/2.1; +http://www.google.com/bot.html)"
66.249.69.64 - - [17/Apr/2026:13:09:49 +0000] "GET /wp-content/plugins/kadence-blocks/dist/style-blocks-spacer.css?ver=3.6.7 HTTP/1.1" 200 384 "https://aceph.pk/" "Mozilla/5.0 (Linux; Android 6.0.1; Nexus 5X Build/MMB29P) AppleWebKit/537.36 (KHTML, like Gecko) Chrome/146.0.7680.177 Mobile Safari/537.36 (compatible; Googlebot/2.1; +http://www.google.com/bot.html)"
66.249.69.64 - - [17/Apr/2026:13:09:49 +0000] "GET /wp-content/themes/kadence/assets/css/footer.min.css?ver=1.4.5 HTTP/1.1" 200 1675 "https://aceph.pk/" "Mozilla/5.0 (Linux; Android 6.0.1; Nexus 5X Build/MMB29P) AppleWebKit/537.36 (KHTML, like Gecko) Chrome/146.0.7680.177 Mobile Safari/537.36 (compatible; Googlebot/2.1; +http://www.google.com/bot.html)"
66.249.69.64 - - [17/Apr/2026:13:09:49 +0000] "GET /wp-content/plugins/kadence-blocks/dist/style-blocks-advancedbtn.css?ver=3.6.7 HTTP/1.1" 200 704 "https://aceph.pk/" "Mozilla/5.0 (Linux; Android 6.0.1; Nexus 5X Build/MMB29P) AppleWebKit/537.36 (KHTML, like Gecko) Chrome/146.0.7680.177 Mobile Safari/537.36 (compatible; Googlebot/2.1; +http://www.google.com/bot.html)"
66.249.69.64 - - [17/Apr/2026:13:09:49 +0000] "GET /wp-content/plugins/kadence-blocks/dist/style-blocks-rowlayout.css?ver=3.6.7 HTTP/1.1" 200 1770 "https://aceph.pk/" "Mozilla/5.0 (Linux; Android 6.0.1; Nexus 5X Build/MMB29P) AppleWebKit/537.36 (KHTML, like Gecko) Chrome/146.0.7680.177 Mobile Safari/537.36 (compatible; Googlebot/2.1; +http://www.google.com/bot.html)"
34.72.88.190 - - [17/Apr/2026:13:09:46 +0000] "POST //xmlrpc.php HTTP/1.1" 200 401 "-" "Mozilla/5.0 (Windows NT 10.0; Win64; x64) AppleWebKit/537.36 (KHTML, like Gecko) Chrome/78.0.3904.108 Safari/537.36"
185.66.91.225 - - [17/Apr/2026:13:10:23 +0000] "POST /xmlrpc.php HTTP/2" 200 205 "-" "Mozilla/5.0 (Windows NT 6.1; WOW64; Trident/7.0; MDDRJS; rv:11.0) like Gecko"
185.244.36.210 - - [17/Apr/2026:13:15:09 +0000] "POST /wp-cron.php?doing_wp_cron=1776431709.5971179008483886718750 HTTP/1.1" 200 0 "-" "WordPress/6.9.4; https://aceph.pk"
170.64.221.162 - - [17/Apr/2026:13:15:07 +0000] "POST /wp-login.php HTTP/1.1" 200 5697 "-" "Mozilla/5.0"
170.64.221.162 - - [17/Apr/2026:13:15:07 +0000] "POST /wp-login.php HTTP/1.1" 200 5695 "-" "Mozilla/5.0"
66.249.69.65 - - [17/Apr/2026:13:09:49 +0000] "GET /wp-content/themes/kadence/assets/css/content.min.css?ver=1.4.5 HTTP/1.1" 200 5818 "https://aceph.pk/" "Mozilla/5.0 (Linux; Android 6.0.1; Nexus 5X Build/MMB29P) AppleWebKit/537.36 (KHTML, like Gecko) Chrome/146.0.7680.177 Mobile Safari/537.36 (compatible; Googlebot/2.1; +http://www.google.com/bot.html)"
66.249.69.64 - - [17/Apr/2026:13:09:49 +0000] "GET /wp-content/themes/kadence/assets/css/header.min.css?ver=1.4.5 HTTP/1.1" 200 4240 "https://aceph.pk/" "Mozilla/5.0 (Linux; Android 6.0.1; Nexus 5X Build/MMB29P) AppleWebKit/537.36 (KHTML, like Gecko) Chrome/146.0.7680.177 Mobile Safari/537.36 (compatible; Googlebot/2.1; +http://www.google.com/bot.html)"
66.249.69.64 - - [17/Apr/2026:13:09:49 +0000] "GET /wp-content/themes/kadence/assets/css/rankmath.min.css?ver=1.4.5 HTTP/1.1" 200 39 "https://aceph.pk/" "Mozilla/5.0 (Linux; Android 6.0.1; Nexus 5X Build/MMB29P) AppleWebKit/537.36 (KHTML, like Gecko) Chrome/146.0.7680.177 Mobile Safari/537.36 (compatible; Googlebot/2.1; +http://www.google.com/bot.html)"
66.249.69.64 - - [17/Apr/2026:13:09:49 +0000] "GET /wp-content/plugins/seo-by-rank-math/includes/modules/schema/blocks/toc/assets/css/toc_list_style.css?ver=1.0.267 HTTP/1.1" 200 105 "https://aceph.pk/" "Mozilla/5.0 (Linux; Android 6.0.1; Nexus 5X Build/MMB29P) AppleWebKit/537.36 (KHTML, like Gecko) Chrome/146.0.7680.177 Mobile Safari/537.36 (compatible; Googlebot/2.1; +http://www.google.com/bot.html)"
66.249.69.64 - - [17/Apr/2026:13:09:49 +0000] "GET /wp-content/plugins/ultimate-blocks/dist/blocks.style.build.css?ver=3.5.4 HTTP/1.1" 200 12651 "https://aceph.pk/" "Mozilla/5.0 (Linux; Android 6.0.1; Nexus 5X Build/MMB29P) AppleWebKit/537.36 (KHTML, like Gecko) Chrome/146.0.7680.177 Mobile Safari/537.36 (compatible; Googlebot/2.1; +http://www.google.com/bot.html)"
66.249.69.65 - - [17/Apr/2026:13:09:49 +0000] "GET /wp-content/themes/kadence/assets/js/navigation.min.js?ver=1.4.5 HTTP/1.1" 200 5095 "https://aceph.pk/" "Mozilla/5.0 (Linux; Android 6.0.1; Nexus 5X Build/MMB29P) AppleWebKit/537.36 (KHTML, like Gecko) Chrome/146.0.7680.177 Mobile Safari/537.36 (compatible; Googlebot/2.1; +http://www.google.com/bot.html)"
66.249.69.65 - - [17/Apr/2026:13:09:49 +0000] "GET /wp-content/plugins/ultimate-blocks/src/blocks/content-toggle/front.build.js?ver=3.5.4 HTTP/1.1" 200 1900 "https://aceph.pk/" "Mozilla/5.0 (Linux; Android 6.0.1; Nexus 5X Build/MMB29P) AppleWebKit/537.36 (KHTML, like Gecko) Chrome/146.0.7680.177 Mobile Safari/537.36 (compatible; Googlebot/2.1; +http://www.google.com/bot.html)"
185.244.36.210 - - [17/Apr/2026:13:10:23 +0000] "POST /wp-cron.php?doing_wp_cron=1776431423.8248341083526611328125 HTTP/1.1" 200 0 "-" "WordPress/6.9.4; https://aceph.pk"
117.62.235.53 - - [17/Apr/2026:13:12:21 +0000] "GET / HTTP/1.1" 200 39598 "http://www.aceph.pk" "Mozilla/5.0 (iPhone; CPU iPhone OS 13_2_3 like Mac OS X) AppleWebKit/605.1.15 (KHTML, like Gecko) Version/13.0.3 Mobile/15E148 Safari/604.1"
13.114.51.134 - - [17/Apr/2026:13:16:24 +0000] "POST /wp-login.php HTTP/1.1" 200 2096 "-" "Mozilla/5.0 (Macintosh; Intel Mac OS X 10_15_7) AppleWebKit/605.1.15 Version/17.0 Safari/605.1.15"
137.184.164.237 - - [17/Apr/2026:13:18:06 +0000] "POST /wp-login.php HTTP/1.1" 200 5713 "-" "Mozilla/5.0"
185.244.36.210 - - [17/Apr/2026:13:18:08 +0000] "POST /wp-cron.php?doing_wp_cron=1776431888.5811419486999511718750 HTTP/1.1" 200 0 "-" "WordPress/6.9.4; https://aceph.pk"
137.184.164.237 - - [17/Apr/2026:13:18:06 +0000] "POST /wp-login.php HTTP/1.1" 200 5697 "-" "Mozilla/5.0"
137.184.164.237 - - [17/Apr/2026:13:18:06 +0000] "POST /wp-login.php HTTP/1.1" 200 5695 "-" "Mozilla/5.0"
51.79.81.228 - - [17/Apr/2026:13:19:27 +0000] "GET /wp-login.php HTTP/2" 200 1743 "-" "Mozilla/5.0 (Windows NT 6.2; Win64; x64; rv:60.0) Gecko/20100101 Firefox/60.0"
51.79.81.228 - - [17/Apr/2026:13:19:29 +0000] "POST /wp-login.php HTTP/2" 200 1868 "https://aceph.pk/wp-login.php" "Mozilla/5.0 (Windows NT 6.2; Win64; x64; rv:60.0) Gecko/20100101 Firefox/60.0"
170.64.221.162 - - [17/Apr/2026:13:15:07 +0000] "POST /wp-login.php HTTP/1.1" 200 5713 "-" "Mozilla/5.0"
149.202.173.97 - - [17/Apr/2026:13:15:18 +0000] "GET /wp-login.php HTTP/2" 200 1743 "-" "Mozilla/5.0 (Windows NT 6.3; WOW64; Trident/7.0; AS; rv:11.0) like Gecko"
149.202.173.97 - - [17/Apr/2026:13:15:18 +0000] "POST /wp-login.php HTTP/2" 200 1868 "https://aceph.pk/wp-login.php" "Mozilla/5.0 (Windows NT 6.3; WOW64; Trident/7.0; AS; rv:11.0) like Gecko"
185.244.36.210 - - [17/Apr/2026:13:16:25 +0000] "POST /wp-cron.php?doing_wp_cron=1776431785.0812358856201171875000 HTTP/1.1" 200 0 "-" "WordPress/6.9.4; https://aceph.pk"
185.244.36.210 - - [17/Apr/2026:13:18:08 +0000] "POST /wp-cron.php?doing_wp_cron=1776431888.5810439586639404296875 HTTP/1.1" 200 0 "-" "WordPress/6.9.4; https://aceph.pk"
185.244.36.210 - - [17/Apr/2026:13:19:28 +0000] "POST /wp-cron.php?doing_wp_cron=1776431968.0315310955047607421875 HTTP/1.1" 200 0 "-" "WordPress/6.9.4; https://aceph.pk"
185.244.36.210 - - [17/Apr/2026:13:23:08 +0000] "POST /wp-cron.php?doing_wp_cron=1776432188.6526730060577392578125 HTTP/1.1" 200 0 "-" "WordPress/6.9.4; https://aceph.pk"
185.62.188.4 - - [17/Apr/2026:13:23:25 +0000] "GET /readme.txt HTTP/2" 200 46 "-" "Mozilla/5.0 (X11; Linux x86_64) AppleWebKit/537.36 (KHTML, like Gecko) QtWebEngine/5.13.1 Chrome/73.0.3683.105 Safari/537.36"
185.62.188.4 - - [17/Apr/2026:13:24:55 +0000] "GET /readme.txt HTTP/2" 200 46 "-" "Mozilla/5.0 (X11; Linux x86_64) AppleWebKit/537.36 (KHTML, like Gecko) QtWebEngine/5.13.1 Chrome/73.0.3683.105 Safari/537.36"
170.64.221.162 - - [17/Apr/2026:13:26:47 +0000] "POST /wp-login.php HTTP/1.1" 200 5695 "-" "Mozilla/5.0"
185.244.36.210 - - [17/Apr/2026:13:27:35 +0000] "POST /wp-cron.php?doing_wp_cron=1776432455.4499959945678710937500 HTTP/1.1" 200 0 "-" "WordPress/6.9.4; https://aceph.pk"
35.229.146.197 - - [17/Apr/2026:13:27:34 +0000] "POST /xmlrpc.php HTTP/2" 200 205 "-" "Mozilla/5.0 (Windows NT 6.3; Win64; x64) AppleWebKit/537.36 (KHTML, like Gecko) Chrome/65.0.3325.146 Safari/537.36"
185.244.36.210 - - [17/Apr/2026:13:28:09 +0000] "POST /wp-cron.php?doing_wp_cron=1776432489.4287879467010498046875 HTTP/1.1" 200 0 "-" "WordPress/6.9.4; https://aceph.pk"
146.59.240.216 - - [17/Apr/2026:13:28:09 +0000] "GET /wp-login.php HTTP/2" 200 1743 "-" "Mozilla/5.0 (Windows NT 6.3; Win64; x64; Trident/7.0; rv:11.0) like Gecko"
146.59.240.216 - - [17/Apr/2026:13:28:09 +0000] "POST /wp-login.php HTTP/2" 200 1868 "https://aceph.pk/wp-login.php" "Mozilla/5.0 (Windows NT 6.3; Win64; x64; Trident/7.0; rv:11.0) like Gecko"
137.184.164.237 - - [17/Apr/2026:13:33:50 +0000] "POST /wp-login.php HTTP/1.1" 200 5713 "-" "Mozilla/5.0"
185.244.36.210 - - [17/Apr/2026:13:33:52 +0000] "POST /wp-cron.php?doing_wp_cron=1776432832.3029758930206298828125 HTTP/1.1" 200 0 "-" "WordPress/6.9.4; https://aceph.pk"
