62.60.131.232 - - [16/Apr/2026:18:51:54 +0000] "GET /wp-json/wp/v2/posts?per_page=100&_fields=author?per_page=100&page=1&_fields=author HTTP/2" 200 6 "-" "Mozilla/5.0 (Windows NT 10.0; Win64; x64; rv:109.0) Gecko/20100101 Firefox/119.0"
62.60.131.232 - - [16/Apr/2026:18:51:57 +0000] "POST /api/graphql HTTP/2" 404 18812 "-" "Mozilla/5.0 (X11; Linux x86_64) AppleWebKit/537.36 (KHTML, like Gecko) Chrome/120.0.0.0 Safari/537.36"
62.60.131.232 - - [16/Apr/2026:18:51:58 +0000] "GET /wp-sitemap-users-1.xml HTTP/2" 301 0 "-" "Mozilla/5.0 (Windows NT 10.0; Win64; x64) AppleWebKit/537.36 (KHTML, like Gecko) Chrome/120.0.0.0 Safari/537.36"
62.60.131.232 - - [16/Apr/2026:18:51:57 +0000] "GET /wp-json/wp/v2/users/..;/ HTTP/2" 404 105 "-" "Mozilla/5.0 (Windows NT 10.0; Win64; x64; rv:109.0) Gecko/20100101 Firefox/119.0"
62.60.131.232 - - [16/Apr/2026:18:51:59 +0000] "GET /wp-json/wp/v2/posts?per_page=100&_fields=author?per_page=100&page=1&_fields=author HTTP/2" 200 6 "-" "Mozilla/5.0 (X11; Linux x86_64) AppleWebKit/537.36 (KHTML, like Gecko) Chrome/120.0.0.0 Safari/537.36"
62.60.131.232 - - [16/Apr/2026:18:52:00 +0000] "GET /author-sitemap.xml HTTP/2" 404 18457 "https://aceph.pk.millwin.org/wp-sitemap-users-1.xml" "Mozilla/5.0 (Windows NT 10.0; Win64; x64) AppleWebKit/537.36 (KHTML, like Gecko) Chrome/120.0.0.0 Safari/537.36"
62.60.131.232 - - [16/Apr/2026:18:52:02 +0000] "POST /api/graphql HTTP/2" 404 18873 "-" "Mozilla/5.0 (Macintosh; Intel Mac OS X 10_15_7) AppleWebKit/537.36 (KHTML, like Gecko) Chrome/120.0.0.0 Safari/537.36"
62.60.131.232 - - [16/Apr/2026:18:52:02 +0000] "GET /wp-json/wp/v2/users/..;/ HTTP/2" 404 105 "-" "Mozilla/5.0 (Windows NT 10.0; Win64; x64) AppleWebKit/537.36 (KHTML, like Gecko) Chrome/120.0.0.0 Safari/537.36"
62.60.131.232 - - [16/Apr/2026:18:52:05 +0000] "GET /wp-sitemap-users-1.xml HTTP/2" 301 0 "-" "Mozilla/5.0 (X11; Linux x86_64) AppleWebKit/537.36 (KHTML, like Gecko) Chrome/120.0.0.0 Safari/537.36"
62.60.131.232 - - [16/Apr/2026:18:52:06 +0000] "GET /author-sitemap.xml HTTP/2" 404 18457 "https://aceph.pk.millwin.org/wp-sitemap-users-1.xml" "Mozilla/5.0 (X11; Linux x86_64) AppleWebKit/537.36 (KHTML, like Gecko) Chrome/120.0.0.0 Safari/537.36"
62.60.131.232 - - [16/Apr/2026:18:52:07 +0000] "GET /wp-json/wp/v2/users/..;/ HTTP/2" 404 105 "-" "Mozilla/5.0 (Windows NT 10.0; Win64; x64; rv:109.0) Gecko/20100101 Firefox/119.0"
118.193.36.63 - - [16/Apr/2026:18:58:30 +0000] "GET /robots.txt HTTP/1.1" 200 107 "-" "Go-http-client/1.1"
118.193.36.63 - - [16/Apr/2026:18:58:30 +0000] "GET /sitemap.xml HTTP/1.1" 301 0 "-" "Go-http-client/1.1"
185.244.36.210 - - [16/Apr/2026:18:59:17 +0000] "POST /wp-cron.php?doing_wp_cron=1776365957.1178159713745117187500 HTTP/1.1" 200 0 "-" "WordPress/6.9.4; https://aceph.pk"
123.58.213.118 - - [16/Apr/2026:18:59:16 +0000] "GET / HTTP/1.1" 200 40329 "-" "Mozilla/5.0 (Windows NT 8_1; Win64; x64) AppleWebKit/588.54 (KHTML, like Gecko) Chrome/99.0.2729 Safari/537.36"
185.244.36.210 - - [16/Apr/2026:19:00:10 +0000] "POST /wp-cron.php?doing_wp_cron=1776366010.5112190246582031250000 HTTP/1.1" 200 0 "-" "WordPress/6.9.4; https://aceph.pk"
185.244.36.210 - - [16/Apr/2026:19:01:05 +0000] "POST /wp-cron.php?doing_wp_cron=1776366065.8793079853057861328125 HTTP/1.1" 200 0 "-" "WordPress/6.9.4; https://aceph.pk"
185.244.36.210 - - [16/Apr/2026:19:02:29 +0000] "POST /wp-cron.php?doing_wp_cron=1776366149.0350511074066162109375 HTTP/1.1" 200 0 "-" "WordPress/6.9.4; https://aceph.pk"
104.28.155.29 - - [16/Apr/2026:19:02:27 +0000] "POST /wp-login.php HTTP/1.1" 200 2095 "-" "Mozilla/5.0 (Windows NT 10.0; Win64; x64) AppleWebKit/537.36 Chrome/129.0.0.0 Safari/537.36"
185.244.36.210 - - [16/Apr/2026:17:25:09 +0000] "POST /wp-cron.php?doing_wp_cron=1776360309.5427410602569580078125 HTTP/1.1" 200 0 "-" "WordPress/6.9.4; https://aceph.pk"
104.28.155.29 - - [16/Apr/2026:17:25:08 +0000] "GET /wp-login.php HTTP/1.1" 200 1964 "-" "Mozilla/5.0 (Windows NT 10.0; Win64; x64) AppleWebKit/537.36 Chrome/129.0.0.0 Safari/537.36"
104.28.155.29 - - [16/Apr/2026:17:25:11 +0000] "GET /?author=1 HTTP/1.1" 301 0 "-" "Mozilla/5.0 (Windows NT 10.0; Win64; rv:143.0) Gecko/20100101 Firefox/143.0"
104.28.155.29 - - [16/Apr/2026:17:25:12 +0000] "GET /?rest_route=/wp/v2/users HTTP/1.1" 200 351 "-" "Mozilla/5.0 (Windows NT 10.0; Win64; rv:143.0) Gecko/20100101 Firefox/143.0"
185.244.36.210 - - [16/Apr/2026:18:19:06 +0000] "POST /wp-cron.php?doing_wp_cron=1776363546.4060978889465332031250 HTTP/1.1" 200 0 "-" "WordPress/6.9.4; https://aceph.pk"
98.159.37.2 - - [16/Apr/2026:18:19:05 +0000] "POST /wp-login.php HTTP/1.1" 200 5695 "-" "Mozilla/5.0"
182.44.10.67 - - [16/Apr/2026:18:40:28 +0000] "GET / HTTP/1.1" 200 40329 "http://aceph.pk" "Mozilla/5.0 (iPhone; CPU iPhone OS 13_2_3 like Mac OS X) AppleWebKit/605.1.15 (KHTML, like Gecko) Version/13.0.3 Mobile/15E148 Safari/604.1"
185.244.36.210 - - [16/Apr/2026:18:51:23 +0000] "POST /wp-cron.php?doing_wp_cron=1776365482.9739289283752441406250 HTTP/1.1" 200 0 "-" "WordPress/6.9.4; https://aceph.pk"
185.244.36.210 - - [16/Apr/2026:18:51:59 +0000] "POST /wp-cron.php?doing_wp_cron=1776365519.2912659645080566406250 HTTP/1.1" 200 0 "-" "WordPress/6.9.4; https://aceph.pk"
185.244.36.210 - - [16/Apr/2026:18:53:12 +0000] "POST /wp-cron.php?doing_wp_cron=1776365592.6073079109191894531250 HTTP/1.1" 200 0 "-" "WordPress/6.9.4; https://aceph.pk"
98.159.37.202 - - [16/Apr/2026:18:53:11 +0000] "POST /wp-login.php HTTP/1.1" 200 5695 "-" "Mozilla/5.0"
118.26.36.18 - - [16/Apr/2026:18:57:46 +0000] "GET / HTTP/1.1" 200 172594 "-" "curl/7.29.0"
118.193.36.63 - - [16/Apr/2026:18:58:28 +0000] "GET /favicon.ico HTTP/1.1" 404 796 "-" "Go-http-client/1.1"
118.193.36.63 - - [16/Apr/2026:18:58:32 +0000] "GET /sitemap_index.xml HTTP/1.1" 200 286 "https://aceph.pk/sitemap.xml" "Go-http-client/1.1"
123.58.213.118 - - [16/Apr/2026:18:59:22 +0000] "GET /favicon.ico HTTP/1.1" 404 796 "-" "Go-http-client/1.1"
123.58.213.118 - - [16/Apr/2026:18:59:23 +0000] "GET /wp-content/uploads/2026/04/cropped-ACEPH-Game.webp HTTP/1.1" 200 15506 "-" "Mozilla/5.0 (Macintosh; Intel Mac OS X 9_1_2) AppleWebKit/553.38 (KHTML, like Gecko) Chrome/75.0.551 Safari/537.36"
123.58.213.118 - - [16/Apr/2026:18:59:25 +0000] "GET /wp-content/plugins/ultimate-blocks/src/blocks/content-toggle/front.build.js?ver=3.5.4 HTTP/1.1" 200 2047 "-" "Go-http-client/1.1"
123.58.213.118 - - [16/Apr/2026:18:59:26 +0000] "GET /sitemap.xml HTTP/1.1" 301 0 "-" "Go-http-client/1.1"
123.58.213.118 - - [16/Apr/2026:18:59:28 +0000] "GET /robots.txt HTTP/1.1" 200 107 "-" "Go-http-client/1.1"
123.58.213.118 - - [16/Apr/2026:18:59:28 +0000] "GET /sitemap_index.xml HTTP/1.1" 200 286 "https://aceph.pk/sitemap.xml" "Go-http-client/1.1"
104.28.157.144 - - [16/Apr/2026:19:01:04 +0000] "POST /wp-login.php HTTP/1.1" 200 2095 "-" "Mozilla/5.0 (Macintosh; Intel Mac OS X 10_15_7) AppleWebKit/605.1.15 Version/17.0 Safari/605.1.15"
104.28.157.144 - - [16/Apr/2026:19:04:50 +0000] "POST /wp-login.php HTTP/1.1" 200 2095 "-" "Mozilla/5.0 (Windows NT 10.0; Win64; rv:143.0) Gecko/20100101 Firefox/143.0"
104.28.155.29 - - [16/Apr/2026:19:06:11 +0000] "POST /wp-login.php HTTP/1.1" 200 2095 "-" "Mozilla/5.0 (Windows NT 10.0; Win64; rv:143.0) Gecko/20100101 Firefox/143.0"
185.244.36.210 - - [16/Apr/2026:19:08:32 +0000] "POST /wp-cron.php?doing_wp_cron=1776366512.8815040588378906250000 HTTP/1.1" 200 0 "-" "WordPress/6.9.4; https://aceph.pk"
104.28.157.144 - - [16/Apr/2026:19:08:31 +0000] "POST /wp-login.php HTTP/1.1" 200 2095 "-" "Mozilla/5.0 (Macintosh; Intel Mac OS X 10_15_7) AppleWebKit/605.1.15 Version/17.0 Safari/605.1.15"
185.244.36.210 - - [16/Apr/2026:19:04:51 +0000] "POST /wp-cron.php?doing_wp_cron=1776366291.9239180088043212890625 HTTP/1.1" 200 0 "-" "WordPress/6.9.4; https://aceph.pk"
185.244.36.210 - - [16/Apr/2026:19:05:37 +0000] "POST /wp-cron.php?doing_wp_cron=1776366337.2016971111297607421875 HTTP/1.1" 200 0 "-" "WordPress/6.9.4; https://aceph.pk"
44.215.199.25 - - [16/Apr/2026:19:05:36 +0000] "GET /robots.txt HTTP/1.1" 200 107 "-" "Mozilla/5.0 (Macintosh; Intel Mac OS X 10_10_1) AppleWebKit/600.2.5 (KHTML, like Gecko) Version/8.0.2 Safari/600.2.5 (Gort)"
185.244.36.210 - - [16/Apr/2026:19:06:13 +0000] "POST /wp-cron.php?doing_wp_cron=1776366372.9854791164398193359375 HTTP/1.1" 200 0 "-" "WordPress/6.9.4; https://aceph.pk"
185.244.36.210 - - [16/Apr/2026:19:12:03 +0000] "POST /wp-cron.php?doing_wp_cron=1776366723.9412219524383544921875 HTTP/1.1" 200 0 "-" "WordPress/6.9.4; https://aceph.pk"
104.28.155.29 - - [16/Apr/2026:19:13:32 +0000] "POST /wp-login.php HTTP/1.1" 200 2095 "-" "Mozilla/5.0 (Windows NT 10.0; Win64; rv:143.0) Gecko/20100101 Firefox/143.0"
185.244.36.210 - - [16/Apr/2026:19:17:19 +0000] "POST /wp-cron.php?doing_wp_cron=1776367039.1511430740356445312500 HTTP/1.1" 200 0 "-" "WordPress/6.9.4; https://aceph.pk"
104.28.157.144 - - [16/Apr/2026:19:19:38 +0000] "POST /wp-login.php HTTP/1.1" 200 2095 "-" "Mozilla/5.0 (Macintosh; Intel Mac OS X 10_15_7) AppleWebKit/605.1.15 Version/17.0 Safari/605.1.15"
185.244.36.210 - - [16/Apr/2026:19:23:26 +0000] "POST /wp-cron.php?doing_wp_cron=1776367406.8960139751434326171875 HTTP/1.1" 200 0 "-" "WordPress/6.9.4; https://aceph.pk"
185.244.36.210 - - [16/Apr/2026:19:24:58 +0000] "POST /wp-cron.php?doing_wp_cron=1776367498.1359350681304931640625 HTTP/1.1" 200 0 "-" "WordPress/6.9.4; https://aceph.pk"
104.28.155.29 - - [16/Apr/2026:19:24:57 +0000] "POST /wp-login.php HTTP/1.1" 200 2095 "-" "Mozilla/5.0 (Windows NT 10.0; Win64; rv:143.0) Gecko/20100101 Firefox/143.0"
185.244.36.210 - - [16/Apr/2026:19:26:38 +0000] "POST /wp-cron.php?doing_wp_cron=1776367598.5735099315643310546875 HTTP/1.1" 200 0 "-" "WordPress/6.9.4; https://aceph.pk"
173.239.218.242 - - [16/Apr/2026:19:26:37 +0000] "POST /wp-login.php HTTP/1.1" 200 5695 "-" "Mozilla/5.0"
185.244.36.210 - - [16/Apr/2026:19:28:44 +0000] "POST /wp-cron.php?doing_wp_cron=1776367724.6082870960235595703125 HTTP/1.1" 200 0 "-" "WordPress/6.9.4; https://aceph.pk"
104.28.155.29 - - [16/Apr/2026:19:28:43 +0000] "POST /wp-login.php HTTP/1.1" 200 2095 "-" "Mozilla/5.0 (Windows NT 10.0; Win64; rv:143.0) Gecko/20100101 Firefox/143.0"
104.28.157.144 - - [16/Apr/2026:19:31:03 +0000] "POST /wp-login.php HTTP/1.1" 200 2095 "-" "Mozilla/5.0 (Macintosh; Intel Mac OS X 10_15_7) AppleWebKit/605.1.15 Version/17.0 Safari/605.1.15"
185.244.36.210 - - [16/Apr/2026:19:34:52 +0000] "POST /wp-cron.php?doing_wp_cron=1776368092.7183101177215576171875 HTTP/1.1" 200 0 "-" "WordPress/6.9.4; https://aceph.pk"
104.28.157.144 - - [16/Apr/2026:19:34:51 +0000] "POST /wp-login.php HTTP/1.1" 200 2095 "-" "Mozilla/5.0 (Macintosh; Intel Mac OS X 10_15_7) AppleWebKit/605.1.15 Version/17.0 Safari/605.1.15"
185.244.36.210 - - [16/Apr/2026:19:36:33 +0000] "POST /wp-cron.php?doing_wp_cron=1776368193.2917358875274658203125 HTTP/1.1" 200 0 "-" "WordPress/6.9.4; https://aceph.pk"
104.28.155.29 - - [16/Apr/2026:19:36:32 +0000] "POST /wp-login.php HTTP/1.1" 200 2095 "-" "Mozilla/5.0 (Windows NT 10.0; Win64; rv:143.0) Gecko/20100101 Firefox/143.0"
185.244.36.210 - - [16/Apr/2026:19:38:40 +0000] "POST /wp-cron.php?doing_wp_cron=1776368320.0063860416412353515625 HTTP/1.1" 200 0 "-" "WordPress/6.9.4; https://aceph.pk"
104.28.157.144 - - [16/Apr/2026:19:38:38 +0000] "POST /wp-login.php HTTP/1.1" 200 2095 "-" "Mozilla/5.0 (Windows NT 10.0; Win64; rv:143.0) Gecko/20100101 Firefox/143.0"
104.28.157.144 - - [16/Apr/2026:19:42:13 +0000] "POST /wp-login.php HTTP/1.1" 200 2095 "-" "Mozilla/5.0 (Windows NT 10.0; Win64; x64) AppleWebKit/537.36 Chrome/129.0.0.0 Safari/537.36"
98.159.37.6 - - [16/Apr/2026:19:43:27 +0000] "POST /wp-login.php HTTP/1.1" 200 5695 "-" "Mozilla/5.0"
185.244.36.210 - - [16/Apr/2026:19:09:39 +0000] "POST /wp-cron.php?doing_wp_cron=1776366579.2890000343322753906250 HTTP/1.1" 200 0 "-" "WordPress/6.9.4; https://aceph.pk"
98.159.37.201 - - [16/Apr/2026:19:09:43 +0000] "POST /wp-login.php HTTP/1.1" 200 5695 "-" "Mozilla/5.0"
104.28.155.29 - - [16/Apr/2026:19:09:50 +0000] "POST /wp-login.php HTTP/1.1" 200 2095 "-" "Mozilla/5.0 (Windows NT 10.0; Win64; rv:143.0) Gecko/20100101 Firefox/143.0"
104.28.157.144 - - [16/Apr/2026:19:12:02 +0000] "POST /wp-login.php HTTP/1.1" 200 2095 "-" "Mozilla/5.0 (Windows NT 10.0; Win64; rv:143.0) Gecko/20100101 Firefox/143.0"
185.244.36.210 - - [16/Apr/2026:19:13:33 +0000] "POST /wp-cron.php?doing_wp_cron=1776366813.2018480300903320312500 HTTP/1.1" 200 0 "-" "WordPress/6.9.4; https://aceph.pk"
185.244.36.210 - - [16/Apr/2026:19:15:56 +0000] "POST /wp-cron.php?doing_wp_cron=1776366956.1028640270233154296875 HTTP/1.1" 200 0 "-" "WordPress/6.9.4; https://aceph.pk"
104.28.157.144 - - [16/Apr/2026:19:15:55 +0000] "POST /wp-login.php HTTP/1.1" 200 2095 "-" "Mozilla/5.0 (Macintosh; Intel Mac OS X 10_15_7) AppleWebKit/605.1.15 Version/17.0 Safari/605.1.15"
104.28.155.29 - - [16/Apr/2026:19:17:18 +0000] "POST /wp-login.php HTTP/1.1" 200 2095 "-" "Mozilla/5.0 (Windows NT 10.0; Win64; rv:143.0) Gecko/20100101 Firefox/143.0"
185.244.36.210 - - [16/Apr/2026:19:19:39 +0000] "POST /wp-cron.php?doing_wp_cron=1776367179.5789051055908203125000 HTTP/1.1" 200 0 "-" "WordPress/6.9.4; https://aceph.pk"
185.244.36.210 - - [16/Apr/2026:19:21:07 +0000] "POST /wp-cron.php?doing_wp_cron=1776367267.3004920482635498046875 HTTP/1.1" 200 0 "-" "WordPress/6.9.4; https://aceph.pk"
104.28.155.29 - - [16/Apr/2026:19:21:06 +0000] "POST /wp-login.php HTTP/1.1" 200 2095 "-" "Mozilla/5.0 (Windows NT 10.0; Win64; rv:143.0) Gecko/20100101 Firefox/143.0"
104.28.157.144 - - [16/Apr/2026:19:23:26 +0000] "POST /wp-login.php HTTP/1.1" 200 2095 "-" "Mozilla/5.0 (Windows NT 10.0; Win64; x64) AppleWebKit/537.36 Chrome/129.0.0.0 Safari/537.36"
185.244.36.210 - - [16/Apr/2026:19:27:18 +0000] "POST /wp-cron.php?doing_wp_cron=1776367638.6307380199432373046875 HTTP/1.1" 200 0 "-" "WordPress/6.9.4; https://aceph.pk"
104.28.157.144 - - [16/Apr/2026:19:27:17 +0000] "POST /wp-login.php HTTP/1.1" 200 2095 "-" "Mozilla/5.0 (Windows NT 10.0; Win64; x64) AppleWebKit/537.36 Chrome/129.0.0.0 Safari/537.36"
185.244.36.210 - - [16/Apr/2026:19:31:04 +0000] "POST /wp-cron.php?doing_wp_cron=1776367864.8914179801940917968750 HTTP/1.1" 200 0 "-" "WordPress/6.9.4; https://aceph.pk"
185.244.36.210 - - [16/Apr/2026:19:32:33 +0000] "POST /wp-cron.php?doing_wp_cron=1776367953.0794219970703125000000 HTTP/1.1" 200 0 "-" "WordPress/6.9.4; https://aceph.pk"
104.28.155.29 - - [16/Apr/2026:19:32:31 +0000] "POST /wp-login.php HTTP/1.1" 200 2095 "-" "Mozilla/5.0 (Macintosh; Intel Mac OS X 10_15_7) AppleWebKit/605.1.15 Version/17.0 Safari/605.1.15"
185.244.36.210 - - [16/Apr/2026:19:40:32 +0000] "POST /wp-cron.php?doing_wp_cron=1776368432.3249869346618652343750 HTTP/1.1" 200 0 "-" "WordPress/6.9.4; https://aceph.pk"
104.28.155.29 - - [16/Apr/2026:19:40:29 +0000] "POST /wp-login.php HTTP/1.1" 200 2095 "-" "Mozilla/5.0 (Windows NT 10.0; Win64; rv:143.0) Gecko/20100101 Firefox/143.0"
185.244.36.210 - - [16/Apr/2026:19:42:14 +0000] "POST /wp-cron.php?doing_wp_cron=1776368534.7752308845520019531250 HTTP/1.1" 200 0 "-" "WordPress/6.9.4; https://aceph.pk"
185.244.36.210 - - [16/Apr/2026:19:43:28 +0000] "POST /wp-cron.php?doing_wp_cron=1776368608.3331360816955566406250 HTTP/1.1" 200 0 "-" "WordPress/6.9.4; https://aceph.pk"
104.28.157.144 - - [16/Apr/2026:19:46:08 +0000] "POST /wp-login.php HTTP/1.1" 200 2095 "-" "Mozilla/5.0 (Windows NT 10.0; Win64; rv:143.0) Gecko/20100101 Firefox/143.0"
185.244.36.210 - - [16/Apr/2026:19:48:21 +0000] "POST /wp-cron.php?doing_wp_cron=1776368901.1992280483245849609375 HTTP/1.1" 200 0 "-" "WordPress/6.9.4; https://aceph.pk"
185.244.36.210 - - [16/Apr/2026:19:44:25 +0000] "POST /wp-cron.php?doing_wp_cron=1776368665.7961070537567138671875 HTTP/1.1" 200 0 "-" "WordPress/6.9.4; https://aceph.pk"
104.28.155.29 - - [16/Apr/2026:19:44:25 +0000] "POST /wp-login.php HTTP/1.1" 200 2095 "-" "Mozilla/5.0 (Windows NT 10.0; Win64; x64) AppleWebKit/537.36 Chrome/129.0.0.0 Safari/537.36"
185.244.36.210 - - [16/Apr/2026:19:46:09 +0000] "POST /wp-cron.php?doing_wp_cron=1776368769.3419930934906005859375 HTTP/1.1" 200 0 "-" "WordPress/6.9.4; https://aceph.pk"
185.244.36.210 - - [16/Apr/2026:19:49:56 +0000] "POST /wp-cron.php?doing_wp_cron=1776368996.3558139801025390625000 HTTP/1.1" 200 0 "-" "WordPress/6.9.4; https://aceph.pk"
185.244.36.210 - - [16/Apr/2026:19:52:17 +0000] "POST /wp-cron.php?doing_wp_cron=1776369136.9373719692230224609375 HTTP/1.1" 200 0 "-" "WordPress/6.9.4; https://aceph.pk"
185.244.36.210 - - [16/Apr/2026:19:53:47 +0000] "POST /wp-cron.php?doing_wp_cron=1776369227.7797269821166992187500 HTTP/1.1" 200 0 "-" "WordPress/6.9.4; https://aceph.pk"
104.28.157.144 - - [16/Apr/2026:19:53:46 +0000] "POST /wp-login.php HTTP/1.1" 200 2095 "-" "Mozilla/5.0 (Macintosh; Intel Mac OS X 10_15_7) AppleWebKit/605.1.15 Version/17.0 Safari/605.1.15"
104.28.155.29 - - [16/Apr/2026:19:56:12 +0000] "POST /wp-login.php HTTP/1.1" 200 2095 "-" "Mozilla/5.0 (Windows NT 10.0; Win64; x64) AppleWebKit/537.36 Chrome/129.0.0.0 Safari/537.36"
185.244.36.210 - - [16/Apr/2026:19:58:14 +0000] "POST /wp-cron.php?doing_wp_cron=1776369494.8744220733642578125000 HTTP/1.1" 200 0 "-" "WordPress/6.9.4; https://aceph.pk"
104.28.157.144 - - [16/Apr/2026:19:58:13 +0000] "POST /wp-login.php HTTP/1.1" 200 2095 "-" "Mozilla/5.0 (Windows NT 10.0; Win64; x64) AppleWebKit/537.36 Chrome/129.0.0.0 Safari/537.36"
185.244.36.210 - - [16/Apr/2026:20:00:07 +0000] "POST /wp-cron.php?doing_wp_cron=1776369607.4993350505828857421875 HTTP/1.1" 200 0 "-" "WordPress/6.9.4; https://aceph.pk"
173.239.218.246 - - [16/Apr/2026:20:00:13 +0000] "POST /wp-login.php HTTP/1.1" 200 5695 "-" "Mozilla/5.0"
185.244.36.210 - - [16/Apr/2026:20:01:45 +0000] "POST /wp-cron.php?doing_wp_cron=1776369705.0630559921264648437500 HTTP/1.1" 200 0 "-" "WordPress/6.9.4; https://aceph.pk"
185.244.36.210 - - [16/Apr/2026:20:04:06 +0000] "POST /wp-cron.php?doing_wp_cron=1776369846.6763420104980468750000 HTTP/1.1" 200 0 "-" "WordPress/6.9.4; https://aceph.pk"
104.28.155.29 - - [16/Apr/2026:20:04:06 +0000] "POST /wp-login.php HTTP/1.1" 200 2095 "-" "Mozilla/5.0 (Windows NT 10.0; Win64; x64) AppleWebKit/537.36 Chrome/129.0.0.0 Safari/537.36"
185.244.36.210 - - [16/Apr/2026:20:06:27 +0000] "POST /wp-cron.php?doing_wp_cron=1776369987.8151879310607910156250 HTTP/1.1" 200 0 "-" "WordPress/6.9.4; https://aceph.pk"
57.129.139.88 - - [16/Apr/2026:20:07:03 +0000] "GET / HTTP/1.1" 200 35533 "-" "Mozilla/5.0 (Windows NT 10.0; Win64; x64) AppleWebKit/537.36 (KHTML, like Gecko) Chrome/139.0.0.0 Safari/537.36"
185.244.36.210 - - [16/Apr/2026:20:12:06 +0000] "POST /wp-cron.php?doing_wp_cron=1776370326.9091379642486572265625 HTTP/1.1" 200 0 "-" "WordPress/6.9.4; https://aceph.pk"
104.28.155.29 - - [16/Apr/2026:20:12:06 +0000] "POST /wp-login.php HTTP/1.1" 200 2095 "-" "Mozilla/5.0 (Windows NT 10.0; Win64; rv:143.0) Gecko/20100101 Firefox/143.0"
185.244.36.210 - - [16/Apr/2026:20:14:09 +0000] "POST /wp-cron.php?doing_wp_cron=1776370449.8159399032592773437500 HTTP/1.1" 200 0 "-" "WordPress/6.9.4; https://aceph.pk"
104.28.157.144 - - [16/Apr/2026:20:14:09 +0000] "POST /wp-login.php HTTP/1.1" 200 2095 "-" "Mozilla/5.0 (Windows NT 10.0; Win64; rv:143.0) Gecko/20100101 Firefox/143.0"
104.28.155.29 - - [16/Apr/2026:20:16:06 +0000] "POST /wp-login.php HTTP/1.1" 200 2095 "-" "Mozilla/5.0 (Macintosh; Intel Mac OS X 10_15_7) AppleWebKit/605.1.15 Version/17.0 Safari/605.1.15"
185.244.36.210 - - [16/Apr/2026:20:17:57 +0000] "POST /wp-cron.php?doing_wp_cron=1776370677.3059070110321044921875 HTTP/1.1" 200 0 "-" "WordPress/6.9.4; https://aceph.pk"
104.28.157.144 - - [16/Apr/2026:20:17:56 +0000] "POST /wp-login.php HTTP/1.1" 200 2095 "-" "Mozilla/5.0 (Macintosh; Intel Mac OS X 10_15_7) AppleWebKit/605.1.15 Version/17.0 Safari/605.1.15"
104.28.155.29 - - [16/Apr/2026:19:48:20 +0000] "POST /wp-login.php HTTP/1.1" 200 2095 "-" "Mozilla/5.0 (Windows NT 10.0; Win64; x64) AppleWebKit/537.36 Chrome/129.0.0.0 Safari/537.36"
104.28.157.144 - - [16/Apr/2026:19:49:55 +0000] "POST /wp-login.php HTTP/1.1" 200 2095 "-" "Mozilla/5.0 (Windows NT 10.0; Win64; x64) AppleWebKit/537.36 Chrome/129.0.0.0 Safari/537.36"
104.28.155.29 - - [16/Apr/2026:19:52:15 +0000] "POST /wp-login.php HTTP/1.1" 200 2095 "-" "Mozilla/5.0 (Macintosh; Intel Mac OS X 10_15_7) AppleWebKit/605.1.15 Version/17.0 Safari/605.1.15"
185.244.36.210 - - [16/Apr/2026:19:56:13 +0000] "POST /wp-cron.php?doing_wp_cron=1776369373.4097869396209716796875 HTTP/1.1" 200 0 "-" "WordPress/6.9.4; https://aceph.pk"
104.28.155.29 - - [16/Apr/2026:20:00:06 +0000] "POST /wp-login.php HTTP/1.1" 200 2095 "-" "Mozilla/5.0 (Windows NT 10.0; Win64; x64) AppleWebKit/537.36 Chrome/129.0.0.0 Safari/537.36"
129.227.238.179 - - [16/Apr/2026:20:01:44 +0000] "GET /wp-login.php HTTP/1.1" 200 1964 "-" "Mozilla/5.0"
129.227.238.179 - - [16/Apr/2026:20:01:45 +0000] "GET /?author=1 HTTP/1.1" 301 0 "-" "Mozilla/5.0"
129.227.238.179 - - [16/Apr/2026:20:01:47 +0000] "GET /?rest_route=/wp/v2/users HTTP/1.1" 200 351 "-" "Mozilla/5.0"
185.244.36.210 - - [16/Apr/2026:20:02:25 +0000] "POST /wp-cron.php?doing_wp_cron=1776369745.2102930545806884765625 HTTP/1.1" 200 0 "-" "WordPress/6.9.4; https://aceph.pk"
104.28.157.144 - - [16/Apr/2026:20:02:24 +0000] "POST /wp-login.php HTTP/1.1" 200 2095 "-" "Mozilla/5.0 (Macintosh; Intel Mac OS X 10_15_7) AppleWebKit/605.1.15 Version/17.0 Safari/605.1.15"
104.28.157.144 - - [16/Apr/2026:20:06:27 +0000] "POST /wp-login.php HTTP/1.1" 200 2095 "-" "Mozilla/5.0 (Windows NT 10.0; Win64; x64) AppleWebKit/537.36 Chrome/129.0.0.0 Safari/537.36"
185.244.36.210 - - [16/Apr/2026:20:07:04 +0000] "POST /wp-cron.php?doing_wp_cron=1776370024.6127140522003173828125 HTTP/1.1" 200 0 "-" "WordPress/6.9.4; https://aceph.pk"
185.244.36.210 - - [16/Apr/2026:20:08:08 +0000] "POST /wp-cron.php?doing_wp_cron=1776370088.7299380302429199218750 HTTP/1.1" 200 0 "-" "WordPress/6.9.4; https://aceph.pk"
104.28.155.29 - - [16/Apr/2026:20:08:07 +0000] "POST /wp-login.php HTTP/1.1" 200 2095 "-" "Mozilla/5.0 (Macintosh; Intel Mac OS X 10_15_7) AppleWebKit/605.1.15 Version/17.0 Safari/605.1.15"
185.244.36.210 - - [16/Apr/2026:20:10:21 +0000] "POST /wp-cron.php?doing_wp_cron=1776370221.7716190814971923828125 HTTP/1.1" 200 0 "-" "WordPress/6.9.4; https://aceph.pk"
104.28.157.144 - - [16/Apr/2026:20:10:20 +0000] "POST /wp-login.php HTTP/1.1" 200 2095 "-" "Mozilla/5.0 (Windows NT 10.0; Win64; x64) AppleWebKit/537.36 Chrome/129.0.0.0 Safari/537.36"
185.244.36.210 - - [16/Apr/2026:20:16:06 +0000] "POST /wp-cron.php?doing_wp_cron=1776370566.7275400161743164062500 HTTP/1.1" 200 0 "-" "WordPress/6.9.4; https://aceph.pk"
98.159.37.11 - - [16/Apr/2026:20:20:19 +0000] "POST /wp-login.php HTTP/1.1" 200 5695 "-" "Mozilla/5.0"
185.244.36.210 - - [16/Apr/2026:20:21:37 +0000] "POST /wp-cron.php?doing_wp_cron=1776370897.1617009639739990234375 HTTP/1.1" 200 0 "-" "WordPress/6.9.4; https://aceph.pk"
43.153.71.132 - - [16/Apr/2026:20:22:04 +0000] "GET / HTTP/1.1" 200 40329 "http://aceph.pk" "Mozilla/5.0 (iPhone; CPU iPhone OS 13_2_3 like Mac OS X) AppleWebKit/605.1.15 (KHTML, like Gecko) Version/13.0.3 Mobile/15E148 Safari/604.1"
185.244.36.210 - - [16/Apr/2026:20:24:06 +0000] "POST /wp-cron.php?doing_wp_cron=1776371046.1223731040954589843750 HTTP/1.1" 200 0 "-" "WordPress/6.9.4; https://aceph.pk"
104.28.157.144 - - [16/Apr/2026:20:25:34 +0000] "POST /wp-login.php HTTP/1.1" 200 2095 "-" "Mozilla/5.0 (Windows NT 10.0; Win64; rv:143.0) Gecko/20100101 Firefox/143.0"
104.28.155.29 - - [16/Apr/2026:20:28:03 +0000] "POST /wp-login.php HTTP/1.1" 200 2095 "-" "Mozilla/5.0 (Windows NT 10.0; Win64; x64) AppleWebKit/537.36 Chrome/129.0.0.0 Safari/537.36"
185.244.36.210 - - [16/Apr/2026:20:29:23 +0000] "POST /wp-cron.php?doing_wp_cron=1776371363.8160259723663330078125 HTTP/1.1" 200 0 "-" "WordPress/6.9.4; https://aceph.pk"
104.28.155.29 - - [16/Apr/2026:20:31:56 +0000] "POST /wp-login.php HTTP/1.1" 200 2095 "-" "Mozilla/5.0 (Windows NT 10.0; Win64; x64) AppleWebKit/537.36 Chrome/129.0.0.0 Safari/537.36"
185.244.36.210 - - [16/Apr/2026:20:33:01 +0000] "POST /wp-cron.php?doing_wp_cron=1776371581.3915851116180419921875 HTTP/1.1" 200 0 "-" "WordPress/6.9.4; https://aceph.pk"
104.28.157.144 - - [16/Apr/2026:20:33:00 +0000] "POST /wp-login.php HTTP/1.1" 200 2095 "-" "Mozilla/5.0 (Windows NT 10.0; Win64; rv:143.0) Gecko/20100101 Firefox/143.0"
185.244.36.210 - - [16/Apr/2026:20:35:55 +0000] "POST /wp-cron.php?doing_wp_cron=1776371755.4963600635528564453125 HTTP/1.1" 200 0 "-" "WordPress/6.9.4; https://aceph.pk"
104.28.155.29 - - [16/Apr/2026:20:35:54 +0000] "POST /wp-login.php HTTP/1.1" 200 2095 "-" "Mozilla/5.0 (Windows NT 10.0; Win64; rv:143.0) Gecko/20100101 Firefox/143.0"
185.244.36.210 - - [16/Apr/2026:20:36:58 +0000] "POST /wp-cron.php?doing_wp_cron=1776371818.5918729305267333984375 HTTP/1.1" 200 0 "-" "WordPress/6.9.4; https://aceph.pk"
104.28.157.144 - - [16/Apr/2026:20:36:57 +0000] "POST /wp-login.php HTTP/1.1" 200 2095 "-" "Mozilla/5.0 (Windows NT 10.0; Win64; rv:143.0) Gecko/20100101 Firefox/143.0"
98.159.37.187 - - [16/Apr/2026:20:37:04 +0000] "POST /wp-login.php HTTP/1.1" 200 5695 "-" "Mozilla/5.0"
185.244.36.210 - - [16/Apr/2026:20:40:48 +0000] "POST /wp-cron.php?doing_wp_cron=1776372048.4477169513702392578125 HTTP/1.1" 200 0 "-" "WordPress/6.9.4; https://aceph.pk"
104.28.157.144 - - [16/Apr/2026:20:40:47 +0000] "POST /wp-login.php HTTP/1.1" 200 2095 "-" "Mozilla/5.0 (Windows NT 10.0; Win64; rv:143.0) Gecko/20100101 Firefox/143.0"
185.244.36.210 - - [16/Apr/2026:20:44:49 +0000] "POST /wp-cron.php?doing_wp_cron=1776372289.4697170257568359375000 HTTP/1.1" 200 0 "-" "WordPress/6.9.4; https://aceph.pk"
104.28.157.144 - - [16/Apr/2026:20:44:48 +0000] "POST /wp-login.php HTTP/1.1" 200 2095 "-" "Mozilla/5.0 (Windows NT 10.0; Win64; rv:143.0) Gecko/20100101 Firefox/143.0"
104.28.157.144 - - [16/Apr/2026:20:52:24 +0000] "POST /wp-login.php HTTP/1.1" 200 2095 "-" "Mozilla/5.0 (Macintosh; Intel Mac OS X 10_15_7) AppleWebKit/605.1.15 Version/17.0 Safari/605.1.15"
185.244.36.210 - - [16/Apr/2026:20:53:51 +0000] "POST /wp-cron.php?doing_wp_cron=1776372831.6089420318603515625000 HTTP/1.1" 200 0 "-" "WordPress/6.9.4; https://aceph.pk"
98.159.37.195 - - [16/Apr/2026:20:53:50 +0000] "POST /wp-login.php HTTP/1.1" 200 5695 "-" "Mozilla/5.0"
185.244.36.210 - - [16/Apr/2026:20:56:27 +0000] "POST /wp-cron.php?doing_wp_cron=1776372987.0908188819885253906250 HTTP/1.1" 200 0 "-" "WordPress/6.9.4; https://aceph.pk"
104.28.157.144 - - [16/Apr/2026:20:56:26 +0000] "POST /wp-login.php HTTP/1.1" 200 2095 "-" "Mozilla/5.0 (Macintosh; Intel Mac OS X 10_15_7) AppleWebKit/605.1.15 Version/17.0 Safari/605.1.15"
185.244.36.210 - - [16/Apr/2026:20:20:06 +0000] "POST /wp-cron.php?doing_wp_cron=1776370806.1181979179382324218750 HTTP/1.1" 200 0 "-" "WordPress/6.9.4; https://aceph.pk"
104.28.155.29 - - [16/Apr/2026:20:20:05 +0000] "POST /wp-login.php HTTP/1.1" 200 2095 "-" "Mozilla/5.0 (Windows NT 10.0; Win64; rv:143.0) Gecko/20100101 Firefox/143.0"
104.28.157.144 - - [16/Apr/2026:20:21:36 +0000] "POST /wp-login.php HTTP/1.1" 200 2095 "-" "Mozilla/5.0 (Macintosh; Intel Mac OS X 10_15_7) AppleWebKit/605.1.15 Version/17.0 Safari/605.1.15"
104.28.155.29 - - [16/Apr/2026:20:24:05 +0000] "POST /wp-login.php HTTP/1.1" 200 2095 "-" "Mozilla/5.0 (Windows NT 10.0; Win64; x64) AppleWebKit/537.36 Chrome/129.0.0.0 Safari/537.36"
185.244.36.210 - - [16/Apr/2026:20:25:35 +0000] "POST /wp-cron.php?doing_wp_cron=1776371135.1470379829406738281250 HTTP/1.1" 200 0 "-" "WordPress/6.9.4; https://aceph.pk"
185.244.36.210 - - [16/Apr/2026:20:28:04 +0000] "POST /wp-cron.php?doing_wp_cron=1776371284.2947371006011962890625 HTTP/1.1" 200 0 "-" "WordPress/6.9.4; https://aceph.pk"
104.28.157.144 - - [16/Apr/2026:20:29:22 +0000] "POST /wp-login.php HTTP/1.1" 200 2095 "-" "Mozilla/5.0 (Windows NT 10.0; Win64; rv:143.0) Gecko/20100101 Firefox/143.0"
185.244.36.210 - - [16/Apr/2026:20:31:57 +0000] "POST /wp-cron.php?doing_wp_cron=1776371517.5685470104217529296875 HTTP/1.1" 200 0 "-" "WordPress/6.9.4; https://aceph.pk"
185.244.36.210 - - [16/Apr/2026:20:48:44 +0000] "POST /wp-cron.php?doing_wp_cron=1776372524.0463991165161132812500 HTTP/1.1" 200 0 "-" "WordPress/6.9.4; https://aceph.pk"
104.28.157.144 - - [16/Apr/2026:20:48:43 +0000] "POST /wp-login.php HTTP/1.1" 200 2095 "-" "Mozilla/5.0 (Windows NT 10.0; Win64; rv:143.0) Gecko/20100101 Firefox/143.0"
185.244.36.210 - - [16/Apr/2026:20:52:25 +0000] "POST /wp-cron.php?doing_wp_cron=1776372745.2212688922882080078125 HTTP/1.1" 200 0 "-" "WordPress/6.9.4; https://aceph.pk"
104.28.157.144 - - [16/Apr/2026:21:00:20 +0000] "POST /wp-login.php HTTP/1.1" 200 2095 "-" "Mozilla/5.0 (Windows NT 10.0; Win64; rv:143.0) Gecko/20100101 Firefox/143.0"
185.244.36.210 - - [16/Apr/2026:21:04:31 +0000] "POST /wp-cron.php?doing_wp_cron=1776373471.6526019573211669921875 HTTP/1.1" 200 0 "-" "WordPress/6.9.4; https://aceph.pk"
104.28.157.144 - - [16/Apr/2026:21:08:24 +0000] "POST /wp-login.php HTTP/1.1" 200 2095 "-" "Mozilla/5.0 (Windows NT 10.0; Win64; x64) AppleWebKit/537.36 Chrome/129.0.0.0 Safari/537.36"
185.244.36.210 - - [16/Apr/2026:21:10:46 +0000] "POST /wp-cron.php?doing_wp_cron=1776373846.8795020580291748046875 HTTP/1.1" 200 0 "-" "WordPress/6.9.4; https://aceph.pk"
98.159.37.10 - - [16/Apr/2026:21:10:46 +0000] "POST /wp-login.php HTTP/1.1" 200 5695 "-" "Mozilla/5.0"
62.60.131.233 - - [16/Apr/2026:21:17:09 +0000] "GET /?author=1 HTTP/2" 301 0 "-" "Mozilla/5.0 (Windows NT 10.0; Win64; x64) AppleWebKit/537.36 (KHTML, like Gecko) Chrome/120.0.0.0 Safari/537.36"
62.60.131.233 - - [16/Apr/2026:21:17:09 +0000] "GET /wp-json/wp/v2/users?_fields=slug&per_page=100&page=1 HTTP/2" 200 22 "-" "Mozilla/5.0 (Macintosh; Intel Mac OS X 10_15_7) AppleWebKit/537.36 (KHTML, like Gecko) Chrome/120.0.0.0 Safari/537.36"
62.60.131.233 - - [16/Apr/2026:21:17:09 +0000] "GET /wp-sitemap-users-1.xml HTTP/2" 301 0 "-" "Mozilla/5.0 (Macintosh; Intel Mac OS X 10.15; rv:109.0) Gecko/20100101 Firefox/119.0"
62.60.131.233 - - [16/Apr/2026:21:17:09 +0000] "GET /?rest_route=/wp/v2/users&_fields=slug&per_page=100&page=1 HTTP/2" 200 22 "-" "Mozilla/5.0 (Windows NT 10.0; Win64; x64; rv:109.0) Gecko/20100101 Firefox/119.0"
62.60.131.233 - - [16/Apr/2026:21:17:09 +0000] "GET / HTTP/2" 200 35533 "-" "Mozilla/5.0 (X11; Linux x86_64) AppleWebKit/537.36 (KHTML, like Gecko) Chrome/120.0.0.0 Safari/537.36"
62.60.131.233 - - [16/Apr/2026:21:17:12 +0000] "GET /?author=2 HTTP/2" 200 19117 "-" "Mozilla/5.0 (Macintosh; Intel Mac OS X 10.15; rv:109.0) Gecko/20100101 Firefox/119.0"
62.60.131.233 - - [16/Apr/2026:21:17:12 +0000] "GET /feed/ HTTP/2" 200 394 "-" "Mozilla/5.0 (Macintosh; Intel Mac OS X 10.15; rv:109.0) Gecko/20100101 Firefox/119.0"
62.60.131.233 - - [16/Apr/2026:21:17:12 +0000] "GET /author-sitemap.xml HTTP/2" 404 18456 "https://aceph.pk/wp-sitemap-users-1.xml" "Mozilla/5.0 (Macintosh; Intel Mac OS X 10.15; rv:109.0) Gecko/20100101 Firefox/119.0"
62.60.131.233 - - [16/Apr/2026:21:17:13 +0000] "GET /?rest_route=/wp/v2/users&_fields=slug&per_page=100&page=1 HTTP/2" 200 22 "-" "Mozilla/5.0 (Windows NT 10.0; Win64; x64; rv:109.0) Gecko/20100101 Firefox/119.0"
62.60.131.233 - - [16/Apr/2026:21:17:13 +0000] "GET /wp-json/wp/v2/users?_fields=slug&per_page=100&page=1 HTTP/2" 200 22 "-" "Mozilla/5.0 (Windows NT 10.0; Win64; x64) AppleWebKit/537.36 (KHTML, like Gecko) Chrome/120.0.0.0 Safari/537.36"
62.60.131.233 - - [16/Apr/2026:21:17:16 +0000] "GET /?author=3 HTTP/2" 200 19075 "-" "Mozilla/5.0 (X11; Linux x86_64) AppleWebKit/537.36 (KHTML, like Gecko) Chrome/120.0.0.0 Safari/537.36"
62.60.131.233 - - [16/Apr/2026:21:17:16 +0000] "GET /wp-json/webmention/1.0 HTTP/2" 404 105 "-" "Mozilla/5.0 (X11; Linux x86_64) AppleWebKit/537.36 (KHTML, like Gecko) Chrome/120.0.0.0 Safari/537.36"
62.60.131.233 - - [16/Apr/2026:21:17:18 +0000] "GET /wp-sitemap-users-1.xml HTTP/2" 301 0 "-" "Mozilla/5.0 (Macintosh; Intel Mac OS X 10.15; rv:109.0) Gecko/20100101 Firefox/119.0"
62.60.131.233 - - [16/Apr/2026:21:17:18 +0000] "POST /graphql HTTP/2" 404 18868 "-" "Mozilla/5.0 (Windows NT 10.0; Win64; x64) AppleWebKit/537.36 (KHTML, like Gecko) Chrome/120.0.0.0 Safari/537.36"
62.60.131.233 - - [16/Apr/2026:21:17:19 +0000] "GET /?rest_route=/wp/v2/users&_fields=slug&per_page=100&page=1 HTTP/2" 200 22 "-" "Mozilla/5.0 (Windows NT 10.0; Win64; x64; rv:109.0) Gecko/20100101 Firefox/119.0"
62.60.131.233 - - [16/Apr/2026:21:17:19 +0000] "GET /author-sitemap.xml HTTP/2" 404 18457 "https://aceph.pk/wp-sitemap-users-1.xml" "Mozilla/5.0 (Macintosh; Intel Mac OS X 10.15; rv:109.0) Gecko/20100101 Firefox/119.0"
62.60.131.233 - - [16/Apr/2026:21:17:19 +0000] "GET /wp-json/wp/v2/users?_fields=slug&per_page=100&page=1 HTTP/2" 200 22 "-" "Mozilla/5.0 (Macintosh; Intel Mac OS X 10_15_7) AppleWebKit/537.36 (KHTML, like Gecko) Chrome/120.0.0.0 Safari/537.36"
62.60.131.233 - - [16/Apr/2026:21:17:19 +0000] "GET /wp-json/webmention/1.0 HTTP/2" 404 105 "-" "Mozilla/5.0 (Macintosh; Intel Mac OS X 10_15_7) AppleWebKit/537.36 (KHTML, like Gecko) Chrome/120.0.0.0 Safari/537.36"
62.60.131.233 - - [16/Apr/2026:21:17:21 +0000] "POST /graphql HTTP/2" 404 18868 "-" "Mozilla/5.0 (Windows NT 10.0; Win64; x64) AppleWebKit/537.36 (KHTML, like Gecko) Chrome/120.0.0.0 Safari/537.36"
62.60.131.233 - - [16/Apr/2026:21:17:24 +0000] "GET /wp-sitemap-users-1.xml HTTP/2" 301 0 "-" "Mozilla/5.0 (X11; Linux x86_64) AppleWebKit/537.36 (KHTML, like Gecko) Chrome/120.0.0.0 Safari/537.36"
62.60.131.233 - - [16/Apr/2026:21:17:24 +0000] "GET /author-sitemap.xml HTTP/2" 404 18457 "https://aceph.pk/wp-sitemap-users-1.xml" "Mozilla/5.0 (X11; Linux x86_64) AppleWebKit/537.36 (KHTML, like Gecko) Chrome/120.0.0.0 Safari/537.36"
62.60.131.233 - - [16/Apr/2026:21:17:24 +0000] "GET /wp-json/webmention/1.0 HTTP/2" 404 105 "-" "Mozilla/5.0 (Windows NT 10.0; Win64; x64; rv:109.0) Gecko/20100101 Firefox/119.0"
62.60.131.233 - - [16/Apr/2026:21:17:24 +0000] "GET /?rest_route=/wp/v2/users&_fields=slug&per_page=100&page=1 HTTP/2" 200 22 "-" "Mozilla/5.0 (Windows NT 10.0; Win64; x64) AppleWebKit/537.36 (KHTML, like Gecko) Chrome/120.0.0.0 Safari/537.36"
62.60.131.233 - - [16/Apr/2026:21:17:25 +0000] "POST /graphql HTTP/2" 404 18868 "-" "Mozilla/5.0 (Windows NT 10.0; Win64; x64; rv:109.0) Gecko/20100101 Firefox/119.0"
62.60.131.233 - - [16/Apr/2026:21:17:25 +0000] "GET /wp-json/wp/v2/users?_fields=slug&per_page=100&page=1 HTTP/2" 200 22 "-" "Mozilla/5.0 (X11; Linux x86_64) AppleWebKit/537.36 (KHTML, like Gecko) Chrome/120.0.0.0 Safari/537.36"
62.60.131.233 - - [16/Apr/2026:21:17:26 +0000] "GET /author-sitemap.xml HTTP/2" 404 18457 "-" "Mozilla/5.0 (Macintosh; Intel Mac OS X 10_15_7) AppleWebKit/537.36 (KHTML, like Gecko) Chrome/120.0.0.0 Safari/537.36"
62.60.131.233 - - [16/Apr/2026:21:17:27 +0000] "GET /wp-json/wp/v2/pages?per_page=100&_fields=author?per_page=100&page=1&_fields=author HTTP/2" 200 25 "-" "Mozilla/5.0 (Windows NT 10.0; Win64; x64) AppleWebKit/537.36 (KHTML, like Gecko) Chrome/120.0.0.0 Safari/537.36"
62.60.131.233 - - [16/Apr/2026:21:17:28 +0000] "GET /wp-sitemap-users-1.xml HTTP/2" 301 0 "-" "Mozilla/5.0 (Windows NT 10.0; Win64; x64; rv:109.0) Gecko/20100101 Firefox/119.0"
62.60.131.233 - - [16/Apr/2026:21:17:28 +0000] "GET /wp-json/wp/v2/pages?per_page=100&_fields=author?per_page=100&page=1&_fields=author HTTP/2" 200 25 "-" "Mozilla/5.0 (Windows NT 10.0; Win64; x64; rv:109.0) Gecko/20100101 Firefox/119.0"
62.60.131.233 - - [16/Apr/2026:21:17:28 +0000] "GET /author-sitemap.xml HTTP/2" 404 18456 "-" "Mozilla/5.0 (Macintosh; Intel Mac OS X 10.15; rv:109.0) Gecko/20100101 Firefox/119.0"
62.60.131.233 - - [16/Apr/2026:21:17:28 +0000] "GET /author-sitemap.xml HTTP/2" 404 18457 "https://aceph.pk/wp-sitemap-users-1.xml" "Mozilla/5.0 (Windows NT 10.0; Win64; x64; rv:109.0) Gecko/20100101 Firefox/119.0"
62.60.131.233 - - [16/Apr/2026:21:17:29 +0000] "GET /wp-json/webmention/1.0 HTTP/2" 404 105 "-" "Mozilla/5.0 (Windows NT 10.0; Win64; x64) AppleWebKit/537.36 (KHTML, like Gecko) Chrome/120.0.0.0 Safari/537.36"
62.60.131.233 - - [16/Apr/2026:21:17:29 +0000] "POST /graphql HTTP/2" 404 18867 "-" "Mozilla/5.0 (X11; Linux x86_64) AppleWebKit/537.36 (KHTML, like Gecko) Chrome/120.0.0.0 Safari/537.36"
62.60.131.233 - - [16/Apr/2026:21:17:30 +0000] "GET /wp-json/wp/v2/posts?per_page=20&_embed=author&_fields=_embedded HTTP/2" 200 6 "-" "Mozilla/5.0 (Windows NT 10.0; Win64; x64) AppleWebKit/537.36 (KHTML, like Gecko) Chrome/120.0.0.0 Safari/537.36"
62.60.131.233 - - [16/Apr/2026:21:17:31 +0000] "GET /wp-json/wp/v2/posts?per_page=100&_fields=author?per_page=100&page=1&_fields=author HTTP/2" 200 6 "-" "Mozilla/5.0 (Windows NT 10.0; Win64; x64) AppleWebKit/537.36 (KHTML, like Gecko) Chrome/120.0.0.0 Safari/537.36"
62.60.131.233 - - [16/Apr/2026:21:17:32 +0000] "GET /wp-json/wp/v2/pages?per_page=100&_fields=author?per_page=100&page=1&_fields=author HTTP/2" 200 25 "-" "Mozilla/5.0 (Windows NT 10.0; Win64; x64; rv:109.0) Gecko/20100101 Firefox/119.0"
62.60.131.233 - - [16/Apr/2026:21:17:32 +0000] "GET /wp-json/wp/v2/users?per_page=100&%70%65%72%5f%70%61%67%65=100 HTTP/2" 200 330 "-" "Mozilla/5.0 (Macintosh; Intel Mac OS X 10.15; rv:109.0) Gecko/20100101 Firefox/119.0"
62.60.131.233 - - [16/Apr/2026:21:17:32 +0000] "POST /api/graphql HTTP/2" 404 18868 "-" "Mozilla/5.0 (X11; Linux x86_64) AppleWebKit/537.36 (KHTML, like Gecko) Chrome/120.0.0.0 Safari/537.36"
62.60.131.233 - - [16/Apr/2026:21:17:32 +0000] "GET /author-sitemap.xml HTTP/2" 404 18457 "-" "Mozilla/5.0 (Windows NT 10.0; Win64; x64; rv:109.0) Gecko/20100101 Firefox/119.0"
62.60.131.233 - - [16/Apr/2026:21:17:34 +0000] "GET /wp-json/wp/v2/posts?per_page=100&_fields=author?per_page=100&page=1&_fields=author HTTP/2" 200 6 "-" "Mozilla/5.0 (X11; Linux x86_64) AppleWebKit/537.36 (KHTML, like Gecko) Chrome/120.0.0.0 Safari/537.36"
62.60.131.233 - - [16/Apr/2026:21:17:36 +0000] "GET /wp-json/wp/v2/users?per_page=100&%70%65%72%5f%70%61%67%65=100 HTTP/2" 200 330 "-" "Mozilla/5.0 (Macintosh; Intel Mac OS X 10.15; rv:109.0) Gecko/20100101 Firefox/119.0"
62.60.131.233 - - [16/Apr/2026:21:17:36 +0000] "POST /api/graphql HTTP/2" 404 18868 "-" "Mozilla/5.0 (Macintosh; Intel Mac OS X 10.15; rv:109.0) Gecko/20100101 Firefox/119.0"
62.60.131.233 - - [16/Apr/2026:21:17:37 +0000] "GET /wp-json/wp/v2/posts?per_page=100&_fields=author?per_page=100&page=1&_fields=author HTTP/2" 200 6 "-" "Mozilla/5.0 (Windows NT 10.0; Win64; x64; rv:109.0) Gecko/20100101 Firefox/119.0"
62.60.131.233 - - [16/Apr/2026:21:17:37 +0000] "GET /wp-json/wp/v2/pages?per_page=100&_fields=author?per_page=100&page=1&_fields=author HTTP/2" 200 25 "-" "Mozilla/5.0 (X11; Linux x86_64) AppleWebKit/537.36 (KHTML, like Gecko) Chrome/120.0.0.0 Safari/537.36"
62.60.131.233 - - [16/Apr/2026:21:17:38 +0000] "GET /author-sitemap.xml HTTP/2" 404 18457 "-" "Mozilla/5.0 (Macintosh; Intel Mac OS X 10_15_7) AppleWebKit/537.36 (KHTML, like Gecko) Chrome/120.0.0.0 Safari/537.36"
62.60.131.233 - - [16/Apr/2026:21:17:39 +0000] "GET /comments/feed/ HTTP/2" 200 352 "-" "Mozilla/5.0 (Macintosh; Intel Mac OS X 10.15; rv:109.0) Gecko/20100101 Firefox/119.0"
62.60.131.233 - - [16/Apr/2026:21:17:39 +0000] "GET /wp-json/wp/v2/users?per_page=100&%70%65%72%5f%70%61%67%65=100 HTTP/2" 200 330 "-" "Mozilla/5.0 (X11; Linux x86_64) AppleWebKit/537.36 (KHTML, like Gecko) Chrome/120.0.0.0 Safari/537.36"
62.60.131.233 - - [16/Apr/2026:21:17:39 +0000] "GET /feed/atom/ HTTP/2" 200 538 "-" "Mozilla/5.0 (Windows NT 10.0; Win64; x64; rv:109.0) Gecko/20100101 Firefox/119.0"
62.60.131.233 - - [16/Apr/2026:21:17:39 +0000] "POST /api/graphql HTTP/2" 404 18868 "-" "Mozilla/5.0 (Macintosh; Intel Mac OS X 10.15; rv:109.0) Gecko/20100101 Firefox/119.0"
62.60.131.233 - - [16/Apr/2026:21:17:40 +0000] "GET /wp-json/oembed/1.0/embed?url=https%3A%2F%2Faceph.pk&format=json HTTP/2" 200 1034 "-" "Mozilla/5.0 (Macintosh; Intel Mac OS X 10.15; rv:109.0) Gecko/20100101 Firefox/119.0"
62.60.131.233 - - [16/Apr/2026:21:17:41 +0000] "GET /wp-json/wp/v2/posts?per_page=100&_fields=author?per_page=100&page=1&_fields=author HTTP/2" 200 6 "-" "Mozilla/5.0 (Macintosh; Intel Mac OS X 10.15; rv:109.0) Gecko/20100101 Firefox/119.0"
62.60.131.233 - - [16/Apr/2026:21:17:43 +0000] "GET /wp-json/wp/v2/users?per_page=100&%70%65%72%5f%70%61%67%65=100 HTTP/2" 200 330 "-" "Mozilla/5.0 (Windows NT 10.0; Win64; x64; rv:109.0) Gecko/20100101 Firefox/119.0"
62.60.131.233 - - [16/Apr/2026:21:17:44 +0000] "GET /wp-json/wp/v2/users/..;/ HTTP/2" 404 105 "-" "Mozilla/5.0 (X11; Linux x86_64) AppleWebKit/537.36 (KHTML, like Gecko) Chrome/120.0.0.0 Safari/537.36"
62.60.131.233 - - [16/Apr/2026:21:17:44 +0000] "POST /api/graphql HTTP/2" 404 18868 "-" "Mozilla/5.0 (Windows NT 10.0; Win64; x64; rv:109.0) Gecko/20100101 Firefox/119.0"
62.60.131.233 - - [16/Apr/2026:21:17:46 +0000] "GET /wp-json/wp/v2/users/..;/ HTTP/2" 404 105 "-" "Mozilla/5.0 (Windows NT 10.0; Win64; x64) AppleWebKit/537.36 (KHTML, like Gecko) Chrome/120.0.0.0 Safari/537.36"
62.60.131.233 - - [16/Apr/2026:21:17:48 +0000] "GET /wp-json/wp/v2/users/..;/ HTTP/2" 404 105 "-" "Mozilla/5.0 (Windows NT 10.0; Win64; x64) AppleWebKit/537.36 (KHTML, like Gecko) Chrome/120.0.0.0 Safari/537.36"
62.60.131.233 - - [16/Apr/2026:21:17:52 +0000] "GET /wp-json/wp/v2/users/..;/ HTTP/2" 404 105 "-" "Mozilla/5.0 (Windows NT 10.0; Win64; x64; rv:109.0) Gecko/20100101 Firefox/119.0"
185.244.36.210 - - [16/Apr/2026:21:27:31 +0000] "POST /wp-cron.php?doing_wp_cron=1776374851.4161140918731689453125 HTTP/1.1" 200 0 "-" "WordPress/6.9.4; https://aceph.pk"
173.239.218.249 - - [16/Apr/2026:21:27:30 +0000] "POST /wp-login.php HTTP/1.1" 200 5695 "-" "Mozilla/5.0"
185.244.36.210 - - [16/Apr/2026:21:44:06 +0000] "POST /wp-cron.php?doing_wp_cron=1776375846.6422009468078613281250 HTTP/1.1" 200 0 "-" "WordPress/6.9.4; https://aceph.pk"
98.159.37.7 - - [16/Apr/2026:21:44:06 +0000] "POST /wp-login.php HTTP/1.1" 200 5695 "-" "Mozilla/5.0"
185.244.36.210 - - [16/Apr/2026:21:00:21 +0000] "POST /wp-cron.php?doing_wp_cron=1776373220.9817099571228027343750 HTTP/1.1" 200 0 "-" "WordPress/6.9.4; https://aceph.pk"
43.153.49.151 - - [16/Apr/2026:21:00:49 +0000] "GET / HTTP/1.1" 200 40329 "http://www.aceph.pk" "Mozilla/5.0 (iPhone; CPU iPhone OS 13_2_3 like Mac OS X) AppleWebKit/605.1.15 (KHTML, like Gecko) Version/13.0.3 Mobile/15E148 Safari/604.1"
104.28.157.144 - - [16/Apr/2026:21:04:30 +0000] "POST /wp-login.php HTTP/1.1" 200 2095 "-" "Mozilla/5.0 (Macintosh; Intel Mac OS X 10_15_7) AppleWebKit/605.1.15 Version/17.0 Safari/605.1.15"
185.244.36.210 - - [16/Apr/2026:21:08:25 +0000] "POST /wp-cron.php?doing_wp_cron=1776373705.6015470027923583984375 HTTP/1.1" 200 0 "-" "WordPress/6.9.4; https://aceph.pk"
185.244.36.210 - - [16/Apr/2026:21:17:12 +0000] "POST /wp-cron.php?doing_wp_cron=1776374232.2580769062042236328125 HTTP/1.1" 200 0 "-" "WordPress/6.9.4; https://aceph.pk"
185.244.36.210 - - [16/Apr/2026:21:17:12 +0000] "POST /wp-cron.php?doing_wp_cron=1776374232.2615520954132080078125 HTTP/1.1" 200 0 "-" "WordPress/6.9.4; https://aceph.pk"
185.244.36.210 - - [16/Apr/2026:22:00:54 +0000] "POST /wp-cron.php?doing_wp_cron=1776376854.9044919013977050781250 HTTP/1.1" 200 0 "-" "WordPress/6.9.4; https://aceph.pk"
98.159.37.188 - - [16/Apr/2026:22:00:54 +0000] "POST /wp-login.php HTTP/1.1" 200 5695 "-" "Mozilla/5.0"
62.60.131.233 - - [16/Apr/2026:22:05:15 +0000] "GET /wp-json/wp/v2/users?_fields=slug&per_page=100&page=1 HTTP/2" 200 22 "-" "Mozilla/5.0 (Macintosh; Intel Mac OS X 10_15_7) AppleWebKit/537.36 (KHTML, like Gecko) Chrome/120.0.0.0 Safari/537.36"
62.60.131.233 - - [16/Apr/2026:22:05:15 +0000] "GET / HTTP/2" 301 0 "-" "Mozilla/5.0 (X11; Linux x86_64) AppleWebKit/537.36 (KHTML, like Gecko) Chrome/120.0.0.0 Safari/537.36"
62.60.131.233 - - [16/Apr/2026:22:05:15 +0000] "GET /feed/atom/ HTTP/2" 200 538 "-" "Mozilla/5.0 (Windows NT 10.0; Win64; x64; rv:109.0) Gecko/20100101 Firefox/119.0"
185.244.36.210 - - [16/Apr/2026:22:05:18 +0000] "POST /wp-cron.php?doing_wp_cron=1776377118.4950380325317382812500 HTTP/1.1" 200 0 "-" "WordPress/6.9.4; https://aceph.pk"
62.60.131.233 - - [16/Apr/2026:22:05:15 +0000] "GET /wp-json/wp/v2/posts?per_page=20&_embed=author&_fields=_embedded HTTP/2" 200 6 "-" "Mozilla/5.0 (Macintosh; Intel Mac OS X 10.15; rv:109.0) Gecko/20100101 Firefox/119.0"
62.60.131.233 - - [16/Apr/2026:22:05:15 +0000] "GET /?author=1 HTTP/2" 200 19088 "-" "Mozilla/5.0 (Windows NT 10.0; Win64; x64; rv:109.0) Gecko/20100101 Firefox/119.0"
62.60.131.233 - - [16/Apr/2026:22:05:18 +0000] "GET /wp-json/oembed/1.0/embed?url=https%3A%2F%2Faceph.pk.millwin.org&format=json HTTP/2" 404 70 "-" "Mozilla/5.0 (Windows NT 10.0; Win64; x64; rv:109.0) Gecko/20100101 Firefox/119.0"
62.60.131.233 - - [16/Apr/2026:22:05:19 +0000] "GET /wp-json/wp/v2/users?_fields=slug&per_page=100&page=1 HTTP/2" 200 22 "-" "Mozilla/5.0 (X11; Linux x86_64) AppleWebKit/537.36 (KHTML, like Gecko) Chrome/120.0.0.0 Safari/537.36"
62.60.131.233 - - [16/Apr/2026:22:05:21 +0000] "GET /wp-json/webmention/1.0 HTTP/2" 404 105 "-" "Mozilla/5.0 (Windows NT 10.0; Win64; x64; rv:109.0) Gecko/20100101 Firefox/119.0"
62.60.131.233 - - [16/Apr/2026:22:05:22 +0000] "GET /wp-json/oembed/1.0/embed?url=https%3A%2F%2Faceph.pk.millwin.org&format=json HTTP/2" 404 70 "-" "Mozilla/5.0 (Windows NT 10.0; Win64; x64; rv:109.0) Gecko/20100101 Firefox/119.0"
62.60.131.233 - - [16/Apr/2026:22:05:22 +0000] "GET /?author=3 HTTP/2" 200 19216 "-" "Mozilla/5.0 (Macintosh; Intel Mac OS X 10_15_7) AppleWebKit/537.36 (KHTML, like Gecko) Chrome/120.0.0.0 Safari/537.36"
62.60.131.233 - - [16/Apr/2026:22:05:24 +0000] "GET /wp-json/wp/v2/users?_fields=slug&per_page=100&page=1 HTTP/2" 200 22 "-" "Mozilla/5.0 (Macintosh; Intel Mac OS X 10_15_7) AppleWebKit/537.36 (KHTML, like Gecko) Chrome/120.0.0.0 Safari/537.36"
62.60.131.233 - - [16/Apr/2026:22:05:24 +0000] "GET /wp-json/wp/v2/users?per_page=100&%70%65%72%5f%70%61%67%65=100 HTTP/2" 200 330 "-" "Mozilla/5.0 (X11; Linux x86_64) AppleWebKit/537.36 (KHTML, like Gecko) Chrome/120.0.0.0 Safari/537.36"
62.60.131.233 - - [16/Apr/2026:22:05:24 +0000] "GET /wp-json/webmention/1.0 HTTP/2" 404 105 "-" "Mozilla/5.0 (Windows NT 10.0; Win64; x64) AppleWebKit/537.36 (KHTML, like Gecko) Chrome/120.0.0.0 Safari/537.36"
62.60.131.233 - - [16/Apr/2026:22:05:25 +0000] "POST /graphql HTTP/2" 404 18873 "-" "Mozilla/5.0 (Macintosh; Intel Mac OS X 10.15; rv:109.0) Gecko/20100101 Firefox/119.0"
62.60.131.233 - - [16/Apr/2026:22:05:26 +0000] "GET /wp-json/wp/v2/users?per_page=100&%70%65%72%5f%70%61%67%65=100 HTTP/2" 200 330 "-" "Mozilla/5.0 (Windows NT 10.0; Win64; x64; rv:109.0) Gecko/20100101 Firefox/119.0"
62.60.131.233 - - [16/Apr/2026:22:05:26 +0000] "GET /wp-json/oembed/1.0/embed?url=https%3A%2F%2Faceph.pk.millwin.org&format=json HTTP/2" 404 70 "-" "Mozilla/5.0 (Windows NT 10.0; Win64; x64) AppleWebKit/537.36 (KHTML, like Gecko) Chrome/120.0.0.0 Safari/537.36"
62.60.131.233 - - [16/Apr/2026:22:05:27 +0000] "GET /wp-json/webmention/1.0 HTTP/2" 404 105 "-" "Mozilla/5.0 (Macintosh; Intel Mac OS X 10.15; rv:109.0) Gecko/20100101 Firefox/119.0"
62.60.131.233 - - [16/Apr/2026:22:05:27 +0000] "GET /wp-json/wp/v2/users?_fields=slug&per_page=100&page=1 HTTP/2" 200 22 "-" "Mozilla/5.0 (X11; Linux x86_64) AppleWebKit/537.36 (KHTML, like Gecko) Chrome/120.0.0.0 Safari/537.36"
62.60.131.233 - - [16/Apr/2026:22:05:28 +0000] "POST /graphql HTTP/2" 404 18873 "-" "Mozilla/5.0 (Macintosh; Intel Mac OS X 10_15_7) AppleWebKit/537.36 (KHTML, like Gecko) Chrome/120.0.0.0 Safari/537.36"
62.60.131.233 - - [16/Apr/2026:22:05:29 +0000] "GET /wp-json/wp/v2/posts?per_page=100&_fields=author?per_page=100&page=1&_fields=author HTTP/2" 200 6 "-" "Mozilla/5.0 (X11; Linux x86_64) AppleWebKit/537.36 (KHTML, like Gecko) Chrome/120.0.0.0 Safari/537.36"
62.60.131.233 - - [16/Apr/2026:22:05:29 +0000] "GET /wp-json/wp/v2/users?per_page=100&%70%65%72%5f%70%61%67%65=100 HTTP/2" 200 330 "-" "Mozilla/5.0 (Macintosh; Intel Mac OS X 10_15_7) AppleWebKit/537.36 (KHTML, like Gecko) Chrome/120.0.0.0 Safari/537.36"
62.60.131.233 - - [16/Apr/2026:22:05:30 +0000] "GET /wp-json/oembed/1.0/embed?url=https%3A%2F%2Faceph.pk.millwin.org&format=json HTTP/2" 404 70 "-" "Mozilla/5.0 (X11; Linux x86_64) AppleWebKit/537.36 (KHTML, like Gecko) Chrome/120.0.0.0 Safari/537.36"
62.60.131.233 - - [16/Apr/2026:22:05:31 +0000] "GET /wp-json/wp/v2/pages?per_page=100&_fields=author?per_page=100&page=1&_fields=author HTTP/2" 200 25 "-" "Mozilla/5.0 (Macintosh; Intel Mac OS X 10.15; rv:109.0) Gecko/20100101 Firefox/119.0"
62.60.131.233 - - [16/Apr/2026:22:05:32 +0000] "POST /graphql HTTP/2" 404 18860 "-" "Mozilla/5.0 (Windows NT 10.0; Win64; x64; rv:109.0) Gecko/20100101 Firefox/119.0"
62.60.131.233 - - [16/Apr/2026:22:05:34 +0000] "GET /wp-json/wp/v2/posts?per_page=100&_fields=author?per_page=100&page=1&_fields=author HTTP/2" 200 6 "-" "Mozilla/5.0 (Macintosh; Intel Mac OS X 10_15_7) AppleWebKit/537.36 (KHTML, like Gecko) Chrome/120.0.0.0 Safari/537.36"
62.60.131.233 - - [16/Apr/2026:22:05:36 +0000] "GET /?rest_route=/wp/v2/users&_fields=slug&per_page=100&page=1 HTTP/2" 200 22 "-" "Mozilla/5.0 (Macintosh; Intel Mac OS X 10_15_7) AppleWebKit/537.36 (KHTML, like Gecko) Chrome/120.0.0.0 Safari/537.36"
62.60.131.233 - - [16/Apr/2026:22:05:38 +0000] "GET /wp-json/wp/v2/pages?per_page=100&_fields=author?per_page=100&page=1&_fields=author HTTP/2" 200 25 "-" "Mozilla/5.0 (Macintosh; Intel Mac OS X 10.15; rv:109.0) Gecko/20100101 Firefox/119.0"
62.60.131.233 - - [16/Apr/2026:22:05:38 +0000] "GET /wp-json/wp/v2/users/..;/ HTTP/2" 404 105 "-" "Mozilla/5.0 (Windows NT 10.0; Win64; x64; rv:109.0) Gecko/20100101 Firefox/119.0"
62.60.131.233 - - [16/Apr/2026:22:05:38 +0000] "POST /api/graphql HTTP/2" 404 18873 "-" "Mozilla/5.0 (Windows NT 10.0; Win64; x64; rv:109.0) Gecko/20100101 Firefox/119.0"
62.60.131.233 - - [16/Apr/2026:22:05:39 +0000] "GET /wp-json/wp/v2/posts?per_page=100&_fields=author?per_page=100&page=1&_fields=author HTTP/2" 200 6 "-" "Mozilla/5.0 (Windows NT 10.0; Win64; x64; rv:109.0) Gecko/20100101 Firefox/119.0"
